000
CXUS54 KLZK 011130
CF6BVX
PRELIMINARY LOCAL CLIMATOLOGICAL DATA (WS FORM: F-6)
STATION: Batesville Regional Airport
MONTH: MAY
YEAR: 2020
LATITUDE: 35 43 N
LONGITUDE: 91 39 W
TEMPERATURE IN F: :PCPN: SNOW: WIND :SUNSHINE: SKY :PK WND
================================================================================
1 2 3 4 5 6A 6B 7 8 9 10 11 12 13 14 15 16 17 18
12Z AVG MX 2MIN
DY MAX MIN AVG DEP HDD CDD WTR SNW DPTH SPD SPD DIR MIN PSBL S-S WX SPD DR
================================================================================
1 81 46 64 0 1 0 0.00 M M 5.1 12 190 M M 0 M M
2 84 64 74 10 0 9 0.00 M M 8.1 14 210 M M 0 18 210
3 79 65 72 8 0 7 0.04 M M 5.0 12 210 M M 7 18 16 210
4 71 62 67 2 0 2 0.00 M M 4.3 9 80 M M 9 M M
5 75 56 66 1 0 1 T M M 7.6 13 290 M M 2 21 290
6 68 48 58 -7 7 0 T M M 5.8 13 320 M M 3 21 320
7 70 43 57 -9 8 0 0.02 M M 4.5 10 240 M M 2 M M
8 67 49 58 -8 7 0 0.54 M M 7.5 13 320 M M 6 1 22 340
9 66 40 53 -13 12 0 0.00 M M 3.3 8 100 M M 0 M M
10 74 45 60 -6 5 0 0.00 M M 4.9 10 320 M M 1 20 320
11 59 44 52 -15 13 0 0.04 M M 3.5 5 350 M M 6 M M
12 54 46 50 -17 15 0 0.59 M M 5.8 9 80 M M 10 1 M M
13 77 53 65 -2 0 0 0.04 M M 5.5 9 110 M M 7 1 M M
14 80 65 73 5 0 8 T M M 7.2 13 170 M M 3 1 20 200
15 75 65 70 2 0 5 0.17 M M 5.4 12 210 M M 7 18 32 260
16 M M M M M M 2.02 M M 4.4 12 90 M M 8 13 M M
17 78 58 68 0 0 3 0.40 M M 6.2 12 90 M M 6 1 16 310
18 72 53 63 -6 2 0 0.00 M M 5.4 13 300 M M 5 8 18 300
19 71 57 64 -5 1 0 0.00 M M 3.4 8 330 M M 7 M M
20 73 55 64 -5 1 0 0.00 M M 2.5 7 60 M M 5 M M
21 77 55 66 -4 0 1 0.10 M M 2.8 7 100 M M 8 1 M M
22 71 64 68 -2 0 3 1.44 M M 3.1 6 100 M M 7 13 M M
23 82 64 73 3 0 8 0.24 M M 6.5 13 250 M M 2 3 20 250
24 85 69 77 7 0 12 0.00 M M 6.6 10 180 M M 3 3 M M
25 87 68 78 7 0 13 0.07 M M 7.5 13 150 M M 2 3 20 140
26 81 70 76 5 0 11 0.40 M M 6.3 10 160 M M 8 1 18 180
27 82 63 73 2 0 8 0.22 M M 4.2 8 140 M M 5 13 M M
28 77 59 68 -4 0 3 0.32 M M 3.2 7 140 M M 4 3 M M
29 82 62 72 0 0 7 0.01 M M 5.0 9 310 M M 2 M M
30 83 54 69 -3 0 4 0.00 M M 2.8 7 50 M M 0 M M
31 82 58 70 -2 0 5 T M M 4.2 10 100 M M 0 M M
================================================================================
SM 2263 1700 72 110 6.66 M 157.6 M 135
================================================================================
AV 75.4 56.7 5.1 FASTST M M 4 MAX(MPH)
MISC ----> # 14 210 # 32 260
================================================================================
NOTES:
# LAST OF SEVERAL OCCURRENCES
COLUMN 17 PEAK WIND IN M.P.H.
PRELIMINARY LOCAL CLIMATOLOGICAL DATA (WS FORM: F-6) , PAGE 2
STATION: Batesville Regional Airport
MONTH: MAY
YEAR: 2020
LATITUDE: 35 43 N
LONGITUDE: 91 39 W
[TEMPERATURE DATA] [PRECIPITATION DATA] SYMBOLS USED IN COLUMN 16
AVERAGE MONTHLY: 66.1 TOTAL FOR MONTH: 6.66 1 = FOG OR MIST
DPTR FM NORMAL: -2.0 DPTR FM NORMAL: 1.71 2 = FOG REDUCING VISIBILITY
HIGHEST: 87 ON 25 GRTST 24HR 2.02 ON 16-16 TO 1/4 MILE OR LESS
LOWEST: 40 ON 9 3 = THUNDER
SNOW, ICE PELLETS, HAIL 4 = ICE PELLETS
TOTAL MONTH: M 5 = HAIL
GRTST 24HR M ON M 6 = FREEZING RAIN OR DRIZZLE
GRTST DEPTH: M ON M 7 = DUSTSTORM OR SANDSTORM:
VSBY 1/2 MILE OR LESS
8 = SMOKE OR HAZE
[NO. OF DAYS WITH] [WEATHER - DAYS WITH] 9 = BLOWING SNOW
X = TORNADO
MAX 32 OR BELOW: 0 0.01 INCH OR MORE: 17
MAX 90 OR ABOVE: 0 0.10 INCH OR MORE: 11
MIN 32 OR BELOW: 0 0.50 INCH OR MORE: 4
MIN 0 OR BELOW: 0 1.00 INCH OR MORE: 2
[HDD (BASE 65) ]
TOTAL THIS MO. 72 CLEAR (SCALE 0-3) 13
DPTR FM NORMAL 25 PTCLDY (SCALE 4-7) 15
TOTAL FM JUL 1 2666 CLOUDY (SCALE 8-10) 3
DPTR FM NORMAL -1122
[CDD (BASE 65) ]
TOTAL THIS MO. 110
DPTR FM NORMAL -35 [PRESSURE DATA]
TOTAL FM JAN 1 152 HIGHEST SLP 30.38 ON 11
DPTR FM NORMAL -31 LOWEST SLP 29.69 ON 4
[REMARKS]
#FINAL-05-20#