000
CXUS55 KRIW 011010
CF6BYG
PRELIMINARY LOCAL CLIMATOLOGICAL DATA (WS FORM: F-6)
STATION: BUFFALO WY
MONTH: OCTOBER
YEAR: 2021
LATITUDE: 44 22 N
LONGITUDE: 106 43 W
TEMPERATURE IN F: :PCPN: SNOW: WIND :SUNSHINE: SKY :PK WND
================================================================================
1 2 3 4 5 6A 6B 7 8 9 10 11 12 13 14 15 16 17 18
12Z AVG MX 2MIN
DY MAX MIN AVG DEP HDD CDD WTR SNW DPTH SPD SPD DIR MIN PSBL S-S WX SPD DR
================================================================================
1 72 37 55 3 10 0 0.00 M M 10.7 18 350 M M 0 26 350
2 73 44 59 7 6 0 0.00 M M 8.8 15 100 M M 0 23 170
3 77 50 64 13 1 0 0.00 M M 7.6 13 150 M M 0 20 150
4 85 51 68 17 0 3 0.00 M M 10.7 23 210 M M 0 32 140
5 82 55 69 19 0 4 0.00 M M 6.5 15 250 M M 0 18 90
6 81 52 67 17 0 2 0.00 M M 10.9 26 180 M M 2 37 190
7 69 51 60 10 5 0 T M M 8.8 21 250 M M 2 28 260
8 67 46 57 8 8 0 0.01 M M 5.5 13 150 M M 3 17 150
9 51 45 48 -1 17 0 0.05 M M 14.3 31 330 M M 8 12 45 320
10 62 38 50 2 15 0 0.00 M M 6.4 15 160 M M 1 20 140
11 52 29 41 -7 24 0 0.73 M M 12.0 20 330 M M 10 12 27 310
12 30 28 29 -19 36 0 0.35 M M 18.7 29 350 M M 10 12 39 340
13 36 23 30 -17 35 0 T M M 16.1 35 350 M M 8 1 48 340
14 39 25 32 -15 33 0 T M M 5.6 14 270 M M 8 1 18 340
15 43 29 36 -10 29 0 0.00 M M 8.0 23 310 M M 3 30 300
16 54 37 46 0 19 0 0.00 M M 7.3 14 160 M M 0 18 160
17 67 41 54 8 11 0 0.00 M M 8.3 24 190 M M 0 29 190
18 68 45 57 12 8 0 0.00 M M 8.1 20 330 M M 1 8 28 310
19 50 33 42 -3 23 0 0.02 M M 20.3 35 350 M M 8 12 43 350
20 51 32 42 -2 23 0 0.00 M M 4.7 14 350 M M 4 12 18 350
21 61 39 50 6 15 0 0.00 M M 7.1 18 170 M M 1 24 160
22 67 39 53 9 12 0 0.00 M M 9.1 18 140 M M 0 24 150
23 58 40 49 5 16 0 0.07 M M 8.7 22 350 M M 6 28 350
24 58 35 47 4 18 0 0.00 M M 11.3 24 190 M M 2 29 180
25 73 44 59 16 6 0 0.00 M M 17.4 37 170 M M 1 52 180
26 52 34 43 1 22 0 0.10 M M 19.8 35 340 M M 7 1 47 340
27 57 32 45 3 20 0 0.00 M M 12.7 32 340 M M 2 45 300
28 51 33 42 0 23 0 0.00 M M 8.5 21 330 M M 1 32 330
29 71 41 56 14 9 0 0.00 M M 6.8 17 280 M M 0 26 290
30 61 29 45 4 20 0 0.02 M M 16.1 26 330 M M 9 1 36 330
31 34 26 30 -11 35 0 T M M 6.6 13 170 M M 10 1 17 170
================================================================================
SM 1852 1183 499 9 1.35 M 323.4 M 107
================================================================================
AV 59.7 38.2 10.4 FASTST M M 3 MAX(MPH)
MISC ----> 37 170 52 180
================================================================================
NOTES:
# LAST OF SEVERAL OCCURRENCES
COLUMN 17 PEAK WIND IN M.P.H.
PRELIMINARY LOCAL CLIMATOLOGICAL DATA (WS FORM: F-6) , PAGE 2
STATION: BUFFALO WY
MONTH: OCTOBER
YEAR: 2021
LATITUDE: 44 22 N
LONGITUDE: 106 43 W
[TEMPERATURE DATA] [PRECIPITATION DATA] SYMBOLS USED IN COLUMN 16
AVERAGE MONTHLY: 49.0 TOTAL FOR MONTH: 1.35 1 = FOG OR MIST
DPTR FM NORMAL: 2.8 DPTR FM NORMAL: 0.34 2 = FOG REDUCING VISIBILITY
HIGHEST: 85 ON 4 GRTST 24HR 0.82 ON 11-12 TO 1/4 MILE OR LESS
LOWEST: 23 ON 13 3 = THUNDER
SNOW, ICE PELLETS, HAIL 4 = ICE PELLETS
TOTAL MONTH: M 5 = HAIL
GRTST 24HR M ON M 6 = FREEZING RAIN OR DRIZZLE
GRTST DEPTH: M ON M 7 = DUSTSTORM OR SANDSTORM:
VSBY 1/2 MILE OR LESS
8 = SMOKE OR HAZE
[NO. OF DAYS WITH] [WEATHER - DAYS WITH] 9 = BLOWING SNOW
X = TORNADO
MAX 32 OR BELOW: 1 0.01 INCH OR MORE: 8
MAX 90 OR ABOVE: 0 0.10 INCH OR MORE: 3
MIN 32 OR BELOW: 9 0.50 INCH OR MORE: 1
MIN 0 OR BELOW: 0 1.00 INCH OR MORE: 0
[HDD (BASE 65) ]
TOTAL THIS MO. 499 CLEAR (SCALE 0-3) 19
DPTR FM NORMAL -87 PTCLDY (SCALE 4-7) 5
TOTAL FM JUL 1 633 CLOUDY (SCALE 8-10) 7
DPTR FM NORMAL -223
[CDD (BASE 65) ]
TOTAL THIS MO. 9
DPTR FM NORMAL 6 [PRESSURE DATA]
TOTAL FM JAN 1 798 HIGHEST SLP 30.44 ON 31
DPTR FM NORMAL 270 LOWEST SLP 29.34 ON 25
[REMARKS]
#FINAL-10-21#