000
CXUS55 KRIW 011010
CF6BYG
PRELIMINARY LOCAL CLIMATOLOGICAL DATA (WS FORM: F-6)
STATION: BUFFALO WY
MONTH: AUGUST
YEAR: 2023
LATITUDE: 44 22 N
LONGITUDE: 106 43 W
TEMPERATURE IN F: :PCPN: SNOW: WIND :SUNSHINE: SKY :PK WND
================================================================================
1 2 3 4 5 6A 6B 7 8 9 10 11 12 13 14 15 16 17 18
12Z AVG MX 2MIN
DY MAX MIN AVG DEP HDD CDD WTR SNW DPTH SPD SPD DIR MIN PSBL S-S WX SPD DR
================================================================================
1 88 66 77 4 0 12 T M M 10.9 29 170 M M 0 39 170
2 82 64 73 1 0 8 T M M 5.1 13 270 M M 2 17 260
3 82 61 72 0 0 7 0.21 M M 7.5 18 350 M M 8 13 26 320
4 75 59 67 -5 0 2 0.11 M M 11.5 25 320 M M 9 1 37 340
5 60 54 57 -15 8 0 0.13 M M 11.0 22 350 M M 9 1 32 350
6 72 52 62 -10 3 0 0.84 M M 8.1 28 280 M M 7 13 33 280
7 69 52 61 -11 4 0 0.03 M M 4.6 14 350 M M 4 3 17 350
8 75 53 64 -8 1 0 0.05 M M 5.9 17 320 M M 3 38 28 340
9 82 52 67 -5 0 2 0.00 M M 8.0 15 140 M M 0 23 160
10 78 58 68 -3 0 3 T M M 8.2 31 330 M M 1 3 46 340
11 79 55 67 -4 0 2 0.00 M M 8.6 20 350 M M 1 27 350
12 82 56 69 -2 0 4 T M M 11.5 35 330 M M 1 50 320
13 71 51 61 -10 4 0 0.03 M M 15.9 29 360 M M 2 3 38 360
14 79 48 64 -7 1 0 0.00 M M 6.5 15 150 M M 0 19 150
15 91 58 75 5 0 10 0.00 M M 5.9 12 140 M M 0 16 170
16 86 62 74 4 0 9 0.00 M M 11.8 29 350 M M 0 42 360
17 95 59 77 7 0 12 0.00 M M 8.6 17 150 M M 0 24 140
18 95 70 83 13 0 18 0.00 M M 9.2 24 330 M M 0 35 330
19 84 61 73 3 0 8 0.18 M M 7.8 24 330 M M 2 1 40 310
20 68 57 63 -6 2 0 0.00 M M 5.3 13 350 M M 7 18 16 350
21 97 56 77 8 0 12 0.00 M M 7.1 24 190 M M 0 1 35 200
22 95 64 80 11 0 15 T M M 10.0 35 230 M M 1 3 52 220
23 90 62 76 7 0 11 0.00 M M 7.4 21 210 M M 0 29 190
24 86 61 74 6 0 9 0.00 M M 8.4 18 20 M M 0 24 10
25 77 59 68 0 0 3 0.00 M M 11.6 22 160 M M 2 30 160
26 87 54 71 3 0 6 0.00 M M 8.3 20 170 M M 0 28 160
27 83 63 73 5 0 8 T M M 9.8 24 200 M M 5 3 35 220
28 80 58 69 2 0 4 0.26 M M 8.6 22 270 M M 4 13 25 270
29 88 57 73 6 0 8 0.00 M M 10.8 22 150 M M 0 30 140
30 90 50 70 3 0 5 0.00 M M 9.5 32 330 M M 0 46 340
31 83 48 66 0 0 1 0.00 M M 6.5 14 200 M M 0 17 200
================================================================================
SM 2549 1780 23 179 1.84 M 269.9 M 68
================================================================================
AV 82.2 57.4 8.7 FASTST M M 2 MAX(MPH)
MISC ----> # 35 330 52 220
================================================================================
NOTES:
# LAST OF SEVERAL OCCURRENCES
COLUMN 17 PEAK WIND IN M.P.H.
PRELIMINARY LOCAL CLIMATOLOGICAL DATA (WS FORM: F-6) , PAGE 2
STATION: BUFFALO WY
MONTH: AUGUST
YEAR: 2023
LATITUDE: 44 22 N
LONGITUDE: 106 43 W
[TEMPERATURE DATA] [PRECIPITATION DATA] SYMBOLS USED IN COLUMN 16
AVERAGE MONTHLY: 69.8 TOTAL FOR MONTH: 1.84 1 = FOG OR MIST
DPTR FM NORMAL: -0.1 DPTR FM NORMAL: 1.09 2 = FOG REDUCING VISIBILITY
HIGHEST: 97 ON 21 GRTST 24HR 0.85 ON 6- 7 TO 1/4 MILE OR LESS
LOWEST: 48 ON 31,14 3 = THUNDER
SNOW, ICE PELLETS, HAIL 4 = ICE PELLETS
TOTAL MONTH: M 5 = HAIL
GRTST 24HR M ON M 6 = FREEZING RAIN OR DRIZZLE
GRTST DEPTH: M ON M 7 = DUSTSTORM OR SANDSTORM:
VSBY 1/2 MILE OR LESS
8 = SMOKE OR HAZE
[NO. OF DAYS WITH] [WEATHER - DAYS WITH] 9 = BLOWING SNOW
X = TORNADO
MAX 32 OR BELOW: 0 0.01 INCH OR MORE: 9
MAX 90 OR ABOVE: 7 0.10 INCH OR MORE: 6
MIN 32 OR BELOW: 0 0.50 INCH OR MORE: 1
MIN 0 OR BELOW: 0 1.00 INCH OR MORE: 0
[HDD (BASE 65) ]
TOTAL THIS MO. 23 CLEAR (SCALE 0-3) 23
DPTR FM NORMAL -14 PTCLDY (SCALE 4-7) 6
TOTAL FM JUL 1 49 CLOUDY (SCALE 8-10) 2
DPTR FM NORMAL -7
[CDD (BASE 65) ]
TOTAL THIS MO. 179
DPTR FM NORMAL -11 [PRESSURE DATA]
TOTAL FM JAN 1 358 HIGHEST SLP 30.29 ON 13
DPTR FM NORMAL -110 LOWEST SLP 29.57 ON 18
[REMARKS]
#FINAL-08-23#