000
CXUS55 KPIH 011200
CF6BYI
PRELIMINARY LOCAL CLIMATOLOGICAL DATA (WS FORM: F-6)
STATION: BURLEY
MONTH: JANUARY
YEAR: 2022
LATITUDE: 42 32 N
LONGITUDE: 113 46 W
TEMPERATURE IN F: :PCPN: SNOW: WIND :SUNSHINE: SKY :PK WND
================================================================================
1 2 3 4 5 6A 6B 7 8 9 10 11 12 13 14 15 16 17 18
12Z AVG MX 2MIN
DY MAX MIN AVG DEP HDD CDD WTR SNW DPTH SPD SPD DIR MIN PSBL S-S WX SPD DR
================================================================================
1 17 -1 8 -20 57 0 0.00 M M 8.1 18 260 M M 1 26 290
2 19 -3 8 -20 57 0 0.00 M M 12.3 21 60 M M 1 26 50
3 36 12 24 -4 41 0 0.00 M M 17.8 33 190 M M 2 51 200
4 37 29 33 5 32 0 0.25 M M 11.8 32 200 M M 10 1 45 210
5 38 32 35 7 30 0 0.33 M M 14.6 25 260 M M 10 1 37 260
6 42 33 38 10 27 0 0.10 M M 7.9 16 250 M M 8 1 23 240
7 45 35 40 12 25 0 0.03 M M 14.1 26 200 M M 6 1 38 250
8 37 21 29 0 36 0 0.00 M M 12.1 23 260 M M 0 33 280
9 30 13 22 -7 43 0 0.00 M M 9.9 20 60 M M 0 28 50
10 34 16 25 -4 40 0 0.00 M M 8.1 22 60 M M 0 29 60
11 32 14 23 -6 42 0 0.00 M M 5.4 15 80 M M 1 19 80
12 40 20 30 1 35 0 0.00 M M 4.7 17 50 M M 0 22 50
13 43 25 34 5 31 0 0.00 M M 9.8 21 50 M M 1 29 70
14 39 23 31 2 34 0 0.00 M M 3.3 10 250 M M 5 128 15 290
15 36 21 29 0 36 0 T M M 8.6 17 60 M M 6 1268 24 50
16 35 20 28 -1 37 0 0.00 M M 4.0 12 70 M M 2 12 15 50
17 34 17 26 -3 39 0 0.00 M M 2.6 9 70 M M 0 18 13 40
18 26 17 22 -7 43 0 0.00 M M 1.6 8 320 M M 10 128 11 320
19 28 24 26 -3 39 0 0.00 M M 3.1 8 50 M M 10 1 10 60
20 36 26 31 2 34 0 0.08 M M 6.1 14 220 M M 10 16 18 230
21 34 28 31 1 34 0 T M M 6.5 14 310 M M 10 126 22 310
22 30 22 26 -4 39 0 0.00 M M 6.9 13 60 M M 10 1 17 60
23 27 23 25 -5 40 0 0.00 M M 3.2 8 60 M M 10 1 10 60
24 27 20 24 -6 41 0 0.06 M M 3.5 8 20 M M 10 1 12 40
25 25 4 15 -15 50 0 T M M 2.0 8 50 M M 9 128 10 290
26 24 6 15 -15 50 0 T M M 5.1 10 60 M M 5 18 14 70
27 21 8 15 -15 50 0 T M M 4.4 13 60 M M 9 128 16 60
28 20 4 12 -18 53 0 0.00 M M 11.1 23 60 M M 1 168 29 60
29 27 5 16 -14 49 0 0.00 M M 6.9 20 70 M M 0 25 70
30 25 -1 12 -18 53 0 0.00 M M 2.2 8 50 M M 2 8 11 30
31 33 7 20 -10 45 0 0.00 M M 13.9 26 250 M M 3 38 260
================================================================================
SM 977 520 1262 0 0.85 M 231.6 M 152
================================================================================
AV 31.5 16.8 7.5 FASTST M M 5 MAX(MPH)
MISC ----> 33 190 51 200
================================================================================
NOTES:
# LAST OF SEVERAL OCCURRENCES
COLUMN 17 PEAK WIND IN M.P.H.
PRELIMINARY LOCAL CLIMATOLOGICAL DATA (WS FORM: F-6) , PAGE 2
STATION: BURLEY
MONTH: JANUARY
YEAR: 2022
LATITUDE: 42 32 N
LONGITUDE: 113 46 W
[TEMPERATURE DATA] [PRECIPITATION DATA] SYMBOLS USED IN COLUMN 16
AVERAGE MONTHLY: 24.1 TOTAL FOR MONTH: 0.85 1 = FOG OR MIST
DPTR FM NORMAL: -5.1 DPTR FM NORMAL: -0.20 2 = FOG REDUCING VISIBILITY
HIGHEST: 45 ON 7 GRTST 24HR 0.41 ON 5- 6 TO 1/4 MILE OR LESS
LOWEST: -3 ON 2 3 = THUNDER
SNOW, ICE PELLETS, HAIL 4 = ICE PELLETS
TOTAL MONTH: M 5 = HAIL
GRTST 24HR M ON M 6 = FREEZING RAIN OR DRIZZLE
GRTST DEPTH: M ON M 7 = DUSTSTORM OR SANDSTORM:
VSBY 1/2 MILE OR LESS
8 = SMOKE OR HAZE
[NO. OF DAYS WITH] [WEATHER - DAYS WITH] 9 = BLOWING SNOW
X = TORNADO
MAX 32 OR BELOW: 15 0.01 INCH OR MORE: 6
MAX 90 OR ABOVE: 0 0.10 INCH OR MORE: 3
MIN 32 OR BELOW: 29 0.50 INCH OR MORE: 0
MIN 0 OR BELOW: 3 1.00 INCH OR MORE: 0
[HDD (BASE 65) ]
TOTAL THIS MO. 1262 CLEAR (SCALE 0-3) 15
DPTR FM NORMAL 152 PTCLDY (SCALE 4-7) 5
TOTAL FM JUL 1 3475 CLOUDY (SCALE 8-10) 11
DPTR FM NORMAL -255
[CDD (BASE 65) ]
TOTAL THIS MO. 0
DPTR FM NORMAL 0 [PRESSURE DATA]
TOTAL FM JAN 1 0 HIGHEST SLP 30.85 ON 28
DPTR FM NORMAL 0 LOWEST SLP 29.58 ON 7
[REMARKS]
#FINAL-01-22#