000
CXUS55 KGJT 011010
CF6CAG
PRELIMINARY LOCAL CLIMATOLOGICAL DATA (WS FORM: F-6)
STATION: CRAIG CO
MONTH: NOVEMBER
YEAR: 2021
LATITUDE: 40 30 N
LONGITUDE: 107 32 W
TEMPERATURE IN F: :PCPN: SNOW: WIND :SUNSHINE: SKY :PK WND
================================================================================
1 2 3 4 5 6A 6B 7 8 9 10 11 12 13 14 15 16 17 18
12Z AVG MX 2MIN
DY MAX MIN AVG DEP HDD CDD WTR SNW DPTH SPD SPD DIR MIN PSBL S-S WX SPD DR
================================================================================
1 52 31 42 4 23 0 0.02 M M 4.2 12 180 M M 8 14 30
2 47 41 44 6 21 0 0.43 M M 5.3 15 250 M M 10 1 22 290
3 53 29 41 4 24 0 T M M 2.4 13 280 M M 4 19 270
4 62 27 45 8 20 0 0.00 M M 3.8 14 70 M M 0 18 70
5 63 25 44 7 21 0 0.00 M M 4.1 20 260 M M 0 26 280
6 68 25 47 11 18 0 0.00 M M 6.4 23 230 M M 0 31 240
7 67 31 49 13 16 0 0.00 M M 8.7 26 240 M M 2 38 240
8 55 28 42 7 23 0 0.00 M M 2.3 12 300 M M 0 16 280
9 60 22 41 6 24 0 0.08 M M 8.0 35 240 M M 5 47 250
10 48 31 40 6 25 0 0.00 M M 9.5 24 250 M M 8 32 240
11 47 27 37 3 28 0 0.00 M M 11.6 26 240 M M 9 36 230
12 52 32 42 8 23 0 T M M 6.0 18 280 M M 8 26 270
13 60 25 43 10 22 0 0.00 M M 4.0 21 260 M M 4 1 29 270
14 54 22 38 5 27 0 0.00 M M 2.8 13 240 M M 3 17 260
15 66 32 49 17 16 0 0.00 M M 2.6 15 280 M M 0 21 270
16 55 34 45 13 20 0 0.02 M M 6.5 21 210 M M 5 30 210
17 37 13 25 -6 40 0 T M M 4.8 15 280 M M 2 23 290
18 50 11 31 0 34 0 0.00 M M 3.9 16 70 M M 0 22 80
19 54 32 43 13 22 0 0.00 M M 5.3 24 230 M M 10 31 220
20 41 30 36 6 29 0 0.06 M M 3.9 18 250 M M 10 1 26 260
21 45 17 31 2 34 0 0.00 M M 1.4 7 150 M M 1 10 280
22 53 16 35 6 30 0 0.00 M M 4.0 12 70 M M 0 19 70
23 56 14 35 7 30 0 0.00 M M 8.1 24 230 M M 0 33 220
24 38 15 27 -1 38 0 0.00 M M 5.6 18 330 M M 6 27 330
25 43 8 26 -1 39 0 0.00 M M 2.4 10 70 M M 0 14 100
26 53 12 33 6 32 0 0.00 M M 2.1 10 120 M M 1 14 60
27 50 14 32 6 33 0 0.00 M M 1.6 9 200 M M 1 12 330
28 56 16 36 10 29 0 0.00 M M 1.3 7 260 M M 0 10 280
29 59 17 38 13 27 0 0.00 M M 1.8 10 350 M M 0 11 350
30 52 15 34 9 31 0 0.00 M M 1.5 10 20 M M 0 13 20
================================================================================
SM 1596 692 799 0 0.61 M 135.9 M 97
================================================================================
AV 53.2 23.1 4.5 FASTST M M 3 MAX(MPH)
MISC ----> 35 240 47 250
================================================================================
NOTES:
# LAST OF SEVERAL OCCURRENCES
COLUMN 17 PEAK WIND IN M.P.H.
PRELIMINARY LOCAL CLIMATOLOGICAL DATA (WS FORM: F-6) , PAGE 2
STATION: CRAIG CO
MONTH: NOVEMBER
YEAR: 2021
LATITUDE: 40 30 N
LONGITUDE: 107 32 W
[TEMPERATURE DATA] [PRECIPITATION DATA] SYMBOLS USED IN COLUMN 16
AVERAGE MONTHLY: 38.1 TOTAL FOR MONTH: 0.61 1 = FOG OR MIST
DPTR FM NORMAL: 6.3 DPTR FM NORMAL: -0.38 2 = FOG REDUCING VISIBILITY
HIGHEST: 68 ON 6 GRTST 24HR 0.43 ON 2- 2 TO 1/4 MILE OR LESS
LOWEST: 8 ON 25 3 = THUNDER
SNOW, ICE PELLETS, HAIL 4 = ICE PELLETS
TOTAL MONTH: M 5 = HAIL
GRTST 24HR M ON M 6 = FREEZING RAIN OR DRIZZLE
GRTST DEPTH: M ON M 7 = DUSTSTORM OR SANDSTORM:
VSBY 1/2 MILE OR LESS
8 = SMOKE OR HAZE
[NO. OF DAYS WITH] [WEATHER - DAYS WITH] 9 = BLOWING SNOW
X = TORNADO
MAX 32 OR BELOW: 0 0.01 INCH OR MORE: 5
MAX 90 OR ABOVE: 0 0.10 INCH OR MORE: 1
MIN 32 OR BELOW: 28 0.50 INCH OR MORE: 0
MIN 0 OR BELOW: 0 1.00 INCH OR MORE: 0
[HDD (BASE 65) ]
TOTAL THIS MO. 799 CLEAR (SCALE 0-3) 18
DPTR FM NORMAL -196 PTCLDY (SCALE 4-7) 7
TOTAL FM JUL 1 1608 CLOUDY (SCALE 8-10) 5
DPTR FM NORMAL -323
[CDD (BASE 65) ]
TOTAL THIS MO. 0
DPTR FM NORMAL 0 [PRESSURE DATA]
TOTAL FM JAN 1 343 HIGHEST SLP 30.82 ON 25
DPTR FM NORMAL 126 LOWEST SLP 29.83 ON 16
[REMARKS]
#FINAL-11-21#