000
CXUS51 KCLE 010800
CF6CAK
PRELIMINARY LOCAL CLIMATOLOGICAL DATA (WS FORM: F-6)
STATION: AKRON CANTON OH
MONTH: JUNE
YEAR: 2021
LATITUDE: 40 55 N
LONGITUDE: 81 26 W
TEMPERATURE IN F: :PCPN: SNOW: WIND :SUNSHINE: SKY :PK WND
================================================================================
1 2 3 4 5 6A 6B 7 8 9 10 11 12 13 14 15 16 17 18
12Z AVG MX 2MIN
DY MAX MIN AVG DEP HDD CDD WTR SNW DPTH SPD SPD DIR MIN PSBL S-S WX SPD DR
================================================================================
1 76 55 66 0 0 1 0.00 0.0 0 2.5 9 170 M M 9 12 190
2 70 58 64 -2 1 0 0.12 0.0 0 5.9 16 170 M M 10 18 20 180
3 69 63 66 -1 0 1 1.34 0.0 0 8.3 15 220 M M 10 13 20 180
4 83 61 72 5 0 7 0.00 0.0 0 8.8 16 270 M M 6 128 21 230
5 86 66 76 9 0 11 0.00 0.0 0 9.2 21 220 M M 4 28 230
6 87 65 76 8 0 11 0.00 0.0 0 6.9 16 210 M M 4 22 220
7 84 70 77 9 0 12 0.39 0.0 0 6.4 26 280 M M 9 13 31 280
8 84 69 77 9 0 12 0.01 0.0 0 5.2 13 240 M M 7 13 16 260
9 84 68 76 8 0 11 0.00 0.0 0 5.3 13 180 M M 7 1 14 180
10 86 67 77 8 0 12 T 0.0 0 6.5 18 80 M M 6 138 24 70
11 83 70 77 8 0 12 0.00 0.0 0 6.8 13 70 M M 8 18 17 70
12 88 66 77 8 0 12 T 0.0 0 4.6 10 20 M M 5 18 13 10
13 85 63 74 5 0 9 0.03 0.0 0 5.4 18 340 M M 6 138 24 350
14 80 61 71 1 0 6 0.00 0.0 0 8.5 18 40 M M 5 1 24 340
15 75 55 65 -5 0 0 0.00 0.0 0 10.1 21 360 M M 4 8 27 330
16 73 52 63 -7 2 0 0.00 0.0 0 6.8 18 360 M M 2 23 10
17 80 50 65 -5 0 0 0.00 0.0 0 6.7 14 230 M M 1 20 240
18 80 63 72 1 0 7 0.14 0.0 0 10.4 23 220 M M 7 38 28 190
19 80 70 75 4 0 10 0.02 0.0 0 8.3 18 220 M M 8 22 260
20 88 68 78 7 0 13 0.80 0.0 0 10.4 28 270 M M 7 138 34 280
21 84 63 74 3 0 9 0.43 0.0 0 11.7 33 300 M M 9 138 48 290
22 67 53 60 -12 5 0 0.03 0.0 0 8.7 17 320 M M 5 23 320
23 77 50 64 -8 1 0 0.00 0.0 0 7.5 13 250 M M 5 18 240
24 84 59 72 0 0 7 0.00 0.0 0 11.5 22 190 M M 5 32 170
25 80 67 74 2 0 9 T 0.0 0 14.1 22 180 M M 8 26 180
26 85 71 78 6 0 13 0.00 0.0 0 14.7 23 180 M M 8 29 180
27 89 73 81 8 0 16 0.00 0.0 0 13.5 22 210 M M 5 27 210
28 92 73 83 10 0 18 0.00 0.0 0 7.1 16 190 M M 4 22 200
29 93 72 83 10 0 18 0.91 0.0 0 7.0 15 260 M M 6 13 24 260
30 83 70 77 4 0 12 1.02 0.0 0 5.2 28 310 M M 8 138 35 310
================================================================================
SM 2455 1911 9 249 5.24 0.0 244.0 M 188
================================================================================
AV 81.8 63.7 8.1 FASTST M M 6 MAX(MPH)
MISC ----> 33 300 48 290
================================================================================
NOTES:
# LAST OF SEVERAL OCCURRENCES
COLUMN 17 PEAK WIND IN M.P.H.
PRELIMINARY LOCAL CLIMATOLOGICAL DATA (WS FORM: F-6) , PAGE 2
STATION: AKRON CANTON OH
MONTH: JUNE
YEAR: 2021
LATITUDE: 40 55 N
LONGITUDE: 81 26 W
[TEMPERATURE DATA] [PRECIPITATION DATA] SYMBOLS USED IN COLUMN 16
AVERAGE MONTHLY: 72.8 TOTAL FOR MONTH: 5.24 1 = FOG OR MIST
DPTR FM NORMAL: 2.9 DPTR FM NORMAL: 0.81 2 = FOG REDUCING VISIBILITY
HIGHEST: 93 ON 29 GRTST 24HR 1.41 ON 2- 3 TO 1/4 MILE OR LESS
LOWEST: 50 ON 23,17 3 = THUNDER
SNOW, ICE PELLETS, HAIL 4 = ICE PELLETS
TOTAL MONTH: 0.0 INCH 5 = HAIL
GRTST 24HR 0.0 6 = FREEZING RAIN OR DRIZZLE
GRTST DEPTH: 0 7 = DUSTSTORM OR SANDSTORM:
VSBY 1/2 MILE OR LESS
8 = SMOKE OR HAZE
[NO. OF DAYS WITH] [WEATHER - DAYS WITH] 9 = BLOWING SNOW
X = TORNADO
MAX 32 OR BELOW: 0 0.01 INCH OR MORE: 12
MAX 90 OR ABOVE: 2 0.10 INCH OR MORE: 8
MIN 32 OR BELOW: 0 0.50 INCH OR MORE: 4
MIN 0 OR BELOW: 0 1.00 INCH OR MORE: 2
[HDD (BASE 65) ]
TOTAL THIS MO. 9 CLEAR (SCALE 0-3) 2
DPTR FM NORMAL -21 PTCLDY (SCALE 4-7) 22
TOTAL FM JUL 1 5305 CLOUDY (SCALE 8-10) 6
DPTR FM NORMAL -393
[CDD (BASE 65) ]
TOTAL THIS MO. 249
DPTR FM NORMAL 72 [PRESSURE DATA]
TOTAL FM JAN 1 349 HIGHEST SLP 30.26 ON 1
DPTR FM NORMAL 99 LOWEST SLP 29.56 ON 21
[REMARKS]
#FINAL-06-21#