000
CXUS51 KCAR 010700
CF6CAR
PRELIMINARY LOCAL CLIMATOLOGICAL DATA (WS FORM: F-6)
STATION: CARIBOU ME
MONTH: MAY
YEAR: 2022
LATITUDE: 46 52 N
LONGITUDE: 68 1 W
TEMPERATURE IN F: :PCPN: SNOW: WIND :SUNSHINE: SKY :PK WND
================================================================================
1 2 3 4 5 6A 6B 7 8 9 10 11 12 13 14 15 16 17 18
12Z AVG MX 2MIN
DY MAX MIN AVG DEP HDD CDD WTR SNW DPTH SPD SPD DIR MIN PSBL S-S WX SPD DR
================================================================================
1 53 34 44 -2 21 0 0.00 0.0 0 9.2 21 360 M M 6 26 360
2 62 31 47 0 18 0 0.00 0.0 0 2.2 9 100 M M 0 14 160
3 69 39 54 7 11 0 0.00 0.0 0 6.8 15 180 M M 1 20 120
4 50 44 47 -1 18 0 0.14 0.0 0 7.1 12 340 M M 9 1 16 190
5 55 34 45 -3 20 0 0.00 0.0 0 10.4 20 360 M M 3 27 330
6 46 29 38 -11 27 0 0.00 0.0 0 6.5 16 330 M M 3 23 340
7 54 27 41 -8 24 0 0.00 0.0 0 7.4 16 350 M M 1 20 360
8 63 28 46 -4 19 0 0.00 0.0 0 4.7 10 50 M M 0 14 70
9 71 31 51 1 14 0 0.00 0.0 0 3.8 10 70 M M 0 15 20
10 73 36 55 5 10 0 0.00 0.0 0 4.3 13 140 M M 0 20 70
11 79 41 60 9 5 0 0.00 0.0 0 5.6 13 150 M M 0 17 170
12 81 49 65 14 0 0 0.00 0.0 0 4.4 14 10 M M 0 18 10
13 90 56 73 22 0 8 0.00 0.0 0 8.1 20 240 M M 1 26 230
14 83 63 73 21 0 8 T 0.0 0 5.7 14 150 M M 4 20 140
15 64 52 58 6 7 0 0.14 0.0 0 8.4 16 150 M M 9 1 20 180
16 68 51 60 8 5 0 0.07 0.0 0 8.0 17 140 M M 9 1 23 150
17 62 41 52 -1 13 0 0.29 0.0 0 14.4 25 240 M M 9 1 35 240
18 58 39 49 -4 16 0 T 0.0 0 11.8 23 310 M M 5 34 310
19 65 33 49 -5 16 0 0.00 0.0 0 8.0 15 220 M M 2 21 230
20 63 41 52 -2 13 0 0.00 0.0 0 8.4 18 160 M M 4 22 200
21 71 50 61 7 4 0 0.97 0.0 0 11.0 31 240 M M 9 13 38 250
22 74 54 64 10 1 0 0.31 0.0 0 8.3 21 240 M M 9 123 30 230
23 57 41 49 -6 16 0 0.00 0.0 0 11.3 20 330 M M 4 30 320
24 63 35 49 -6 16 0 0.00 0.0 0 3.2 12 90 M M 0 15 90
25 74 41 58 3 7 0 0.00 0.0 0 3.8 14 250 M M 1 19 250
26 66 46 56 0 9 0 0.13 0.0 0 7.6 20 170 M M 5 29 180
27 66 49 58 2 7 0 0.96 0.0 0 6.7 15 170 M M 10 1 21 180
28 71 51 61 5 4 0 0.44 0.0 0 7.3 17 330 M M 8 13 22 340
29 75 46 61 5 4 0 T 0.0 0 6.6 21 310 M M 3 1 31 320
30 74 53 64 7 1 0 0.01 0.0 0 7.3 21 320 M M 8 33 310
31 63 43 53 -4 12 0 0.00 0.0 0 10.6 20 360 M M 1 28 10
================================================================================
SM 2063 1308 338 16 3.46 0.0 228.9 M 124
================================================================================
AV 66.5 42.2 7.4 FASTST M M 4 MAX(MPH)
MISC ----> 31 240 38 250
================================================================================
NOTES:
# LAST OF SEVERAL OCCURRENCES
COLUMN 17 PEAK WIND IN M.P.H.
PRELIMINARY LOCAL CLIMATOLOGICAL DATA (WS FORM: F-6) , PAGE 2
STATION: CARIBOU ME
MONTH: MAY
YEAR: 2022
LATITUDE: 46 52 N
LONGITUDE: 68 1 W
[TEMPERATURE DATA] [PRECIPITATION DATA] SYMBOLS USED IN COLUMN 16
AVERAGE MONTHLY: 54.4 TOTAL FOR MONTH: 3.46 1 = FOG OR MIST
DPTR FM NORMAL: 2.2 DPTR FM NORMAL: 0.00 2 = FOG REDUCING VISIBILITY
HIGHEST: 90 ON 13 GRTST 24HR 1.13 ON 21-22 TO 1/4 MILE OR LESS
LOWEST: 27 ON 7 3 = THUNDER
SNOW, ICE PELLETS, HAIL 4 = ICE PELLETS
TOTAL MONTH: T 5 = HAIL
GRTST 24HR 0.0 6 = FREEZING RAIN OR DRIZZLE
GRTST DEPTH: T 7 = DUSTSTORM OR SANDSTORM:
VSBY 1/2 MILE OR LESS
8 = SMOKE OR HAZE
[NO. OF DAYS WITH] [WEATHER - DAYS WITH] 9 = BLOWING SNOW
X = TORNADO
MAX 32 OR BELOW: 0 0.01 INCH OR MORE: 10
MAX 90 OR ABOVE: 1 0.10 INCH OR MORE: 8
MIN 32 OR BELOW: 5 0.50 INCH OR MORE: 2
MIN 0 OR BELOW: 0 1.00 INCH OR MORE: 0
[HDD (BASE 65) ]
TOTAL THIS MO. 338 CLEAR (SCALE 0-3) 15
DPTR FM NORMAL -65 PTCLDY (SCALE 4-7) 9
TOTAL FM JUL 1 8561 CLOUDY (SCALE 8-10) 7
DPTR FM NORMAL -340
[CDD (BASE 65) ]
TOTAL THIS MO. 16
DPTR FM NORMAL 10 [PRESSURE DATA]
TOTAL FM JAN 1 16 HIGHEST SLP 30.59 ON 10
DPTR FM NORMAL 10 LOWEST SLP 29.34 ON 17
[REMARKS]
#FINAL-05-22#