000
CXAK56 PAFC 011021
CF6CDB
PRELIMINARY LOCAL CLIMATOLOGICAL DATA (WS FORM: F-6)
STATION: COLD BAY
MONTH: APRIL
YEAR: 2023
LATITUDE: 55 13 N
LONGITUDE: 162 44 W
TEMPERATURE IN F: :PCPN: SNOW: WIND :SUNSHINE: SKY :PK WND
================================================================================
1 2 3 4 5 6A 6B 7 8 9 10 11 12 13 14 15 16 17 18
12Z AVG MX 2MIN
DY MAX MIN AVG DEP HDD CDD WTR SNW DPTH SPD SPD DIR MIN PSBL S-S WX SPD DR
================================================================================
1 37 28 33 1 32 0 0.00 M M 10.1 20 290 M M 9 23 330
2 39 33 36 4 29 0 0.67 M M 21.3 40 130 M M 10 128 47 130
3 42 33 38 6 27 0 0.03 M M 7.6 20 260 M M 9 23 270
4 45 33 39 7 26 0 0.01 M M 12.6 22 300 M M 10 25 300
5 38 30 34 2 31 0 0.01 M M 10.9 18 320 M M 9 23 320
6 34 27 31 -2 34 0 0.00 M M 14.5 25 360 M M 7 32 360
7 31 24 28 -5 37 0 T M M 16.5 24 350 M M 10 28 360
8 26 22 24 -9 41 0 0.01 M M 21.1 27 340 M M 10 36 330
9 39 23 31 -2 34 0 0.01 M M 6.8 15 20 M M 9 1 20 350
10 43 32 38 4 27 0 0.08 M M 14.5 33 150 M M 10 1 43 160
11 47 38 43 9 22 0 0.02 M M 16.0 30 150 M M 8 37 140
12 46 33 40 6 25 0 0.10 M M 12.8 31 240 M M 8 36 240
13 36 33 35 1 30 0 0.04 M M 17.5 29 320 M M 10 36 320
14 25 23 24 -11 41 0 0.04 M M 25.5 32 320 M M 10 18 41 320
15 27 19 23 -12 42 0 0.04 M M 28.7 38 320 M M 10 1 46 300
16 33 27 30 -5 35 0 0.00 M M 20.6 30 320 M M 9 36 310
17 32 21 27 -9 38 0 0.00 M M 12.7 18 340 M M 8 23 330
18 34 19 27 -9 38 0 0.00 M M 12.3 22 340 M M 5 32 330
19 41 24 33 -3 32 0 0.00 M M 9.2 20 360 M M 3 23 350
20 46 24 35 -1 30 0 0.00 M M 9.5 28 100 M M 3 35 100
21 53 30 42 6 23 0 0.00 M M 9.4 20 30 M M 0 23 10
22 45 28 37 0 28 0 0.00 M M 18.6 24 310 M M 0 30 300
23 41 30 36 -1 29 0 0.00 M M 16.9 23 310 M M 6 8 28 310
24 37 25 31 -6 34 0 0.09 M M 11.7 31 150 M M 7 18 37 160
25 41 34 38 1 27 0 0.07 M M 14.5 25 270 M M 10 1 31 230
26 38 29 34 -4 31 0 T M M 10.4 24 280 M M 10 28 290
27 41 29 35 -3 30 0 0.11 M M 10.1 21 280 M M 8 12 23 240
28 43 31 37 -1 28 0 0.06 M M 16.8 25 170 M M 7 1 32 160
29 48 35 42 4 23 0 0.03 M M 24.2 40 140 M M 9 18 48 130
30 42 36 39 1 26 0 0.44 M M 23.5 41 140 M M 9 18 52 140
================================================================================
SM 1170 853 930 0 1.86 M 456.8 M 233
================================================================================
AV 39.0 28.4 15.2 FASTST M M 8 MAX(MPH)
MISC ----> 41 140 52 140
================================================================================
NOTES:
# LAST OF SEVERAL OCCURRENCES
COLUMN 17 PEAK WIND IN M.P.H.
PRELIMINARY LOCAL CLIMATOLOGICAL DATA (WS FORM: F-6) , PAGE 2
STATION: COLD BAY
MONTH: APRIL
YEAR: 2023
LATITUDE: 55 13 N
LONGITUDE: 162 44 W
[TEMPERATURE DATA] [PRECIPITATION DATA] SYMBOLS USED IN COLUMN 16
AVERAGE MONTHLY: 33.7 TOTAL FOR MONTH: 1.86 1 = FOG OR MIST
DPTR FM NORMAL: -1.3 DPTR FM NORMAL: -0.84 2 = FOG REDUCING VISIBILITY
HIGHEST: 53 ON 21 GRTST 24HR 0.67 ON 2- 2 TO 1/4 MILE OR LESS
LOWEST: 19 ON 18,15 3 = THUNDER
SNOW, ICE PELLETS, HAIL 4 = ICE PELLETS
TOTAL MONTH: M 5 = HAIL
GRTST 24HR M ON M 6 = FREEZING RAIN OR DRIZZLE
GRTST DEPTH: M ON M 7 = DUSTSTORM OR SANDSTORM:
VSBY 1/2 MILE OR LESS
8 = SMOKE OR HAZE
[NO. OF DAYS WITH] [WEATHER - DAYS WITH] 9 = BLOWING SNOW
X = TORNADO
MAX 32 OR BELOW: 5 0.01 INCH OR MORE: 18
MAX 90 OR ABOVE: 0 0.10 INCH OR MORE: 4
MIN 32 OR BELOW: 21 0.50 INCH OR MORE: 1
MIN 0 OR BELOW: 0 1.00 INCH OR MORE: 0
[HDD (BASE 65) ]
TOTAL THIS MO. 930 CLEAR (SCALE 0-3) 2
DPTR FM NORMAL 30 PTCLDY (SCALE 4-7) 9
TOTAL FM JUL 1 7624 CLOUDY (SCALE 8-10) 19
DPTR FM NORMAL -459
[CDD (BASE 65) ]
TOTAL THIS MO. 0
DPTR FM NORMAL 0 [PRESSURE DATA]
TOTAL FM JAN 1 0 HIGHEST SLP M ON M
DPTR FM NORMAL 0 LOWEST SLP 28.97 ON 30
[REMARKS]
#FINAL-04-23#