000
CXAK56 PAFC 012016 RRA
CF6CDB
PRELIMINARY LOCAL CLIMATOLOGICAL DATA (WS FORM: F-6)
STATION: COLD BAY
MONTH: JULY
YEAR: 2021
LATITUDE: 55 13 N
LONGITUDE: 162 44 W
TEMPERATURE IN F: :PCPN: SNOW: WIND :SUNSHINE: SKY :PK WND
================================================================================
1 2 3 4 5 6A 6B 7 8 9 10 11 12 13 14 15 16 17 18
12Z AVG MX 2MIN
DY MAX MIN AVG DEP HDD CDD WTR SNW DPTH SPD SPD DIR MIN PSBL S-S WX SPD DR
================================================================================
1 49 44 47 -3 18 0 0.14 M M 22.1 36 140 M M 9 1 43 140
2 55 41 48 -2 17 0 0.00 M M 9.5 23 160 M M 9 29 150
3 56 45 51 1 14 0 0.00 M M 15.5 23 150 M M 8 27 150
4 58 46 52 1 13 0 0.04 M M 20.1 35 150 M M 8 1 43 160
5 58 46 52 1 13 0 0.10 M M 20.4 41 150 M M 10 1 49 150
6 54 46 50 -1 15 0 0.22 M M 15.5 26 280 M M 10 1 33 270
7 51 45 48 -3 17 0 0.08 M M 15.7 24 250 M M 10 1 29 250
8 50 44 47 -4 18 0 0.06 M M 9.3 20 260 M M 10 1 22 270
9 60 46 53 2 12 0 0.09 M M 16.5 30 270 M M 8 18 36 270
10 54 45 50 -1 15 0 0.08 M M 14.2 22 310 M M 10 1 26 320
11 59 46 53 2 12 0 T M M 9.6 15 320 M M 9 12 19 350
12 60 45 53 2 12 0 0.00 M M 9.7 14 280 M M 8 1 19 310
13 65 38 52 0 13 0 0.00 M M 5.3 13 80 M M 1 12 17 80
14 61 47 54 2 11 0 0.00 M M 7.5 13 350 M M 6 1 16 320
15 56 47 52 0 13 0 0.00 M M 7.4 12 330 M M 10 18 14 320
16 54 48 51 -1 14 0 0.00 M M 9.1 14 330 M M 10 8 23 40
17 59 49 54 2 11 0 0.00 M M 8.6 15 330 M M 9 1 19 330
18 68 46 57 5 8 0 0.00 M M 9.1 21 150 M M 5 12 24 160
19 57 51 54 2 11 0 0.19 M M 18.3 35 150 M M 8 1 43 150
20 55 49 52 0 13 0 0.17 M M 13.1 28 260 M M 10 1 32 270
21 53 49 51 -1 14 0 0.07 M M 21.9 29 260 M M 10 1 34 260
22 53 48 51 -1 14 0 0.06 M M 19.4 25 280 M M 10 1 31 270
23 53 48 51 -1 14 0 0.01 M M 11.3 17 320 M M 10 22 360
24 56 48 52 0 13 0 0.00 M M 6.7 12 330 M M 10 1 15 330
25 56 49 53 1 12 0 0.22 M M 15.2 32 160 M M 9 1 39 150
26 59 50 55 3 10 0 0.00 M M 11.0 21 180 M M 10 25 140
27 56 50 53 1 12 0 0.02 M M 19.7 28 140 M M 10 1 36 140
28 57 51 54 1 11 0 0.08 M M 30.5 39 130 M M 9 1 48 140
29 58 51 55 2 10 0 T M M 27.5 37 140 M M 10 1 47 150
30 58 53 56 3 9 0 T M M 28.6 35 130 M M 9 1 43 130
31 61 52 57 4 8 0 0.13 M M 27.3 38 130 M M 9 1 44 140
================================================================================
SM 1759 1463 397 0 1.76 M 475.6 M 274
================================================================================
AV 56.7 47.2 15.3 FASTST M M 9 MAX(MPH)
MISC ----> 41 150 49 150
================================================================================
NOTES:
# LAST OF SEVERAL OCCURRENCES
COLUMN 17 PEAK WIND IN M.P.H.
PRELIMINARY LOCAL CLIMATOLOGICAL DATA (WS FORM: F-6) , PAGE 2
STATION: COLD BAY
MONTH: JULY
YEAR: 2021
LATITUDE: 55 13 N
LONGITUDE: 162 44 W
[TEMPERATURE DATA] [PRECIPITATION DATA] SYMBOLS USED IN COLUMN 16
AVERAGE MONTHLY: 52.0 TOTAL FOR MONTH: 1.76 1 = FOG OR MIST
DPTR FM NORMAL: 0.4 DPTR FM NORMAL: -0.75 2 = FOG REDUCING VISIBILITY
HIGHEST: 68 ON 18 GRTST 24HR 0.34 ON 30- 1 TO 1/4 MILE OR LESS
LOWEST: 38 ON 13 3 = THUNDER
SNOW, ICE PELLETS, HAIL 4 = ICE PELLETS
TOTAL MONTH: M 5 = HAIL
GRTST 24HR M ON M 6 = FREEZING RAIN OR DRIZZLE
GRTST DEPTH: M ON M 7 = DUSTSTORM OR SANDSTORM:
VSBY 1/2 MILE OR LESS
8 = SMOKE OR HAZE
[NO. OF DAYS WITH] [WEATHER - DAYS WITH] 9 = BLOWING SNOW
X = TORNADO
MAX 32 OR BELOW: 0 0.01 INCH OR MORE: 17
MAX 90 OR ABOVE: 0 0.10 INCH OR MORE: 7
MIN 32 OR BELOW: 0 0.50 INCH OR MORE: 0
MIN 0 OR BELOW: 0 1.00 INCH OR MORE: 0
[HDD (BASE 65) ]
TOTAL THIS MO. 397 CLEAR (SCALE 0-3) 1
DPTR FM NORMAL -17 PTCLDY (SCALE 4-7) 5
TOTAL FM JUL 1 397 CLOUDY (SCALE 8-10) 25
DPTR FM NORMAL -16
[CDD (BASE 65) ]
TOTAL THIS MO. 0
DPTR FM NORMAL 0 [PRESSURE DATA]
TOTAL FM JAN 1 0 HIGHEST SLP 30.34 ON 17
DPTR FM NORMAL 0 LOWEST SLP 29.40 ON 2
[REMARKS]
#FINAL-07-21#