000
CXUS55 KCYS 011809
CLMCDR
CLIMATE REPORT
NATIONAL WEATHER SERVICE CHEYENNE WY
1209 PM MDT WED NOV 01 2023
...................................
...THE CHADRON NEBRASKA AIRPORT CLIMATE SUMMARY FOR THE MONTH OF OCTOBER 2023...
CLIMATE NORMAL PERIOD 1991 TO 2020
CLIMATE RECORD PERIOD 1895 TO 2023
WEATHER OBSERVED NORMAL DEPART LAST YEAR`S
VALUE DATE(S) VALUE FROM VALUE DATE(S)
NORMAL
................................................................
TEMPERATURE (F)
RECORD
HIGH 95 10/05/1947
LOW -10 10/28/1925
HIGHEST 86 10/01 MM MM 83
LOWEST 10 10/31 MM MM 18
AVG. MAXIMUM 61.6 63.4 -1.8 67.2
AVG. MINIMUM 32.8 32.8 -0.0 32.2
MEAN 47.2 48.1 -0.9 49.7
DAYS MAX >= 90 0 0.4 -0.4 0
DAYS MAX <= 32 2 0.8 1.2 0
DAYS MIN <= 32 14 15.6 -1.6 17
DAYS MIN <= 0 0 0.1 -0.1 0
PRECIPITATION (INCHES)
RECORD
MAXIMUM 3.64 1998
TOTALS 2.62 1.28 1.34 0.26
DAYS >= .01 6 6.8 -0.8 6
DAYS >= .10 3 3.0 0.0 1
DAYS >= .50 1 0.5 0.5 0
DAYS >= 1.00 1 0.1 0.9 0
GREATEST
24 HR. TOTAL 2.23 10/11 TO 10/12 0.20 10/03 TO 10/04
DEGREE DAYS
HEATING TOTAL 551 528 23 466
SINCE 7/1 630 689 -59 MM
COOLING TOTAL 6 4 2 0
SINCE 1/1 740 808 -68 MM
................................................................
WIND (MPH)
AVERAGE WIND SPEED 8.5
HIGHEST WIND SPEED/DIRECTION 38/010 DATE 10/12
HIGHEST GUST SPEED/DIRECTION 53/010 DATE 10/12
SKY COVER
POSSIBLE SUNSHINE (PERCENT) MM
AVERAGE SKY COVER 0.30
NUMBER OF DAYS FAIR 21
NUMBER OF DAYS PC 4
NUMBER OF DAYS CLOUDY 6
AVERAGE RH (PERCENT) 65
WEATHER CONDITIONS. NUMBER OF DAYS WITH
THUNDERSTORM 2 MIXED PRECIP 0
HEAVY RAIN 2 RAIN 3
LIGHT RAIN 6 FREEZING RAIN 0
LT FREEZING RAIN 1 HAIL 0
HEAVY SNOW 0 SNOW 1
LIGHT SNOW 2 SLEET 0
FOG 7 FOG W/VIS <= 1/4 MILE 1
HAZE 2
- INDICATES NEGATIVE NUMBERS.
R INDICATES RECORD WAS SET OR TIED.
MM INDICATES DATA IS MISSING.
T INDICATES TRACE AMOUNT.
$$