000
CXUS56 KEKA 011935
CF6CEC
PRELIMINARY LOCAL CLIMATOLOGICAL DATA (WS FORM: F-6)
STATION: CRESCENT CITY CA
MONTH: MARCH
YEAR: 2023
LATITUDE: 41 46 N
LONGITUDE: 124 14 W
TEMPERATURE IN F: :PCPN: SNOW: WIND :SUNSHINE: SKY :PK WND
================================================================================
1 2 3 4 5 6A 6B 7 8 9 10 11 12 13 14 15 16 17 18
12Z AVG MX 2MIN
DY MAX MIN AVG DEP HDD CDD WTR SNW DPTH SPD SPD DIR MIN PSBL S-S WX SPD DR
================================================================================
1 48 29 39 -10 26 0 0.00 M M 8.2 20 340 M M 0 18 29 340
2 47 34 41 -8 24 0 0.03 M M 6.2 13 180 M M 7 18 17 180
3 47 32 40 -9 25 0 0.00 M M 6.5 20 150 M M 4 18 28 150
4 45 37 41 -8 24 0 1.24 M M 18.6 39 180 M M 10 138 56 190
5 46 37 42 -7 23 0 0.42 M M 14.0 29 170 M M 9 18 39 160
6 47 37 42 -7 23 0 0.50 M M 13.4 28 180 M M 10 18 36 180
7 45 35 40 -9 25 0 1.38 M M 14.0 26 180 M M 10 18 40 160
8 47 37 42 -7 23 0 0.15 M M 14.5 28 180 M M 8 18 34 170
9 50 43 47 -2 18 0 0.54 M M 21.8 37 180 M M 10 18 51 160
10 50 38 44 -5 21 0 0.21 M M 13.2 31 240 M M 8 18 42 240
11 51 34 43 -6 22 0 0.01 M M 6.4 15 150 M M 3 18 21 180
12 53 48 51 2 14 0 1.35 M M 16.1 24 170 M M 10 1 34 180
13 52 39 46 -3 19 0 2.21 M M 13.2 32 190 M M 9 1 48 190
14 47 38 43 -6 22 0 0.51 M M 10.1 25 330 M M 7 18 41 340
15 52 32 42 -7 23 0 0.00 M M 8.8 21 330 M M 0 18 31 350
16 52 38 45 -4 20 0 0.00 M M 5.0 12 190 M M 1 18 15 190
17 51 38 45 -4 20 0 0.00 M M 4.3 12 230 M M 3 18 15 250
18 60 36 48 -1 17 0 T M M 4.0 9 60 M M 1 18 12 180
19 51 46 49 0 16 0 0.60 M M 9.2 21 280 M M 10 1 29 270
20 50 39 45 -4 20 0 0.05 M M 7.0 20 240 M M 4 18 31 240
21 59 38 49 0 16 0 0.00 M M 7.0 21 320 M M 2 18 31 330
22 51 41 46 -4 19 0 0.02 M M 6.1 14 310 M M 7 18 18 300
23 48 39 44 -6 21 0 0.43 M M 7.6 23 230 M M 9 18 36 240
24 49 38 44 -6 21 0 0.27 M M 6.1 20 300 M M 8 18 27 300
25 48 35 42 -8 23 0 0.26 M M 6.2 16 320 M M 5 18 23 320
26 49 31 40 -10 25 0 0.00 M M 6.2 15 310 M M 0 18 19 300
27 50 37 44 -6 21 0 0.33 M M 16.3 36 180 M M 7 18 54 170
28 50 41 46 -4 19 0 0.26 M M 12.8 33 150 M M 9 18 48 190
29 53 39 46 -4 19 0 0.00 M M 8.4 22 160 M M 4 18 32 320
30 50 38 44 -6 21 0 0.04 M M 4.4 9 150 M M 9 18 14 190
31 53 44 49 -1 16 0 0.17 M M 17.3 30 170 M M 10 18 43 180
================================================================================
SM 1551 1168 646 0 10.98 M 312.9 M 194
================================================================================
AV 50.0 37.7 10.1 FASTST M M 6 MAX(MPH)
MISC ----> 39 180 56 190
================================================================================
NOTES:
# LAST OF SEVERAL OCCURRENCES
COLUMN 17 PEAK WIND IN M.P.H.
PRELIMINARY LOCAL CLIMATOLOGICAL DATA (WS FORM: F-6) , PAGE 2
STATION: CRESCENT CITY CA
MONTH: MARCH
YEAR: 2023
LATITUDE: 41 46 N
LONGITUDE: 124 14 W
[TEMPERATURE DATA] [PRECIPITATION DATA] SYMBOLS USED IN COLUMN 16
AVERAGE MONTHLY: 43.9 TOTAL FOR MONTH: 10.98 1 = FOG OR MIST
DPTR FM NORMAL: -5.4 DPTR FM NORMAL: 3.17 2 = FOG REDUCING VISIBILITY
HIGHEST: 60 ON 18 GRTST 24HR 2.21 ON 13-13 TO 1/4 MILE OR LESS
LOWEST: 29 ON 1 3 = THUNDER
SNOW, ICE PELLETS, HAIL 4 = ICE PELLETS
TOTAL MONTH: M 5 = HAIL
GRTST 24HR M ON M 6 = FREEZING RAIN OR DRIZZLE
GRTST DEPTH: M ON M 7 = DUSTSTORM OR SANDSTORM:
VSBY 1/2 MILE OR LESS
8 = SMOKE OR HAZE
[NO. OF DAYS WITH] [WEATHER - DAYS WITH] 9 = BLOWING SNOW
X = TORNADO
MAX 32 OR BELOW: 0 0.01 INCH OR MORE: 22
MAX 90 OR ABOVE: 0 0.10 INCH OR MORE: 17
MIN 32 OR BELOW: 4 0.50 INCH OR MORE: 8
MIN 0 OR BELOW: 0 1.00 INCH OR MORE: 4
[HDD (BASE 65) ]
TOTAL THIS MO. 646 CLEAR (SCALE 0-3) 7
DPTR FM NORMAL 159 PTCLDY (SCALE 4-7) 11
TOTAL FM JUL 1 3644 CLOUDY (SCALE 8-10) 13
DPTR FM NORMAL 297
[CDD (BASE 65) ]
TOTAL THIS MO. 0
DPTR FM NORMAL 0 [PRESSURE DATA]
TOTAL FM JAN 1 0 HIGHEST SLP 30.51 ON 24
DPTR FM NORMAL 0 LOWEST SLP 29.39 ON 9
[REMARKS]
#FINAL-03-23#