000
CXUS56 KEKA 022251
CF6CEC
PRELIMINARY LOCAL CLIMATOLOGICAL DATA (WS FORM: F-6)
STATION: CRESCENT CITY CA
MONTH: MAY
YEAR: 2022
LATITUDE: 41 46 N
LONGITUDE: 124 14 W
TEMPERATURE IN F: :PCPN: SNOW: WIND :SUNSHINE: SKY :PK WND
================================================================================
1 2 3 4 5 6A 6B 7 8 9 10 11 12 13 14 15 16 17 18
12Z AVG MX 2MIN
DY MAX MIN AVG DEP HDD CDD WTR SNW DPTH SPD SPD DIR MIN PSBL S-S WX SPD DR
================================================================================
1 56 41 49 -3 16 0 0.01 M M 5.9 14 310 M M 2 18 18 330
2 55 43 49 -3 16 0 0.54 M M 10.2 22 320 M M 9 18 31 320
3 56 42 49 -3 16 0 0.00 M M 12.5 23 330 M M 0 18 38 340
4 56 41 49 -3 16 0 0.00 M M 4.0 13 330 M M 6 28 18 320
5 54 48 51 -1 14 0 0.55 M M 15.1 26 180 M M 9 1 35 160
6 57 51 54 2 11 0 0.47 M M 18.0 33 200 M M 10 1 45 210
7 56 45 51 -1 14 0 0.26 M M 6.9 15 340 M M 7 18 22 320
8 52 43 48 -4 17 0 0.30 M M 10.1 22 170 M M 8 18 32 180
9 51 40 46 -7 19 0 0.34 M M 6.6 17 220 M M 6 1 24 220
10 54 38 46 -7 19 0 0.00 M M 8.4 18 320 M M 1 26 330
11 56 40 48 -5 17 0 0.00 M M 5.4 12 280 M M 2 17 270
12 52 49 51 -2 14 0 0.51 M M 17.0 25 160 M M 9 1 39 150
13 57 51 54 1 11 0 0.35 M M 11.0 17 180 M M 10 1 25 170
14 59 51 55 2 10 0 0.02 M M 9.6 18 150 M M 10 2 27 150
15 61 50 56 3 9 0 0.01 M M 7.8 16 160 M M 9 2 23 160
16 58 45 52 -1 13 0 0.03 M M 12.1 21 330 M M 5 1 32 320
17 58 41 50 -3 15 0 0.00 M M 9.0 21 330 M M 0 18 31 330
18 61 44 53 -1 12 0 0.00 M M 5.5 12 330 M M 7 1 16 340
19 56 48 52 -2 13 0 0.00 M M 19.8 33 320 M M 1 18 50 340
20 55 46 51 -3 14 0 0.00 M M 18.2 31 330 M M 0 18 52 330
21 56 46 51 -3 14 0 0.00 M M 12.2 24 340 M M 0 18 39 330
22 55 43 49 -5 16 0 0.00 M M 5.5 13 320 M M 8 18 22 340
23 57 47 52 -2 13 0 0.00 0.0 M 7.8 18 340 M M 5 18 29 340
24 60 44 52 -2 13 0 0.00 0.0 M 5.2 13 330 M M 2 128 19 330
25 57 43 50 -4 15 0 0.00 0.0 M 7.7 16 330 M M 4 28 23 340
26 61 48 55 1 10 0 0.00 M M 6.0 16 230 M M 5 2 24 230
27 56 51 54 0 11 0 0.00 M M 4.7 10 190 M M 10 1 14 120
28 55 50 53 -1 12 0 0.30 0.0 0 10.1 23 200 M M 10 18 37 180
29 57 48 53 -1 12 0 0.02 M M 11.7 22 320 M M 7 18 34 340
30 56 46 51 -3 14 0 0.00 M M 14.3 28 320 M M 0 18 42 320
31 59 41 50 -5 15 0 0.00 M M 5.5 13 190 M M 2 28 18 330
================================================================================
SM 1749 1404 431 0 3.71 0.0 303.8 M 164
================================================================================
AV 56.4 45.3 9.8 FASTST M M 5 MAX(MPH)
MISC ----> # 33 200 52 330
================================================================================
NOTES:
# LAST OF SEVERAL OCCURRENCES
COLUMN 17 PEAK WIND IN M.P.H.
PRELIMINARY LOCAL CLIMATOLOGICAL DATA (WS FORM: F-6) , PAGE 2
STATION: CRESCENT CITY CA
MONTH: MAY
YEAR: 2022
LATITUDE: 41 46 N
LONGITUDE: 124 14 W
[TEMPERATURE DATA] [PRECIPITATION DATA] SYMBOLS USED IN COLUMN 16
AVERAGE MONTHLY: 50.9 TOTAL FOR MONTH: 3.71 1 = FOG OR MIST
DPTR FM NORMAL: -2.4 DPTR FM NORMAL: 1.23 2 = FOG REDUCING VISIBILITY
HIGHEST: 61 ON 26,18 GRTST 24HR 0.65 ON 5- 6 TO 1/4 MILE OR LESS
LOWEST: 38 ON 10 3 = THUNDER
SNOW, ICE PELLETS, HAIL 4 = ICE PELLETS
TOTAL MONTH: 0.0 INCH 5 = HAIL
GRTST 24HR 0.0 6 = FREEZING RAIN OR DRIZZLE
GRTST DEPTH: 0 7 = DUSTSTORM OR SANDSTORM:
VSBY 1/2 MILE OR LESS
8 = SMOKE OR HAZE
[NO. OF DAYS WITH] [WEATHER - DAYS WITH] 9 = BLOWING SNOW
X = TORNADO
MAX 32 OR BELOW: 0 0.01 INCH OR MORE: 14
MAX 90 OR ABOVE: 0 0.10 INCH OR MORE: 9
MIN 32 OR BELOW: 0 0.50 INCH OR MORE: 3
MIN 0 OR BELOW: 0 1.00 INCH OR MORE: 0
[HDD (BASE 65) ]
TOTAL THIS MO. 431 CLEAR (SCALE 0-3) 11
DPTR FM NORMAL 66 PTCLDY (SCALE 4-7) 11
TOTAL FM JUL 1 4464 CLOUDY (SCALE 8-10) 9
DPTR FM NORMAL 327
[CDD (BASE 65) ]
TOTAL THIS MO. 0
DPTR FM NORMAL 0 [PRESSURE DATA]
TOTAL FM JAN 1 0 HIGHEST SLP 30.34 ON 11
DPTR FM NORMAL 0 LOWEST SLP 29.83 ON 26
[REMARKS]
#FINAL-05-22#