000
CXUS55 KOHX 011110
CF6CKV
PRELIMINARY LOCAL CLIMATOLOGICAL DATA (WS FORM: F-6)
STATION: CLARKSVILLE
MONTH: JUNE
YEAR: 2023
LATITUDE: 36 37 N
LONGITUDE: 87 25 W
TEMPERATURE IN F: :PCPN: SNOW: WIND :SUNSHINE: SKY :PK WND
================================================================================
1 2 3 4 5 6A 6B 7 8 9 10 11 12 13 14 15 16 17 18
12Z AVG MX 2MIN
DY MAX MIN AVG DEP HDD CDD WTR SNW DPTH SPD SPD DIR MIN PSBL S-S WX SPD DR
================================================================================
1 90 66 78 6 0 13 0.00 M M 3.0 15 110 M M 1 3 20 120
2 91 65 78 6 0 13 0.00 M M 4.5 15 70 M M 0 18 20 80
3 92 59 76 4 0 11 0.00 M M 4.6 14 20 M M 0 22 40
4 92 62 77 4 0 12 0.00 M M 3.9 16 60 M M 1 21 50
5 90 65 78 5 0 13 0.00 M M 3.4 13 10 M M 0 8 20 360
6 89 61 75 2 0 10 0.00 M M 2.6 10 30 M M 0 18 20 40
7 81 59 70 -3 0 5 T M M 5.0 15 330 M M 3 18 21 330
8 83 55 69 -5 0 4 0.00 M M 4.7 17 340 M M 2 128 23 340
9 85 50 68 -6 0 3 0.00 M M 2.3 13 10 M M 0 18 40
10 87 54 71 -3 0 6 0.00 M M 4.1 13 190 M M 1 18 17 240
11 87 66 77 3 0 12 0.60 M M 11.1 28 300 M M 5 38 41 300
12 75 55 65 -9 0 0 0.00 M M 7.5 16 340 M M 7 8 22 320
13 80 52 66 -9 0 1 0.00 M M 4.4 14 270 M M 0 18 20 250
14 83 59 71 -4 0 6 0.00 M M 5.3 15 240 M M 1 3 24 240
15 89 62 76 1 0 11 0.00 M M 3.0 21 200 M M 2 12 31 200
16 93 64 79 4 0 14 0.00 M M 6.2 14 340 M M 1 18 20 290
17 87 61 74 -2 0 9 0.00 M M 4.9 10 40 M M 0 8 14 70
18 87 61 74 -2 0 9 0.51 M M 6.7 21 190 M M 2 138 28 180
19 82 70 76 0 0 11 0.22 M M 9.1 21 330 M M 7 138 30 330
20 83 69 76 0 0 11 0.25 M M 9.2 20 20 M M 6 138 24 60
21 84 69 77 1 0 12 0.00 M M 8.5 18 60 M M 5 18 26 70
22 80 63 72 -4 0 7 0.06 M M 5.9 15 350 M M 7 18 19 360
23 86 59 73 -3 0 8 0.00 M M 3.0 12 290 M M 3 18 15 280
24 92 63 78 1 0 13 0.00 M M 4.4 14 270 M M 2 128 20 260
25 96 72 84 7 0 19 T M M 10.2 23 280 M M 2 3 32 280
26 89 70 80 3 0 15 0.00 M M 9.8 21 270 M M 1 30 270
27 89 66 78 1 0 13 0.00 M M 5.7 17 280 M M 2 24 290
28 93 65 79 2 0 14 0.00 M M 2.6 10 270 M M 0 18 16 140
29 85 70 78 1 0 13 0.01 M M 7.9 23 50 M M 2 138 33 40
30 100 73 87 10 0 22 0.03 M M 8.0 33 350 M M 2 3 45 340
================================================================================
SM 2620 1885 0 310 1.68 M 171.5 M 65
================================================================================
AV 87.3 62.8 5.7 FASTST M M 2 MAX(MPH)
MISC ----> 33 350 45 340
================================================================================
NOTES:
# LAST OF SEVERAL OCCURRENCES
COLUMN 17 PEAK WIND IN M.P.H.
PRELIMINARY LOCAL CLIMATOLOGICAL DATA (WS FORM: F-6) , PAGE 2
STATION: CLARKSVILLE
MONTH: JUNE
YEAR: 2023
LATITUDE: 36 37 N
LONGITUDE: 87 25 W
[TEMPERATURE DATA] [PRECIPITATION DATA] SYMBOLS USED IN COLUMN 16
AVERAGE MONTHLY: 75.1 TOTAL FOR MONTH: 1.68 1 = FOG OR MIST
DPTR FM NORMAL: 0.1 DPTR FM NORMAL: -1.97 2 = FOG REDUCING VISIBILITY
HIGHEST: 100 ON 30 GRTST 24HR 0.73 ON 18-19 TO 1/4 MILE OR LESS
LOWEST: 50 ON 9 3 = THUNDER
SNOW, ICE PELLETS, HAIL 4 = ICE PELLETS
TOTAL MONTH: M 5 = HAIL
GRTST 24HR M ON M 6 = FREEZING RAIN OR DRIZZLE
GRTST DEPTH: M ON M 7 = DUSTSTORM OR SANDSTORM:
VSBY 1/2 MILE OR LESS
8 = SMOKE OR HAZE
[NO. OF DAYS WITH] [WEATHER - DAYS WITH] 9 = BLOWING SNOW
X = TORNADO
MAX 32 OR BELOW: 0 0.01 INCH OR MORE: 7
MAX 90 OR ABOVE: 10 0.10 INCH OR MORE: 4
MIN 32 OR BELOW: 0 0.50 INCH OR MORE: 2
MIN 0 OR BELOW: 0 1.00 INCH OR MORE: 0
[HDD (BASE 65) ]
TOTAL THIS MO. 0 CLEAR (SCALE 0-3) 22
DPTR FM NORMAL -2 PTCLDY (SCALE 4-7) 8
TOTAL FM JUL 1 3137 CLOUDY (SCALE 8-10) 0
DPTR FM NORMAL -748
[CDD (BASE 65) ]
TOTAL THIS MO. 310
DPTR FM NORMAL 8 [PRESSURE DATA]
TOTAL FM JAN 1 517 HIGHEST SLP 30.06 ON 29
DPTR FM NORMAL 40 LOWEST SLP 29.58 ON 11
[REMARKS]
#FINAL-06-23#