000
CXUS55 KOHX 011210
CF6CKV
PRELIMINARY LOCAL CLIMATOLOGICAL DATA (WS FORM: F-6)
STATION: CLARKSVILLE
MONTH: DECEMBER
YEAR: 2022
LATITUDE: 36 37 N
LONGITUDE: 87 25 W
TEMPERATURE IN F: :PCPN: SNOW: WIND :SUNSHINE: SKY :PK WND
================================================================================
1 2 3 4 5 6A 6B 7 8 9 10 11 12 13 14 15 16 17 18
12Z AVG MX 2MIN
DY MAX MIN AVG DEP HDD CDD WTR SNW DPTH SPD SPD DIR MIN PSBL S-S WX SPD DR
================================================================================
1 46 21 34 -9 31 0 0.00 M M 4.4 13 80 M M 0 17 90
2 62 36 49 6 16 0 0.05 M M 11.2 26 200 M M 9 37 200
3 64 29 47 4 18 0 0.10 M M 9.7 28 350 M M 5 8 40 200
4 43 29 36 -6 29 0 0.00 M M 1.5 6 120 M M 1 8 20
5 53 30 42 0 23 0 T M M 4.2 9 160 M M 9 18 15 150
6 70 53 62 20 3 0 0.28 M M 5.2 14 210 M M 10 1 21 220
7 69 52 61 19 4 0 0.87 M M 5.8 14 350 M M 10 138 19 350
8 58 51 55 13 10 0 1.15 M M 7.5 15 80 M M 10 18 21 90
9 59 47 53 12 12 0 0.00 M M 3.1 10 290 M M 9 128 12 290
10 52 47 50 9 15 0 0.20 M M 2.6 15 150 M M 9 128 17 150
11 49 44 47 6 18 0 0.00 M M 7.5 13 10 M M 10 18 16 10
12 53 38 46 5 19 0 0.00 M M 6.2 12 80 M M 5 8 16 100
13 61 35 48 8 17 0 0.07 M M 9.8 18 140 M M 7 26 160
14 57 49 53 13 12 0 1.23 M M 10.9 26 280 M M 10 1 37 270
15 50 38 44 4 21 0 0.00 M M 10.4 21 290 M M 6 29 280
16 47 32 40 0 25 0 0.00 M M 9.3 23 270 M M 0 31 260
17 44 29 37 -3 28 0 0.00 M M 9.8 22 260 M M 3 35 260
18 41 24 33 -6 32 0 0.00 M M 4.6 13 310 M M 2 18 320
19 44 22 33 -6 32 0 0.00 M M 4.0 10 50 M M 2 13 40
20 53 29 41 2 24 0 0.00 M M 3.0 10 350 M M 5 13 360
21 52 23 38 -1 27 0 0.00 M M 4.0 10 110 M M 2 14 90
22 52 6 29 -10 36 0 0.07 M M 12.7 32 320 M M 10 18 43 330
23 7 -3 2 -36 63 0 T M M 15.4 25 300 M M 7 8 36 290
24 23 6 15 -23 50 0 0.00 M M 8.9 18 260 M M 0 26 280
25 28 12 20 -18 45 0 0.00 M M 6.7 13 270 M M 0 18 270
26 35 18 27 -11 38 0 0.01 M M 6.6 15 200 M M 9 18 19 190
27 35 24 30 -8 35 0 0.00 M M 4.5 12 210 M M 8 128 15 220
28 60 23 42 4 23 0 0.00 M M 9.1 23 190 M M 0 18 31 210
29 60 52 56 18 9 0 0.03 M M 10.5 22 190 M M 8 18 32 180
30 67 55 61 23 4 0 0.24 M M 6.3 21 180 M M 8 1 28 170
31 61 42 52 15 13 0 0.08 M M 3.9 10 270 M M 8 12 14 220
================================================================================
SM 1555 993 732 0 4.38 M 219.3 M 182
================================================================================
AV 50.2 32.0 7.1 FASTST M M 6 MAX(MPH)
MISC ----> 32 320 43 330
================================================================================
NOTES:
# LAST OF SEVERAL OCCURRENCES
COLUMN 17 PEAK WIND IN M.P.H.
PRELIMINARY LOCAL CLIMATOLOGICAL DATA (WS FORM: F-6) , PAGE 2
STATION: CLARKSVILLE
MONTH: DECEMBER
YEAR: 2022
LATITUDE: 36 37 N
LONGITUDE: 87 25 W
[TEMPERATURE DATA] [PRECIPITATION DATA] SYMBOLS USED IN COLUMN 16
AVERAGE MONTHLY: 41.1 TOTAL FOR MONTH: 4.38 1 = FOG OR MIST
DPTR FM NORMAL: 1.2 DPTR FM NORMAL: 0.02 2 = FOG REDUCING VISIBILITY
HIGHEST: 70 ON 6 GRTST 24HR 1.30 ON 13-14 TO 1/4 MILE OR LESS
LOWEST: -3 ON 23 3 = THUNDER
SNOW, ICE PELLETS, HAIL 4 = ICE PELLETS
TOTAL MONTH: M 5 = HAIL
GRTST 24HR M ON M 6 = FREEZING RAIN OR DRIZZLE
GRTST DEPTH: M ON M 7 = DUSTSTORM OR SANDSTORM:
VSBY 1/2 MILE OR LESS
8 = SMOKE OR HAZE
[NO. OF DAYS WITH] [WEATHER - DAYS WITH] 9 = BLOWING SNOW
X = TORNADO
MAX 32 OR BELOW: 3 0.01 INCH OR MORE: 13
MAX 90 OR ABOVE: 0 0.10 INCH OR MORE: 7
MIN 32 OR BELOW: 17 0.50 INCH OR MORE: 3
MIN 0 OR BELOW: 1 1.00 INCH OR MORE: 2
[HDD (BASE 65) ]
TOTAL THIS MO. 732 CLEAR (SCALE 0-3) 9
DPTR FM NORMAL -45 PTCLDY (SCALE 4-7) 11
TOTAL FM JUL 1 1410 CLOUDY (SCALE 8-10) 11
DPTR FM NORMAL -122
[CDD (BASE 65) ]
TOTAL THIS MO. 0
DPTR FM NORMAL 0 [PRESSURE DATA]
TOTAL FM JAN 1 1884 HIGHEST SLP 30.59 ON 1
DPTR FM NORMAL 375 LOWEST SLP 29.54 ON 14
[REMARKS]
#FINAL-12-22#