000
CXUS51 KCLE 041050
CLSCLE
CLIMATE REPORT
NATIONAL WEATHER SERVICE CLEVELAND, OH
650 AM EDT THU JUN 04 2020
...................................
...THE CLEVELAND OH CLIMATE SUMMARY FOR THE SEASON, FROM
3/1/2020 TO 5/31/2020...
CLIMATE NORMAL PERIOD 1981 TO 2010
CLIMATE RECORD PERIOD 1871 TO 2020
WEATHER OBSERVED NORMAL DEPART
VALUE DATE(S) VALUE FROM
NORMAL
................................................
TEMPERATURE (F)
RECORD
HIGH 93 05/28/2018
LOW -5 03/09/1984
03/12/1948
HIGHEST 88 05/26
LOWEST 17 03/01
AVG. MAXIMUM 58.8 58.4 0.4
AVG. MINIMUM 40.4 40.2 0.2
MEAN 49.6 49.3 0.3
DAYS MAX >= 90 0 0.2
DAYS MAX <= 32 0 3.8
DAYS MIN <= 32 23 24.7
DAYS MIN <= 0 0 0.0
PRECIPITATION (INCHES)
RECORD
MAXIMUM 18.21 2011
MINIMUM 4.45 1895
TOTALS 16.04 10.08 5.96
DAYS >= .01 52 41.8
DAYS >= .10 31 24.2
DAYS >= .50 7 6.2
DAYS >= 1.00 4 1.5
SNOWFALL (INCHES)
RECORDS
TOTAL 30.8 2005
TOTALS 3.7 15.9
DAYS >= TRACE 15
DAYS >= 1.0 1 4.6
DEGREE DAYS
HEATING TOTAL 1447 1503 -56
COOLING TOTAL 56 60 -4
................................................
WIND (MPH)
HIGHEST GUST SPEED/DIRECTION 53/260 DATE 03/03
SKY COVER
POSSIBLE SUNSHINE (PERCENT) MM
AVERAGE SKY COVER 0.72
NUMBER OF DAYS FAIR 9
NUMBER OF DAYS PC 31
NUMBER OF DAYS CLOUDY 52
WEATHER CONDITIONS. NUMBER OF DAYS WITH
THUNDERSTORM 11 MIXED PRECIP 0
HEAVY RAIN 8 RAIN 14
LIGHT RAIN 53 FREEZING RAIN 0
LT FREEZING RAIN 0 HAIL 1
HEAVY SNOW 0 SNOW 2
LIGHT SNOW 15 SLEET 0
FOG 50 FOG W/VIS <= 1/4 MILE 6
HAZE 7
- INDICATES NEGATIVE NUMBERS.
R INDICATES RECORD WAS SET OR TIED.
MM INDICATES DATA IS MISSING.
T INDICATES TRACE AMOUNT.
$$