652
CXUS54 KHGX 011515
CF6CLL
PRELIMINARY LOCAL CLIMATOLOGICAL DATA (WS FORM: F-6)
STATION: COLLEGE STATION
MONTH: JULY
YEAR: 2020
LATITUDE: 30 34 N
LONGITUDE: 96 22 W
TEMPERATURE IN F: :PCPN: SNOW: WIND :SUNSHINE: SKY :PK WND
================================================================================
1 2 3 4 5 6A 6B 7 8 9 10 11 12 13 14 15 16 17 18
12Z AVG MX 2MIN
DY MAX MIN AVG DEP HDD CDD WTR SNW DPTH SPD SPD DIR MIN PSBL S-S WX SPD DR
================================================================================
1 95 79 87 3 0 22 0.00 0.0 0 11.6 21 200 M M 6 26 180
2 96 79 88 4 0 23 0.00 0.0 0 8.7 15 190 M M 5 1 18 210
3 97 76 87 3 0 22 0.00 0.0 0 6.4 24 90 M M 1 8 32 80
4 97 73 85 1 0 20 0.00 0.0 0 5.5 13 250 M M 0 17 220
5 92 76 84 0 0 19 T 0.0 0 7.4 15 150 M M 1 19 150
6 95 79 87 3 0 22 0.01 0.0 0 9.4 17 150 M M 3 3 22 180
7 92 77 85 1 0 20 0.75 0.0 0 8.2 17 320 M M 4 123 23 340
8 96 77 87 3 0 22 T 0.0 0 10.7 21 150 M M 4 1 25 170
9 98 79 89 5 0 24 0.00 0.0 0 11.8 21 150 M M 4 28 150
10 98 78 88 4 0 23 0.00 0.0 0 8.0 16 180 M M 4 20 170
11 99 78 89 5 0 24 0.00 0.0 0 7.4 15 210 M M 1 19 200
12 100 78 89 5 0 24 0.00 0.0 0 8.7 16 240 M M 2 23 190
13 101 78 90 5 0 25 0.00 0.0 0 9.5 20 170 M M 0 26 170
14 100 78 89 4 0 24 0.00 0.0 0 12.1 21 160 M M 2 28 160
15 97 79 88 3 0 23 0.00 0.0 0 10.0 17 200 M M 3 24 220
16 99 77 88 3 0 23 0.00 0.0 0 7.8 17 120 M M 2 21 130
17 99 78 89 4 0 24 0.00 0.0 0 6.1 23 150 M M 2 29 150
18 96 75 86 1 0 21 0.00 0.0 0 6.9 18 110 M M 2 23 140
19 98 75 87 2 0 22 0.00 0.0 0 5.2 16 150 M M 1 23 150
20 96 76 86 1 0 21 0.00 0.0 0 6.6 23 100 M M 1 32 100
21 91 76 84 -1 0 19 T 0.0 0 8.8 15 140 M M 5 22 130
22 92 78 85 0 0 20 0.00 0.0 0 6.9 16 100 M M 4 13 20 120
23 99 77 88 3 0 23 0.00 0.0 0 6.8 16 80 M M 2 21 80
24 98 79 89 4 0 24 0.07 0.0 0 9.6 22 50 M M 2 32 40
25 95 77 86 1 0 21 0.15 0.0 0 11.1 24 140 M M 5 1 30 130
26 93 76 85 0 0 20 0.06 0.0 0 7.9 29 160 M M 4 13 34 160
27 96 75 86 1 0 21 0.11 0.0 0 5.8 13 140 M M 7 13 16 360
28 95 76 86 1 0 21 1.43 0.0 0 3.7 35 170 M M 3 13 69 190
29 94 76 85 0 0 20 0.03 0.0 0 9.5 32 160 M M 3 1 39 170
30 96 77 87 2 0 22 0.00 0.0 0 10.9 22 170 M M 3 27 170
31 96 76 86 1 0 21 0.13 0.0 0 7.2 30 300 M M 4 13 42 300
================================================================================
SM 2986 2388 0 680 2.74 0.0 256.2 M 90
================================================================================
AV 96.3 77.0 8.3 FASTST M M 3 MAX(MPH)
MISC ----> # 35 170 # 69 190
================================================================================
NOTES:
# LAST OF SEVERAL OCCURRENCES
COLUMN 17 PEAK WIND IN M.P.H.
PRELIMINARY LOCAL CLIMATOLOGICAL DATA (WS FORM: F-6) , PAGE 2
STATION: COLLEGE STATION
MONTH: JULY
YEAR: 2020
LATITUDE: 30 34 N
LONGITUDE: 96 22 W
[TEMPERATURE DATA] [PRECIPITATION DATA] SYMBOLS USED IN COLUMN 16
AVERAGE MONTHLY: 86.7 TOTAL FOR MONTH: 2.74 1 = FOG OR MIST
DPTR FM NORMAL: 2.0 DPTR FM NORMAL: 0.60 2 = FOG REDUCING VISIBILITY
HIGHEST: 101 ON 13 GRTST 24HR 1.43 ON 28-28 TO 1/4 MILE OR LESS
LOWEST: 73 ON 4 3 = THUNDER
SNOW, ICE PELLETS, HAIL 4 = ICE PELLETS
TOTAL MONTH: 0.0 INCH 5 = HAIL
GRTST 24HR 0.0 6 = FREEZING RAIN OR DRIZZLE
GRTST DEPTH: 0 7 = DUSTSTORM OR SANDSTORM:
VSBY 1/2 MILE OR LESS
8 = SMOKE OR HAZE
[NO. OF DAYS WITH] [WEATHER - DAYS WITH] 9 = BLOWING SNOW
X = TORNADO
MAX 32 OR BELOW: 0 0.01 INCH OR MORE: 9
MAX 90 OR ABOVE: 31 0.10 INCH OR MORE: 5
MIN 32 OR BELOW: 0 0.50 INCH OR MORE: 2
MIN 0 OR BELOW: 0 1.00 INCH OR MORE: 1
[HDD (BASE 65) ]
TOTAL THIS MO. 0 CLEAR (SCALE 0-3) 18
DPTR FM NORMAL 0 PTCLDY (SCALE 4-7) 13
TOTAL FM JUL 1 0 CLOUDY (SCALE 8-10) 0
DPTR FM NORMAL 0
[CDD (BASE 65) ]
TOTAL THIS MO. 680
DPTR FM NORMAL 69 [PRESSURE DATA]
TOTAL FM JAN 1 1954 HIGHEST SLP 30.07 ON 17
DPTR FM NORMAL 239 LOWEST SLP 29.76 ON 5
[REMARKS]
#FINAL-07-20#