000
CXUS53 KTOP 010810
CF6CNK
PRELIMINARY LOCAL CLIMATOLOGICAL DATA (WS FORM: F-6)
STATION: CONCORDIA KS
MONTH: SEPTEMBER
YEAR: 2022
LATITUDE: 39 32 N
LONGITUDE: 97 39 W
TEMPERATURE IN F: :PCPN: SNOW: WIND :SUNSHINE: SKY :PK WND
================================================================================
1 2 3 4 5 6A 6B 7 8 9 10 11 12 13 14 15 16 17 18
12Z AVG MX 2MIN
DY MAX MIN AVG DEP HDD CDD WTR SNW DPTH SPD SPD DIR MIN PSBL S-S WX SPD DR
================================================================================
1 95 66 81 8 0 16 T M M 7.7 17 170 M M 1 8 25 150
2 97 69 83 10 0 18 0.00 M M 9.3 16 180 M M 0 8 22 170
3 90 61 76 3 0 11 0.00 M M 8.9 17 360 M M 0 23 10
4 86 51 69 -3 0 4 0.00 M M 4.4 14 60 M M 0 8 23 60
5 90 57 74 2 0 9 0.00 M M 7.5 16 160 M M 3 128 22 170
6 97 66 82 10 0 17 0.00 M M 9.1 16 190 M M 0 8 23 190
7 94 63 79 7 0 14 0.00 M M 7.6 15 130 M M 0 8 20 140
8 93 65 79 8 0 14 0.00 M M 12.7 20 190 M M 0 27 190
9 93 61 77 6 0 12 0.00 M M 11.2 24 350 M M 0 8 36 360
10 63 52 58 -13 7 0 0.32 M M 11.1 21 20 M M 7 13 31 360
11 80 48 64 -6 1 0 0.00 M M 5.7 16 350 M M 0 8 22 350
12 89 57 73 3 0 8 0.00 M M 8.1 15 190 M M 0 21 190
13 94 60 77 7 0 12 0.00 M M 9.2 17 170 M M 0 24 180
14 94 69 82 13 0 17 0.00 M M 14.5 22 170 M M 0 30 170
15 93 68 81 12 0 16 0.03 M M 17.3 26 180 M M 1 3 38 190
16 90 66 78 10 0 13 0.00 M M 9.9 17 160 M M 2 25 150
17 97 68 83 15 0 18 0.72 M M 11.2 24 140 M M 2 13 32 140
18 99 67 83 15 0 18 0.00 M M 10.1 20 270 M M 0 28 250
19 101 66 84 17 0 19 0.00 M M 10.9 25 190 M M 0 1 34 200
20 102 72 87 20 0 22 0.18 M M 13.9 33 300 M M 1 13 47 290
21 76 55 66 -1 0 1 0.61 M M 10.3 25 10 M M 4 13 37 10
22 60 55 58 -8 7 0 0.02 M M 5.3 10 70 M M 8 16 50
23 71 54 63 -3 2 0 0.08 M M 7.4 15 200 M M 7 1 20 220
24 91 56 74 9 0 9 0.00 M M 5.5 14 280 M M 0 1 20 250
25 81 54 68 3 0 3 0.00 M M 8.8 23 320 M M 0 30 330
26 80 46 63 -1 2 0 0.00 M M 4.1 13 180 M M 0 8 16 190
27 86 51 69 5 0 4 0.00 M M 5.6 14 190 M M 0 8 20 190
28 78 49 64 0 1 0 0.00 M M 8.3 16 100 M M 0 23 90
29 81 45 63 0 2 0 0.00 M M 12.2 22 140 M M 0 30 150
30 83 57 70 7 0 5 0.00 M M 14.3 24 160 M M 0 33 160
================================================================================
SM 2624 1774 22 280 1.96 M 282.1 M 36
================================================================================
AV 87.5 59.1 9.4 FASTST M M 1 MAX(MPH)
MISC ----> 33 300 47 290
================================================================================
NOTES:
# LAST OF SEVERAL OCCURRENCES
COLUMN 17 PEAK WIND IN M.P.H.
PRELIMINARY LOCAL CLIMATOLOGICAL DATA (WS FORM: F-6) , PAGE 2
STATION: CONCORDIA KS
MONTH: SEPTEMBER
YEAR: 2022
LATITUDE: 39 32 N
LONGITUDE: 97 39 W
[TEMPERATURE DATA] [PRECIPITATION DATA] SYMBOLS USED IN COLUMN 16
AVERAGE MONTHLY: 73.3 TOTAL FOR MONTH: 1.96 1 = FOG OR MIST
DPTR FM NORMAL: 4.8 DPTR FM NORMAL: -0.84 2 = FOG REDUCING VISIBILITY
HIGHEST: 102 ON 20 GRTST 24HR 0.72 ON 17-17 TO 1/4 MILE OR LESS
LOWEST: 45 ON 29 3 = THUNDER
SNOW, ICE PELLETS, HAIL 4 = ICE PELLETS
TOTAL MONTH: M 5 = HAIL
GRTST 24HR M ON M 6 = FREEZING RAIN OR DRIZZLE
GRTST DEPTH: M ON M 7 = DUSTSTORM OR SANDSTORM:
VSBY 1/2 MILE OR LESS
8 = SMOKE OR HAZE
[NO. OF DAYS WITH] [WEATHER - DAYS WITH] 9 = BLOWING SNOW
X = TORNADO
MAX 32 OR BELOW: 0 0.01 INCH OR MORE: 7
MAX 90 OR ABOVE: 17 0.10 INCH OR MORE: 4
MIN 32 OR BELOW: 0 0.50 INCH OR MORE: 2
MIN 0 OR BELOW: 0 1.00 INCH OR MORE: 0
[HDD (BASE 65) ]
TOTAL THIS MO. 22 CLEAR (SCALE 0-3) 26
DPTR FM NORMAL -42 PTCLDY (SCALE 4-7) 4
TOTAL FM JUL 1 22 CLOUDY (SCALE 8-10) 0
DPTR FM NORMAL -44
[CDD (BASE 65) ]
TOTAL THIS MO. 280
DPTR FM NORMAL 113 [PRESSURE DATA]
TOTAL FM JAN 1 1815 HIGHEST SLP M ON M
DPTR FM NORMAL 469 LOWEST SLP 29.68 ON 17
[REMARKS]
#FINAL-09-22#