570
CXUS53 KTOP 010800
CF6CNK
PRELIMINARY LOCAL CLIMATOLOGICAL DATA (WS FORM: F-6)
STATION: Concordia KS
MONTH: AUGUST
YEAR: 2020
LATITUDE: 39 32 N
LONGITUDE: 97 39 W
TEMPERATURE IN F: :PCPN: SNOW: WIND :SUNSHINE: SKY :PK WND
================================================================================
1 2 3 4 5 6A 6B 7 8 9 10 11 12 13 14 15 16 17 18
12Z AVG MX 2MIN
DY MAX MIN AVG DEP HDD CDD WTR SNW DPTH SPD SPD DIR MIN PSBL S-S WX SPD DR
================================================================================
1 87 62 75 -4 0 10 0.10 0.0 0 5.1 29 350 M M 1 38 42 340
2 83 63 73 -6 0 8 0.00 0.0 0 8.9 20 360 M M 1 28 360
3 81 59 70 -9 0 5 0.00 0.0 0 3.7 13 70 M M 1 17 70
4 78 57 68 -11 0 3 T 0.0 0 6.2 14 150 M M 1 19 150
5 87 61 74 -4 0 9 0.00 0.0 0 10.4 17 180 M M 3 24 170
6 89 69 79 1 0 14 0.00 0.0 0 10.5 18 180 M M 2 1 26 170
7 93 71 82 4 0 17 T 0.0 0 10.7 21 160 M M 3 1 30 170
8 100 73 87 9 0 22 0.00 0.0 0 10.3 20 180 M M 0 8 28 170
9 96 79 88 10 0 23 0.01 0.0 0 15.9 28 180 M M 1 3 38 190
10 89 76 83 5 0 18 0.00 0.0 0 9.6 23 180 M M 1 31 190
11 94 67 81 3 0 16 0.00 0.0 0 8.0 15 170 M M 2 18 20 170
12 89 71 80 2 0 15 T 0.0 0 8.8 18 170 M M 1 3 25 110
13 91 72 82 4 0 17 0.01 0.0 0 7.9 18 130 M M 3 38 23 130
14 94 68 81 3 0 16 0.04 0.0 0 6.7 16 130 M M 2 123 21 130
15 89 67 78 0 0 13 0.00 0.0 0 6.7 15 140 M M 1 19 60
16 88 67 78 1 0 13 0.03 0.0 0 8.9 30 30 M M 4 138 45 80
17 92 64 78 1 0 13 0.00 0.0 0 5.5 12 20 M M 0 8 17 360
18 85 61 73 -4 0 8 0.01 0.0 0 3.6 10 200 M M 0 14 190
19 87 64 76 -1 0 11 0.00 0.0 0 8.7 14 140 M M 2 20 140
20 92 63 78 1 0 13 0.00 0.0 0 10.1 20 190 M M 0 8 28 200
21 94 72 83 6 0 18 0.00 0.0 0 12.4 18 200 M M 0 8 28 200
22 96 66 81 5 0 16 0.00 0.0 0 10.6 17 220 M M 0 25 210
23 99 67 83 7 0 18 0.00 0.0 0 8.5 16 190 M M 0 24 180
24 98 72 85 9 0 20 0.00 0.0 0 11.7 20 210 M M 0 25 170
25 98 72 85 9 0 20 0.00 0.0 0 12.4 21 180 M M 0 27 170
26 98 73 86 10 0 21 0.00 0.0 0 13.6 22 170 M M 0 29 170
27 98 71 85 10 0 20 0.00 0.0 0 10.3 20 190 M M 0 8 26 200
28 98 71 85 10 0 20 0.00 0.0 0 7.1 15 20 M M 0 8 21 30
29 84 65 75 0 0 10 0.33 0.0 0 6.2 18 20 M M 2 3 24 30
30 85 60 73 -1 0 8 0.00 0.0 0 7.9 18 160 M M 2 18 27 160
31 81 65 73 -1 0 8 T 0.0 0 10.7 26 10 M M 4 39 10
================================================================================
SM 2813 2088 0 443 0.53 0.0 277.6 M 37
================================================================================
AV 90.7 67.4 9.0 FASTST M M 1 MAX(MPH)
MISC ----> # 30 30 # 45 80
================================================================================
NOTES:
# LAST OF SEVERAL OCCURRENCES
COLUMN 17 PEAK WIND IN M.P.H.
PRELIMINARY LOCAL CLIMATOLOGICAL DATA (WS FORM: F-6) , PAGE 2
STATION: Concordia KS
MONTH: AUGUST
YEAR: 2020
LATITUDE: 39 32 N
LONGITUDE: 97 39 W
[TEMPERATURE DATA] [PRECIPITATION DATA] SYMBOLS USED IN COLUMN 16
AVERAGE MONTHLY: 79.1 TOTAL FOR MONTH: 0.53 1 = FOG OR MIST
DPTR FM NORMAL: 1.9 DPTR FM NORMAL: -2.61 2 = FOG REDUCING VISIBILITY
HIGHEST: 100 ON 8 GRTST 24HR 0.33 ON 29-29 TO 1/4 MILE OR LESS
LOWEST: 57 ON 4 3 = THUNDER
SNOW, ICE PELLETS, HAIL 4 = ICE PELLETS
TOTAL MONTH: 0.0 INCH 5 = HAIL
GRTST 24HR 0.0 6 = FREEZING RAIN OR DRIZZLE
GRTST DEPTH: 0 7 = DUSTSTORM OR SANDSTORM:
VSBY 1/2 MILE OR LESS
8 = SMOKE OR HAZE
[NO. OF DAYS WITH] [WEATHER - DAYS WITH] 9 = BLOWING SNOW
X = TORNADO
MAX 32 OR BELOW: 0 0.01 INCH OR MORE: 7
MAX 90 OR ABOVE: 16 0.10 INCH OR MORE: 2
MIN 32 OR BELOW: 0 0.50 INCH OR MORE: 0
MIN 0 OR BELOW: 0 1.00 INCH OR MORE: 0
[HDD (BASE 65) ]
TOTAL THIS MO. 0 CLEAR (SCALE 0-3) 29
DPTR FM NORMAL -3 PTCLDY (SCALE 4-7) 2
TOTAL FM JUL 1 0 CLOUDY (SCALE 8-10) 0
DPTR FM NORMAL -3
[CDD (BASE 65) ]
TOTAL THIS MO. 443
DPTR FM NORMAL 67 [PRESSURE DATA]
TOTAL FM JAN 1 1447 HIGHEST SLP M ON M
DPTR FM NORMAL 281 LOWEST SLP 29.65 ON 31
[REMARKS]
#FINAL-08-20#