000
CXUS53 KTOP 010810
CF6CNK
PRELIMINARY LOCAL CLIMATOLOGICAL DATA (WS FORM: F-6)
STATION: CONCORDIA KS
MONTH: SEPTEMBER
YEAR: 2023
LATITUDE: 39 32 N
LONGITUDE: 97 39 W
TEMPERATURE IN F: :PCPN: SNOW: WIND :SUNSHINE: SKY :PK WND
================================================================================
1 2 3 4 5 6A 6B 7 8 9 10 11 12 13 14 15 16 17 18
12Z AVG MX 2MIN
DY MAX MIN AVG DEP HDD CDD WTR SNW DPTH SPD SPD DIR MIN PSBL S-S WX SPD DR
================================================================================
1 99 65 82 9 0 17 0.00 M M 10.8 18 140 M M 0 27 190
2 103 71 87 14 0 22 0.00 M M 12.0 22 190 M M 0 33 170
3 102 71 87 14 0 22 0.00 M M 13.2 24 200 M M 0 36 190
4 101 72 87 15 0 22 0.00 M M 15.4 24 170 M M 0 41 160
5 91 63 77 5 0 12 0.00 0.0 0 13.8 25 180 M M 0 3 39 200
6 85 55 70 -2 0 5 0.00 0.0 0 5.4 13 310 M M 0 8 17 360
7 92 54 73 1 0 8 0.00 M M 7.6 16 140 M M 1 8 27 140
8 92 62 77 6 0 12 0.00 M M 6.9 16 120 M M 0 8 26 130
9 91 56 74 3 0 9 0.00 M M 5.6 15 170 M M 0 8 20 170
10 86 58 72 1 0 7 0.08 M M 7.5 21 340 M M 4 1 31 330
11 73 55 64 -6 1 0 T M M 5.8 13 30 M M 6 1 20 40
12 82 49 66 -4 0 1 0.00 M M 3.6 9 300 M M 0 18 14 10
13 83 48 66 -4 0 1 0.00 0.0 0 5.9 17 180 M M 2 25 180
14 84 53 69 0 0 4 0.00 M M 6.5 14 130 M M 6 8 20 170
15 73 57 65 -4 0 0 0.44 M M 4.6 14 150 M M 6 1 18 140
16 85 56 71 3 0 6 0.00 M M 5.5 13 270 M M 3 12 23 250
17 84 51 68 0 0 3 0.00 M M 3.2 10 170 M M 0 18 14 170
18 95 59 77 9 0 12 0.00 M M 12.9 23 200 M M 0 8 33 190
19 90 66 78 11 0 13 0.00 0.0 0 15.2 24 170 M M 0 32 180
20 90 62 76 9 0 11 0.00 M M 11.6 18 170 M M 0 18 26 180
21 89 64 77 10 0 12 0.72 M M 11.9 32 240 M M 3 13 47 230
22 76 62 69 3 0 4 1.22 M M 11.1 28 170 M M 8 13 35 170
23 88 60 74 8 0 9 0.00 M M 9.2 18 140 M M 4 1 27 130
24 85 54 70 5 0 5 0.00 M M 7.2 21 290 M M 0 27 290
25 87 55 71 6 0 6 0.00 M M 3.3 13 290 M M 0 17 280
26 84 55 70 6 0 5 0.00 M M 5.3 14 60 M M 0 20 30
27 84 54 69 5 0 4 0.00 M M 4.3 9 20 M M 0 13 40
28 97 58 78 14 0 13 0.00 0.0 0 10.8 25 170 M M 0 35 170
29 96 71 84 21 0 19 0.00 0.0 0 17.5 30 190 M M 0 44 180
30 96 74 85 22 0 20 0.00 0.0 0 17.7 31 190 M M 0 3 42 190
================================================================================
SM 2663 1790 1 284 2.46 0.0 271.3 M 43
================================================================================
AV 88.8 59.7 9.0 FASTST M M 1 MAX(MPH)
MISC ----> 32 240 47 230
================================================================================
NOTES:
# LAST OF SEVERAL OCCURRENCES
COLUMN 17 PEAK WIND IN M.P.H.
PRELIMINARY LOCAL CLIMATOLOGICAL DATA (WS FORM: F-6) , PAGE 2
STATION: CONCORDIA KS
MONTH: SEPTEMBER
YEAR: 2023
LATITUDE: 39 32 N
LONGITUDE: 97 39 W
[TEMPERATURE DATA] [PRECIPITATION DATA] SYMBOLS USED IN COLUMN 16
AVERAGE MONTHLY: 74.2 TOTAL FOR MONTH: 2.46 1 = FOG OR MIST
DPTR FM NORMAL: 5.7 DPTR FM NORMAL: -0.34 2 = FOG REDUCING VISIBILITY
HIGHEST: 103 ON 2 GRTST 24HR 1.94 ON 21-22 TO 1/4 MILE OR LESS
LOWEST: 48 ON 13 3 = THUNDER
SNOW, ICE PELLETS, HAIL 4 = ICE PELLETS
TOTAL MONTH: 0.0 INCH 5 = HAIL
GRTST 24HR 0.0 6 = FREEZING RAIN OR DRIZZLE
GRTST DEPTH: 0 7 = DUSTSTORM OR SANDSTORM:
VSBY 1/2 MILE OR LESS
8 = SMOKE OR HAZE
[NO. OF DAYS WITH] [WEATHER - DAYS WITH] 9 = BLOWING SNOW
X = TORNADO
MAX 32 OR BELOW: 0 0.01 INCH OR MORE: 4
MAX 90 OR ABOVE: 14 0.10 INCH OR MORE: 3
MIN 32 OR BELOW: 0 0.50 INCH OR MORE: 2
MIN 0 OR BELOW: 0 1.00 INCH OR MORE: 1
[HDD (BASE 65) ]
TOTAL THIS MO. 1 CLEAR (SCALE 0-3) 23
DPTR FM NORMAL -63 PTCLDY (SCALE 4-7) 7
TOTAL FM JUL 1 1 CLOUDY (SCALE 8-10) 0
DPTR FM NORMAL -65
[CDD (BASE 65) ]
TOTAL THIS MO. 284
DPTR FM NORMAL 117 [PRESSURE DATA]
TOTAL FM JAN 1 1791 HIGHEST SLP M ON M
DPTR FM NORMAL 445 LOWEST SLP 29.49 ON 5
[REMARKS]
#FINAL-09-23#