000
CXUS54 KMAF 012127
CF6CNM
PRELIMINARY LOCAL CLIMATOLOGICAL DATA (WS FORM: F-6)
STATION: CARLSBAD
MONTH: JANUARY
YEAR: 2024
LATITUDE: 32 20 N
LONGITUDE: 104 15 W
TEMPERATURE IN F: :PCPN: SNOW: WIND :SUNSHINE: SKY :PK WND
================================================================================
1 2 3 4 5 6A 6B 7 8 9 10 11 12 13 14 15 16 17 18
12Z AVG MX 2MIN
DY MAX MIN AVG DEP HDD CDD WTR SNW DPTH SPD SPD DIR MIN PSBL S-S WX SPD DR
================================================================================
1 51 23 37 -5 28 0 0.00 M M 7.2 13 180 M M 0 17 190
2 52 33 43 1 22 0 T M M 7.1 16 10 M M 5 18 10
3 57 25 41 -1 24 0 0.00 M M 6.8 14 140 M M 0 19 160
4 51 35 43 1 22 0 0.01 M M 14.2 33 270 M M 3 1 45 270
5 57 40 49 7 16 0 0.00 M M 13.8 28 260 M M 1 35 250
6 49 27 38 -5 27 0 0.00 M M 9.4 28 350 M M 2 36 330
7 64 24 44 1 21 0 0.00 M M 13.3 35 270 M M 0 41 270
8 48 27 38 -5 27 0 0.00 M M 20.5 51 260 M M 4 8 64 260
9 54 19 37 -6 28 0 0.00 M M 11.5 25 250 M M 0 31 250
10 63 42 53 10 12 0 0.00 M M 13.7 33 260 M M 0 44 270
11 65 40 53 10 12 0 0.00 M M 27.4 46 250 M M 2 8 63 260
12 57 30 44 1 21 0 0.00 M M 16.9 33 260 M M 0 43 260
13 67 27 47 4 18 0 0.00 M M 17.8 33 250 M M 0 41 270
14 36 17 27 -17 38 0 0.00 M M 11.4 20 140 M M 0 26 160
15 39 11 25 -19 40 0 0.00 M M 10.1 20 70 M M 0 25 130
16 33 9 21 -23 44 0 0.00 M M 10.1 16 130 M M 0 22 170
17 70 12 41 -3 24 0 0.00 M M 11.5 33 250 M M 0 44 250
18 75 42 59 15 6 0 0.00 M M 15.0 30 270 M M 0 36 260
19 47 25 36 -8 29 0 0.00 M M 8.6 23 340 M M 0 29 340
20 38 19 29 -15 36 0 0.00 M M 9.1 18 150 M M 0 23 150
21 48 31 40 -4 25 0 0.00 M M 7.6 14 130 M M 5 19 120
22 66 29 48 3 17 0 0.00 M M 6.6 22 260 M M 2 32 270
23 61 42 52 7 13 0 0.01 M M 4.5 14 190 M M 7 1 18 180
24 61 43 52 7 13 0 T M M 5.8 22 260 M M 5 12 29 270
25 62 33 48 3 17 0 0.00 M M 8.3 24 250 M M 0 30 250
26 59 42 51 6 14 0 T M M 13.2 28 340 M M 4 34 340
27 59 36 48 3 17 0 0.00 M M 7.5 20 330 M M 0 25 340
28 64 27 46 0 19 0 0.00 M M 6.9 17 140 M M 0 23 130
29 66 31 49 3 16 0 0.00 M M 4.9 10 350 M M 0 14 140
30 66 34 50 4 15 0 0.00 M M 6.7 16 330 M M 0 20 340
31 62 42 52 6 13 0 0.00 M M 5.9 16 160 M M 4 25 140
================================================================================
SM 1747 917 674 0 0.02 M 333.3 M 44
================================================================================
AV 56.4 29.6 10.8 FASTST M M 1 MAX(MPH)
MISC ----> 51 260 64 260
================================================================================
NOTES:
# LAST OF SEVERAL OCCURRENCES
COLUMN 17 PEAK WIND IN M.P.H.
PRELIMINARY LOCAL CLIMATOLOGICAL DATA (WS FORM: F-6) , PAGE 2
STATION: CARLSBAD
MONTH: JANUARY
YEAR: 2024
LATITUDE: 32 20 N
LONGITUDE: 104 15 W
[TEMPERATURE DATA] [PRECIPITATION DATA] SYMBOLS USED IN COLUMN 16
AVERAGE MONTHLY: 43.0 TOTAL FOR MONTH: 0.02 1 = FOG OR MIST
DPTR FM NORMAL: -0.9 DPTR FM NORMAL: -0.35 2 = FOG REDUCING VISIBILITY
HIGHEST: 75 ON 18 GRTST 24HR 0.12 ON 26-26 TO 1/4 MILE OR LESS
LOWEST: 9 ON 16 3 = THUNDER
SNOW, ICE PELLETS, HAIL 4 = ICE PELLETS
TOTAL MONTH: M 5 = HAIL
GRTST 24HR M ON M 6 = FREEZING RAIN OR DRIZZLE
GRTST DEPTH: M ON M 7 = DUSTSTORM OR SANDSTORM:
VSBY 1/2 MILE OR LESS
8 = SMOKE OR HAZE
[NO. OF DAYS WITH] [WEATHER - DAYS WITH] 9 = BLOWING SNOW
X = TORNADO
MAX 32 OR BELOW: 0 0.01 INCH OR MORE: 2
MAX 90 OR ABOVE: 0 0.10 INCH OR MORE: 0
MIN 32 OR BELOW: 18 0.50 INCH OR MORE: 0
MIN 0 OR BELOW: 0 1.00 INCH OR MORE: 0
[HDD (BASE 65) ]
TOTAL THIS MO. 674 CLEAR (SCALE 0-3) 24
DPTR FM NORMAL 20 PTCLDY (SCALE 4-7) 7
TOTAL FM JUL 1 1667 CLOUDY (SCALE 8-10) 0
DPTR FM NORMAL -194
[CDD (BASE 65) ]
TOTAL THIS MO. 0
DPTR FM NORMAL 0 [PRESSURE DATA]
TOTAL FM JAN 1 0 HIGHEST SLP 30.53 ON 19
DPTR FM NORMAL 0 LOWEST SLP 29.37 ON 11
[REMARKS]
#FINAL-01-24#