000
CXUS53 KICT 060136
CLMCNU
CLIMATE REPORT
NATIONAL WEATHER SERVICE WICHITA KANSAS
836 PM CDT WED APR 05 2023
...................................
...THE CHANUTE KS CLIMATE SUMMARY FOR THE MONTH OF MARCH 2023...
CLIMATE NORMAL PERIOD 1991 TO 2020
CLIMATE RECORD PERIOD 1894 TO 2023
WEATHER OBSERVED NORMAL DEPART LAST YEAR`S
VALUE DATE(S) VALUE FROM VALUE DATE(S)
NORMAL
................................................................
TEMPERATURE (F)
RECORD
HIGH 95 03/21/1916
LOW -4 03/11/1948
HIGHEST 81 03/31 83 03/02
LOWEST 15 03/19 12 03/12
AVG. MAXIMUM 58.5 60.2 -1.7 60.7
AVG. MINIMUM 35.4 36.4 -1.0 35.4
MEAN 47.0 48.3 -1.3 48.0
DAYS MAX >= 90 0 0.0 0.0 0
DAYS MAX <= 32 0 0.7 -0.7 0
DAYS MIN <= 32 12 11.9 0.1 8
DAYS MIN <= 0 0 0.1 -0.1 0
PRECIPITATION (INCHES)
RECORD
MAXIMUM 12.08 1973
MINIMUM 0.00 1904
TOTALS 0.88 2.50 -1.62 3.27
DAILY AVG. 0.03 0.08 -0.05 0.11
DAYS >= .01 10 8.4 1.6 12
DAYS >= .10 4 4.8 -0.8 7
DAYS >= .50 0 1.5 -1.5 2
DAYS >= 1.00 0 0.3 -0.3 1
GREATEST
24 HR. TOTAL 0.27 03/16 TO 03/16
DEGREE DAYS
HEATING TOTAL 553 525 28 519
SINCE 7/1 3639 3904 -265 3381
COOLING TOTAL 4 7 -3 3
................................................................
WIND (MPH)
AVERAGE WIND SPEED 11.7
HIGHEST WIND SPEED/DIRECTION 45/240 DATE 03/31
HIGHEST GUST SPEED/DIRECTION 62/250 DATE 03/31
SKY COVER
POSSIBLE SUNSHINE (PERCENT) MM
AVERAGE SKY COVER 0.44
NUMBER OF DAYS FAIR 14
NUMBER OF DAYS PC 10
NUMBER OF DAYS CLOUDY 7
AVERAGE RH (PERCENT) 64
WEATHER CONDITIONS. NUMBER OF DAYS WITH
THUNDERSTORM 3 MIXED PRECIP 0
HEAVY RAIN 1 RAIN 2
LIGHT RAIN 10 FREEZING RAIN 0
LT FREEZING RAIN 0 HAIL 0
HEAVY SNOW 0 SNOW 0
LIGHT SNOW 1 SLEET 0
FOG 14 FOG W/VIS <= 1/4 MILE 0
HAZE 4
- INDICATES NEGATIVE NUMBERS.
R INDICATES RECORD WAS SET OR TIED.
MM INDICATES DATA IS MISSING.
T INDICATES TRACE AMOUNT.
$$