000
CXUS51 KGYX 021648
CF6CON
PRELIMINARY LOCAL CLIMATOLOGICAL DATA (WS FORM: F-6)
STATION: CONCORD NH
MONTH: SEPTEMBER
YEAR: 2022
LATITUDE: 43 12 N
LONGITUDE: 71 30 W
TEMPERATURE IN F: :PCPN: SNOW: WIND :SUNSHINE: SKY :PK WND
================================================================================
1 2 3 4 5 6A 6B 7 8 9 10 11 12 13 14 15 16 17 18
12Z AVG MX 2MIN
DY MAX MIN AVG DEP HDD CDD WTR SNW DPTH SPD SPD DIR MIN PSBL S-S WX SPD DR
================================================================================
1 74 51 63 -3 2 0 T 0.0 0 9.3 23 300 M M 4 34 270
2 76 43 60 -6 5 0 0.00 0.0 0 4.7 13 90 M M 0 21 250
3 82 48 65 -1 0 0 0.00 0.0 0 3.9 13 90 M M 0 27 90
4 88 53 71 5 0 6 T 0.0 0 4.1 13 100 M M 2 3 26 320
5 70 59 65 0 0 0 1.41 0.0 0 5.0 14 20 M M 10 1 18 30
6 63 58 61 -4 4 0 0.25 0.0 0 5.8 13 100 M M 10 1 19 20
7 69 56 63 -2 2 0 0.00 0.0 0 3.2 14 100 M M 7 12 M M
8 77 52 65 1 0 0 0.00 0.0 0 5.3 13 90 M M 5 12 26 330
9 82 50 66 2 0 1 0.00 0.0 0 1.7 12 110 M M 3 12 30 270
10 85 53 69 5 0 4 0.00 0.0 0 2.0 10 100 M M 1 12 17 120
11 77 60 69 6 0 4 T 0.0 0 2.5 14 300 M M 3 M M
12 84 62 73 10 0 8 0.00 0.0 0 3.2 13 100 M M 6 M M
13 73 63 68 6 0 3 0.52 0.0 0 4.7 13 100 M M 9 123 15 90
14 80 56 68 6 0 3 0.00 0.0 0 7.1 18 360 M M 2 1 34 330
15 67 42 55 -7 10 0 0.00 0.0 0 13.3 26 350 M M 1 36 350
16 71 40 56 -5 9 0 0.00 0.0 0 9.0 21 360 M M 1 32 360
17 71 37 54 -7 11 0 0.00 0.0 0 4.4 12 110 M M 0 12 19 170
18 81 48 65 5 0 0 0.11 0.0 0 5.9 15 250 M M 4 13 20 250
19 64 55 60 0 5 0 0.70 0.0 0 7.7 13 100 M M 10 13 17 90
20 62 54 58 -2 7 0 0.06 0.0 0 5.5 13 100 M M 10 1 21 120
21 67 54 61 2 4 0 0.00 0.0 0 6.5 16 350 M M 7 1 23 360
22 65 51 58 -1 7 0 1.04 0.0 0 8.7 21 280 M M 7 13 30 260
23 57 46 52 -6 13 0 0.00 0.0 0 14.1 25 320 M M 5 35 320
24 66 40 53 -5 12 0 0.00 0.0 0 11.5 29 300 M M 0 39 300
25 66 37 52 -6 13 0 0.03 0.0 0 7.7 13 100 M M 4 1 22 190
26 74 49 62 5 3 0 0.04 0.0 0 9.6 17 270 M M 6 12 26 210
27 72 48 60 3 5 0 0.00 0.0 0 6.4 18 230 M M 5 12 26 230
28 70 45 58 2 7 0 T 0.0 0 7.9 21 360 M M 5 27 340
29 61 37 49 -7 16 0 0.00 0.0 0 10.1 24 350 M M 1 33 350
30 62 32 47 -9 18 0 0.00 0.0 0 5.1 13 30 M M 1 30 340
================================================================================
SM 2156 1479 153 29 4.16 0.0 195.9 M 129
================================================================================
AV 71.9 49.3 6.5 FASTST M M 4 MAX(MPH)
MISC ----> 29 300 39 300
================================================================================
NOTES:
# LAST OF SEVERAL OCCURRENCES
COLUMN 17 PEAK WIND IN M.P.H.
PRELIMINARY LOCAL CLIMATOLOGICAL DATA (WS FORM: F-6) , PAGE 2
STATION: CONCORD NH
MONTH: SEPTEMBER
YEAR: 2022
LATITUDE: 43 12 N
LONGITUDE: 71 30 W
[TEMPERATURE DATA] [PRECIPITATION DATA] SYMBOLS USED IN COLUMN 16
AVERAGE MONTHLY: 60.6 TOTAL FOR MONTH: 4.16 1 = FOG OR MIST
DPTR FM NORMAL: -0.8 DPTR FM NORMAL: 0.53 2 = FOG REDUCING VISIBILITY
HIGHEST: 88 ON 4 GRTST 24HR 1.51 ON 5- 6 TO 1/4 MILE OR LESS
LOWEST: 32 ON 30 3 = THUNDER
SNOW, ICE PELLETS, HAIL 4 = ICE PELLETS
TOTAL MONTH: 0.0 INCH 5 = HAIL
GRTST 24HR 0.0 6 = FREEZING RAIN OR DRIZZLE
GRTST DEPTH: 0 7 = DUSTSTORM OR SANDSTORM:
VSBY 1/2 MILE OR LESS
8 = SMOKE OR HAZE
[NO. OF DAYS WITH] [WEATHER - DAYS WITH] 9 = BLOWING SNOW
X = TORNADO
MAX 32 OR BELOW: 0 0.01 INCH OR MORE: 9
MAX 90 OR ABOVE: 0 0.10 INCH OR MORE: 6
MIN 32 OR BELOW: 1 0.50 INCH OR MORE: 4
MIN 0 OR BELOW: 0 1.00 INCH OR MORE: 2
[HDD (BASE 65) ]
TOTAL THIS MO. 153 CLEAR (SCALE 0-3) 11
DPTR FM NORMAL -7 PTCLDY (SCALE 4-7) 14
TOTAL FM JUL 1 155 CLOUDY (SCALE 8-10) 5
DPTR FM NORMAL -36
[CDD (BASE 65) ]
TOTAL THIS MO. 29
DPTR FM NORMAL -21 [PRESSURE DATA]
TOTAL FM JAN 1 646 HIGHEST SLP 30.42 ON 30
DPTR FM NORMAL 121 LOWEST SLP 29.47 ON 22
[REMARKS]
#FINAL-09-22#