000
CXUS51 KGYX 022232
CF6CON
PRELIMINARY LOCAL CLIMATOLOGICAL DATA (WS FORM: F-6)
STATION: CONCORD NH
MONTH: JANUARY
YEAR: 2022
LATITUDE: 43 12 N
LONGITUDE: 71 30 W
TEMPERATURE IN F: :PCPN: SNOW: WIND :SUNSHINE: SKY :PK WND
================================================================================
1 2 3 4 5 6A 6B 7 8 9 10 11 12 13 14 15 16 17 18
12Z AVG MX 2MIN
DY MAX MIN AVG DEP HDD CDD WTR SNW DPTH SPD SPD DIR MIN PSBL S-S WX SPD DR
================================================================================
1 38 34 36 12 29 0 0.12 0.0 4 1.6 7 300 M M 10 12 8 300
2 39 24 32 8 33 0 0.10 0.0 3 6.3 20 320 M M 9 12 26 320
3 24 13 19 -5 46 0 0.00 0.0 3 9.4 18 310 M M 0 24 310
4 31 8 20 -4 45 0 0.00 0.0 2 5.6 14 310 M M 0 18 320
5 38 20 29 6 36 0 0.07 0.0 2 3.6 10 140 M M 5 126 14 230
6 37 22 30 7 35 0 T T 2 5.1 22 290 M M 4 12 30 280
7 29 19 24 1 41 0 0.39 4.5 3 8.3 20 310 M M 9 1 28 310
8 24 3 14 -9 51 0 0.00 0.0 6 9.0 25 320 M M 0 8 33 320
9 38 8 23 0 42 0 0.01 0.0 6 9.5 21 260 M M 9 28 270
10 38 15 27 5 38 0 0.03 0.2 5 12.7 28 310 M M 6 18 37 250
11 15 -7 4 -18 61 0 0.00 0.0 5 9.5 23 320 M M 1 8 31 320
12 30 -7 12 -10 53 0 0.00 0.0 5 3.6 13 210 M M 5 16 210
13 36 19 28 6 37 0 T T 5 0.6 7 300 M M 8 8 8 300
14 37 5 21 -1 44 0 0.00 0.0 5 10.6 26 330 M M 4 37 320
15 8 -5 2 -20 63 0 0.00 0.0 5 15.7 28 310 M M 0 36 300
16 24 -9 8 -14 57 0 0.00 0.0 5 2.1 10 300 M M 0 14 310
17 45 20 33 11 32 0 1.01 6.1 9 11.8 31 80 M M 9 12 41 80
18 33 9 21 -1 44 0 T T 9 16.8 32 310 M M 5 47 310
19 42 4 23 1 42 0 0.00 0.0 9 5.8 17 210 M M 5 25 240
20 38 9 24 2 41 0 0.00 0.0 9 10.1 21 310 M M 5 26 320
21 19 -3 8 -14 57 0 0.00 0.0 9 5.4 15 320 M M 0 19 320
22 22 -10 6 -16 59 0 0.00 0.0 9 1.2 8 290 M M 0 10 300
23 30 2 16 -6 49 0 0.00 0.0 9 2.4 13 260 M M 4 19 260
24 27 8 18 -4 47 0 0.01 0.1 9 2.3 12 320 M M 2 1 16 320
25 37 20 29 7 36 0 0.03 0.4 10 5.2 17 280 M M 7 18 26 310
26 20 0 10 -12 55 0 0.00 0.0 9 7.8 18 330 M M 0 24 320
27 23 -9 7 -15 58 0 0.00 0.0 9 3.2 13 160 M M 1 17 150
28 33 16 25 3 40 0 0.00 0.0 9 1.7 10 160 M M 7 12 160
29 23 8 16 -6 49 0 0.44 5.5 9 15.2 30 310 M M 10 1289 40 320
30 19 -3 8 -14 57 0 0.00 0.0 13 13.1 26 300 M M 1 89 35 290
31 29 -9 10 -12 55 0 0.00 0.0 12 0.5 10 310 M M 0 13 310
================================================================================
SM 926 224 1432 0 2.21 16.8 215.7 M 126
================================================================================
AV 29.9 7.2 7.0 FASTST M M 4 MAX(MPH)
MISC ----> 32 310 47 310
================================================================================
NOTES:
# LAST OF SEVERAL OCCURRENCES
COLUMN 17 PEAK WIND IN M.P.H.
PRELIMINARY LOCAL CLIMATOLOGICAL DATA (WS FORM: F-6) , PAGE 2
STATION: CONCORD NH
MONTH: JANUARY
YEAR: 2022
LATITUDE: 43 12 N
LONGITUDE: 71 30 W
[TEMPERATURE DATA] [PRECIPITATION DATA] SYMBOLS USED IN COLUMN 16
AVERAGE MONTHLY: 18.5 TOTAL FOR MONTH: 2.21 1 = FOG OR MIST
DPTR FM NORMAL: -3.8 DPTR FM NORMAL: -0.59 2 = FOG REDUCING VISIBILITY
HIGHEST: 45 ON 17 GRTST 24HR 1.01 ON 17-17 TO 1/4 MILE OR LESS
LOWEST: -10 ON 22 3 = THUNDER
SNOW, ICE PELLETS, HAIL 4 = ICE PELLETS
TOTAL MONTH: 16.8 INCHES 5 = HAIL
GRTST 24HR 6.1 ON 17-17 6 = FREEZING RAIN OR DRIZZLE
GRTST DEPTH: 13 ON 30 7 = DUSTSTORM OR SANDSTORM:
VSBY 1/2 MILE OR LESS
8 = SMOKE OR HAZE
[NO. OF DAYS WITH] [WEATHER - DAYS WITH] 9 = BLOWING SNOW
X = TORNADO
MAX 32 OR BELOW: 17 0.01 INCH OR MORE: 10
MAX 90 OR ABOVE: 0 0.10 INCH OR MORE: 5
MIN 32 OR BELOW: 30 0.50 INCH OR MORE: 1
MIN 0 OR BELOW: 10 1.00 INCH OR MORE: 1
[HDD (BASE 65) ]
TOTAL THIS MO. 1432 CLEAR (SCALE 0-3) 13
DPTR FM NORMAL 107 PTCLDY (SCALE 4-7) 12
TOTAL FM JUL 1 3678 CLOUDY (SCALE 8-10) 6
DPTR FM NORMAL -256
[CDD (BASE 65) ]
TOTAL THIS MO. 0
DPTR FM NORMAL 0 [PRESSURE DATA]
TOTAL FM JAN 1 0 HIGHEST SLP 30.62 ON 21
DPTR FM NORMAL 0 LOWEST SLP 28.98 ON 17
[REMARKS]
#FINAL-01-22#