000
CXUS55 KRIW 130153
CF6CPR
PRELIMINARY LOCAL CLIMATOLOGICAL DATA (WS FORM: F-6)
STATION: CASPER WY
MONTH: SEPTEMBER
YEAR: 2021
LATITUDE: 42 55 N
LONGITUDE: 106 28 W
TEMPERATURE IN F: :PCPN: SNOW: WIND :SUNSHINE: SKY :PK WND
================================================================================
1 2 3 4 5 6A 6B 7 8 9 10 11 12 13 14 15 16 17 18
12Z AVG MX 2MIN
DY MAX MIN AVG DEP HDD CDD WTR SNW DPTH SPD SPD DIR MIN PSBL S-S WX SPD DR
================================================================================
1 78 60 69 4 0 4 T 0.0 0 12.9 33 160 M M 3 8 45 160
2 82 48 65 1 0 0 0.01 0.0 0 8.9 26 300 M M 3 36 300
3 80 47 64 0 1 0 0.06 0.0 0 7.9 21 260 M M 2 1 29 270
4 78 41 60 -4 5 0 0.00 0.0 0 7.9 20 270 M M 0 8 26 280
5 87 40 64 1 1 0 0.00 0.0 0 9.2 22 240 M M 0 29 280
6 89 48 69 6 0 4 0.00 0.0 0 11.2 25 280 M M 0 37 270
7 87 44 66 3 0 1 0.00 0.0 0 5.6 13 80 M M 0 8 17 60
8 86 41 64 2 1 0 0.00 0.0 0 3.6 10 100 M M 0 13 110
9 95 42 69 7 0 4 0.00 0.0 0 8.3 21 270 M M 0 29 270
10 95 50 73 11 0 8 T 0.0 0 10.5 35 290 M M 0 51 290
11 87 55 71 10 0 6 T 0.0 0 14.1 29 250 M M 1 3 43 290
12 84 46 65 4 0 0 T 0.0 0 9.0 24 220 M M 2 3 34 230
13 76 53 65 5 0 0 0.10 0.0 0 10.0 32 260 M M 3 3 48 260
14 80 41 61 1 4 0 0.00 0.0 0 7.6 20 230 M M 0 26 220
15 87 44 66 7 0 1 0.00 0.0 0 15.2 30 240 M M 0 40 230
16 88 42 65 6 0 0 0.00 0.0 0 13.9 35 20 M M 0 46 240
17 83 30 57 -1 8 0 0.00 0.0 0 8.4 25 230 M M 1 8 34 230
18 86 51 69 11 0 4 T 0.0 0 18.2 36 240 M M 0 8 50 240
19 79 45 62 4 3 0 0.07 0.0 0 16.9 35 270 M M 4 3 46 290
20 57 35 46 -11 19 0 0.05 0.0 0 8.8 35 330 M M 6 13 45 320
21 68 32 50 -7 15 0 0.00 0.0 0 10.1 23 220 M M 0 30 220
22 79 38 59 3 6 0 0.00 0.0 0 12.4 26 210 M M 0 34 230
23 75 38 57 1 8 0 0.00 0.0 0 5.9 15 50 M M 0 26 30
24 74 36 55 0 10 0 0.00 0.0 0 4.5 16 320 M M 0 22 280
25 85 36 61 6 4 0 0.00 0.0 0 11.9 25 210 M M 0 35 200
26 86 46 66 12 0 1 0.00 0.0 0 10.7 23 210 M M 0 30 200
27 85 46 66 12 0 1 0.00 0.0 0 10.6 23 200 M M 0 28 200
28 84 39 62 9 3 0 T 0.0 0 7.9 22 120 M M 1 8 31 110
29 58 38 48 -5 17 0 0.50 0.0 0 9.1 24 360 M M 10 1 33 360
30 59 32 46 -6 19 0 0.00 0.0 0 3.5 9 40 M M 1 12 16 60
================================================================================
SM 2417 1284 124 34 0.79 0.0 294.7 M 37
================================================================================
AV 80.6 42.8 9.8 FASTST M M 1 MAX(MPH)
MISC ----> 36 240 51 290
================================================================================
NOTES:
# LAST OF SEVERAL OCCURRENCES
COLUMN 17 PEAK WIND IN M.P.H.
PRELIMINARY LOCAL CLIMATOLOGICAL DATA (WS FORM: F-6) , PAGE 2
STATION: CASPER WY
MONTH: SEPTEMBER
YEAR: 2021
LATITUDE: 42 55 N
LONGITUDE: 106 28 W
[TEMPERATURE DATA] [PRECIPITATION DATA] SYMBOLS USED IN COLUMN 16
AVERAGE MONTHLY: 61.7 TOTAL FOR MONTH: 0.79 1 = FOG OR MIST
DPTR FM NORMAL: 2.8 DPTR FM NORMAL: -0.16 2 = FOG REDUCING VISIBILITY
HIGHEST: 95 ON 10, 9 GRTST 24HR 0.50 ON 29-29 TO 1/4 MILE OR LESS
LOWEST: 30 ON 17 3 = THUNDER
SNOW, ICE PELLETS, HAIL 4 = ICE PELLETS
TOTAL MONTH: 0.0 INCH 5 = HAIL
GRTST 24HR 0.0 6 = FREEZING RAIN OR DRIZZLE
GRTST DEPTH: 0 7 = DUSTSTORM OR SANDSTORM:
VSBY 1/2 MILE OR LESS
8 = SMOKE OR HAZE
[NO. OF DAYS WITH] [WEATHER - DAYS WITH] 9 = BLOWING SNOW
X = TORNADO
MAX 32 OR BELOW: 0 0.01 INCH OR MORE: 6
MAX 90 OR ABOVE: 2 0.10 INCH OR MORE: 2
MIN 32 OR BELOW: 3 0.50 INCH OR MORE: 1
MIN 0 OR BELOW: 0 1.00 INCH OR MORE: 0
[HDD (BASE 65) ]
TOTAL THIS MO. 124 CLEAR (SCALE 0-3) 26
DPTR FM NORMAL -90 PTCLDY (SCALE 4-7) 3
TOTAL FM JUL 1 147 CLOUDY (SCALE 8-10) 1
DPTR FM NORMAL -111
[CDD (BASE 65) ]
TOTAL THIS MO. 34
DPTR FM NORMAL 4 [PRESSURE DATA]
TOTAL FM JAN 1 554 HIGHEST SLP 30.53 ON 21
DPTR FM NORMAL 112 LOWEST SLP 29.49 ON 28
[REMARKS]
#FINAL-09-21#