000
CXUS55 KRIW 010945
CF6CPR
PRELIMINARY LOCAL CLIMATOLOGICAL DATA (WS FORM: F-6)
STATION: CASPER WY
MONTH: APRIL
YEAR: 2020
LATITUDE: 42 55 N
LONGITUDE: 106 28 W
TEMPERATURE IN F: :PCPN: SNOW: WIND :SUNSHINE: SKY :PK WND
================================================================================
1 2 3 4 5 6A 6B 7 8 9 10 11 12 13 14 15 16 17 18
12Z AVG MX 2MIN
DY MAX MIN AVG DEP HDD CDD WTR SNW DPTH SPD SPD DIR MIN PSBL S-S WX SPD DR
================================================================================
1 49 14 32 -7 33 0 0.19 4.9 0 17.3 26 50 M M 10 128 33 10
2 16 -1 8 -31 57 0 0.17 2.9 5 8.1 21 10 M M 7 18 25 20
3 33 -5 14 -26 51 0 0.00 0.0 3 9.9 20 210 M M 0 23 210
4 52 17 35 -5 30 0 0.00 0.0 0 10.7 22 250 M M 1 28 200
5 61 24 43 3 22 0 0.02 0.0 0 10.1 38 260 M M 2 3 50 260
6 65 36 51 11 14 0 T 0.0 0 19.5 39 230 M M 1 54 220
7 64 36 50 10 15 0 T 0.0 0 19.8 37 260 M M 1 49 240
8 56 27 42 1 23 0 0.00 0.0 0 9.2 22 360 M M 1 35 360
9 54 21 38 -3 27 0 0.00 0.0 0 7.0 15 80 M M 0 22 110
10 69 25 47 6 18 0 T 0.0 0 11.7 28 260 M M 3 38 240
11 55 18 37 -4 28 0 0.18 2.6 0 14.1 35 10 M M 6 12 44 20
12 23 11 17 -25 48 0 0.03 1.0 1 10.4 22 30 M M 8 18 27 20
13 27 7 17 -25 48 0 0.00 0.0 0 9.1 18 340 M M 4 25 300
14 40 12 26 -16 39 0 0.00 0.0 0 13.6 26 260 M M 2 36 260
15 43 23 33 -9 32 0 0.04 0.6 0 12.6 26 30 M M 7 1 34 10
16 30 16 23 -20 42 0 0.20 3.2 2 10.0 24 20 M M 8 18 30 30
17 53 16 35 -8 30 0 0.00 0.0 T 17.3 31 230 M M 0 41 230
18 60 28 44 1 21 0 0.00 0.0 0 10.0 17 20 M M 1 23 310
19 58 27 43 -1 22 0 T 0.0 0 9.2 28 280 M M 3 37 300
20 61 24 43 -1 22 0 0.00 0.0 0 7.8 20 330 M M 1 27 330
21 67 25 46 2 19 0 0.00 0.0 0 7.9 17 290 M M 0 27 290
22 68 30 49 5 16 0 0.00 0.0 0 7.4 18 290 M M 4 26 240
23 63 35 49 4 16 0 0.42 0.0 0 9.9 29 20 M M 6 1 39 320
24 57 32 45 0 20 0 0.03 0.0 0 8.5 23 250 M M 7 1 31 260
25 63 30 47 2 18 0 T 0.0 0 7.4 18 270 M M 3 25 290
26 66 40 53 7 12 0 T 0.0 0 10.4 24 230 M M 3 3 34 230
27 73 35 54 8 11 0 T 0.0 0 15.6 39 250 M M 2 52 240
28 62 29 46 0 19 0 T 0.0 0 10.6 28 330 M M 1 42 280
29 75 25 50 3 15 0 0.00 0.0 0 4.0 15 200 M M 0 20 220
30 78 44 61 14 4 0 T 0.0 0 12.5 37 210 M M 1 3 48 210
================================================================================
SM 1641 701 772 0 1.28 15.2 331.6 M 93
================================================================================
AV 54.7 23.4 11.1 FASTST M M 3 MAX(MPH)
MISC ----> # 39 230 # 54 220
================================================================================
NOTES:
# LAST OF SEVERAL OCCURRENCES
COLUMN 17 PEAK WIND IN M.P.H.
PRELIMINARY LOCAL CLIMATOLOGICAL DATA (WS FORM: F-6) , PAGE 2
STATION: CASPER WY
MONTH: APRIL
YEAR: 2020
LATITUDE: 42 55 N
LONGITUDE: 106 28 W
[TEMPERATURE DATA] [PRECIPITATION DATA] SYMBOLS USED IN COLUMN 16
AVERAGE MONTHLY: 39.0 TOTAL FOR MONTH: 1.28 1 = FOG OR MIST
DPTR FM NORMAL: -3.7 DPTR FM NORMAL: -0.01 2 = FOG REDUCING VISIBILITY
HIGHEST: 78 ON 30 GRTST 24HR 0.42 ON 23-23 TO 1/4 MILE OR LESS
LOWEST: -5 ON 3 3 = THUNDER
SNOW, ICE PELLETS, HAIL 4 = ICE PELLETS
TOTAL MONTH: 15.2 INCHES 5 = HAIL
GRTST 24HR 4.9 ON 1- 1 6 = FREEZING RAIN OR DRIZZLE
GRTST DEPTH: 5 ON 2 7 = DUSTSTORM OR SANDSTORM:
VSBY 1/2 MILE OR LESS
8 = SMOKE OR HAZE
[NO. OF DAYS WITH] [WEATHER - DAYS WITH] 9 = BLOWING SNOW
X = TORNADO
MAX 32 OR BELOW: 4 0.01 INCH OR MORE: 9
MAX 90 OR ABOVE: 0 0.10 INCH OR MORE: 5
MIN 32 OR BELOW: 24 0.50 INCH OR MORE: 0
MIN 0 OR BELOW: 2 1.00 INCH OR MORE: 0
[HDD (BASE 65) ]
TOTAL THIS MO. 772 CLEAR (SCALE 0-3) 17
DPTR FM NORMAL 103 PTCLDY (SCALE 4-7) 11
TOTAL FM JUL 1 7301 CLOUDY (SCALE 8-10) 2
DPTR FM NORMAL 259
[CDD (BASE 65) ]
TOTAL THIS MO. 0
DPTR FM NORMAL 0 [PRESSURE DATA]
TOTAL FM JAN 1 0 HIGHEST SLP 30.40 ON 2
DPTR FM NORMAL 0 LOWEST SLP 29.52 ON 11
[REMARKS]
#FINAL-04-20#