000
CXUS56 KLOX 011655
CF6CQT
PRELIMINARY LOCAL CLIMATOLOGICAL DATA (WS FORM: F-6)
STATION: DOWNTOWN LOS ANGELES (USC) CA
MONTH: AUGUST
YEAR: 2020
LATITUDE: 34 1 N
LONGITUDE: 118 17 W
TEMPERATURE IN F: :PCPN: SNOW: WIND :SUNSHINE: SKY :PK WND
================================================================================
1 2 3 4 5 6A 6B 7 8 9 10 11 12 13 14 15 16 17 18
12Z AVG MX 2MIN
DY MAX MIN AVG DEP HDD CDD WTR SNW DPTH SPD SPD DIR MIN PSBL S-S WX SPD DR
================================================================================
1 91 62 77 3 0 12 0.00 0.0 0 1.2 6 260 M M 0 8 10 280
2 88 66 77 3 0 12 0.00 0.0 0 0.8 8 260 M M 1 18 13 270
3 84 67 76 2 0 11 0.00 0.0 0 1.4 8 260 M M 1 8 14 260
4 79 67 73 -1 0 8 0.00 0.0 0 0.9 8 270 M M 5 8 14 260
5 78 64 71 -3 0 6 0.00 0.0 0 2.0 10 260 M M 6 14 270
6 80 65 73 -1 0 8 0.00 0.0 0 0.9 8 260 M M 5 8 13 260
7 80 64 72 -2 0 7 0.00 0.0 0 2.2 10 270 M M 0 15 270
8 81 63 72 -2 0 7 0.00 0.0 0 1.7 9 260 M M 0 13 280
9 80 61 71 -3 0 6 0.00 0.0 0 1.9 9 280 M M 0 18 15 270
10 78 62 70 -4 0 5 0.00 0.0 0 1.5 10 270 M M 2 16 270
11 77 61 69 -5 0 4 0.00 0.0 0 1.6 8 260 M M 2 18 14 260
12 86 60 73 -1 0 8 0.00 0.0 0 1.3 8 260 M M 0 13 270
13 88 66 77 3 0 12 0.00 0.0 0 1.3 9 260 M M 0 14 270
14 93 70 82 8 0 17 0.00 0.0 0 1.4 9 260 M M 0 8 13 280
15 98 73 86 12 0 21 0.00 0.0 0 0.8 7 170 M M 0 13 260
16 95 73 84 10 0 19 0.00 0.0 0 1.6 8 130 M M 0 8 12 130
17 89 72 81 7 0 16 0.00 0.0 0 1.2 9 260 M M 0 14 270
18 97 72 85 11 0 20 0.00 0.0 0 1.2 8 260 M M 0 8 13 260
19 94 75 85 11 0 20 0.00 0.0 0 1.4 9 260 M M 0 16 260
20 94 73 84 10 0 19 0.00 0.0 0 1.7 9 260 M M 0 8 15 260
21 91 73 82 8 0 17 0.00 0.0 0 1.6 7 270 M M 0 8 12 270
22 96 73 85 11 0 20 0.00 0.0 0 1.5 9 270 M M 0 8 15 260
23 91 73 82 8 0 17 0.00 0.0 0 1.8 9 260 M M 0 8 15 270
24 81 70 76 2 0 11 0.00 0.0 0 2.6 9 270 M M 4 8 15 270
25 86 69 78 4 0 13 0.00 0.0 0 1.3 10 270 M M 0 18 16 260
26 87 66 77 3 0 12 0.00 0.0 0 1.7 10 270 M M 1 18 15 270
27 89 67 78 4 0 13 0.00 0.0 0 0.9 10 260 M M 0 8 15 270
28 86 63 75 1 0 10 0.00 0.0 0 1.1 8 260 M M 0 8 14 260
29 80 63 72 -2 0 7 0.00 0.0 0 2.1 9 260 M M 4 8 14 260
30 79 63 71 -3 0 6 0.00 0.0 0 1.9 9 260 M M 4 8 14 270
31 77 64 71 -3 0 6 0.00 0.0 0 1.8 9 270 M M 5 8 15 270
================================================================================
SM 2673 2080 0 370 0.00 0.0 46.3 M 40
================================================================================
AV 86.2 67.1 1.5 FASTST M M 1 MAX(MPH)
MISC ----> # 10 260 # 16 270
================================================================================
NOTES:
# LAST OF SEVERAL OCCURRENCES
COLUMN 17 PEAK WIND IN M.P.H.
PRELIMINARY LOCAL CLIMATOLOGICAL DATA (WS FORM: F-6) , PAGE 2
STATION: DOWNTOWN LOS ANGELES (USC) CA
MONTH: AUGUST
YEAR: 2020
LATITUDE: 34 1 N
LONGITUDE: 118 17 W
[TEMPERATURE DATA] [PRECIPITATION DATA] SYMBOLS USED IN COLUMN 16
AVERAGE MONTHLY: 76.7 TOTAL FOR MONTH: 0.00 1 = FOG OR MIST
DPTR FM NORMAL: 2.4 DPTR FM NORMAL: -0.04 2 = FOG REDUCING VISIBILITY
HIGHEST: 98 ON 15 GRTST 24HR 0.00 ON 31-31 TO 1/4 MILE OR LESS
LOWEST: 60 ON 12 3 = THUNDER
SNOW, ICE PELLETS, HAIL 4 = ICE PELLETS
TOTAL MONTH: 0.0 INCH 5 = HAIL
GRTST 24HR 0.0 6 = FREEZING RAIN OR DRIZZLE
GRTST DEPTH: 0 7 = DUSTSTORM OR SANDSTORM:
VSBY 1/2 MILE OR LESS
8 = SMOKE OR HAZE
[NO. OF DAYS WITH] [WEATHER - DAYS WITH] 9 = BLOWING SNOW
X = TORNADO
MAX 32 OR BELOW: 0 0.01 INCH OR MORE: 0
MAX 90 OR ABOVE: 10 0.10 INCH OR MORE: 0
MIN 32 OR BELOW: 0 0.50 INCH OR MORE: 0
MIN 0 OR BELOW: 0 1.00 INCH OR MORE: 0
[HDD (BASE 65) ]
TOTAL THIS MO. 0 CLEAR (SCALE 0-3) 24
DPTR FM NORMAL 0 PTCLDY (SCALE 4-7) 7
TOTAL FM JUL 1 0 CLOUDY (SCALE 8-10) 0
DPTR FM NORMAL 0
[CDD (BASE 65) ]
TOTAL THIS MO. 370
DPTR FM NORMAL 83 [PRESSURE DATA]
TOTAL FM JAN 1 1139 HIGHEST SLP M ON M
DPTR FM NORMAL 305 LOWEST SLP 29.64 ON 20
[REMARKS]
#FINAL-08-20#