000
CXUS52 KILM 011000
CF6CRE
PRELIMINARY LOCAL CLIMATOLOGICAL DATA (WS FORM: F-6)
STATION: N.MYRTLE BEACH SOUTH CAROLINA
MONTH: OCTOBER
YEAR: 2021
LATITUDE: 33 49 N
LONGITUDE: 78 43 W
TEMPERATURE IN F: :PCPN: SNOW: WIND :SUNSHINE: SKY :PK WND
================================================================================
1 2 3 4 5 6A 6B 7 8 9 10 11 12 13 14 15 16 17 18
12Z AVG MX 2MIN
DY MAX MIN AVG DEP HDD CDD WTR SNW DPTH SPD SPD DIR MIN PSBL S-S WX SPD DR
================================================================================
1 80 61 71 0 0 6 0.00 M M 7.1 15 110 M M 2 20 110
2 80 60 70 -1 0 5 0.00 M M 5.4 12 170 M M 1 15 140
3 81 67 74 3 0 9 0.00 M M 6.4 12 150 M M 7 15 140
4 81 68 75 5 0 10 0.00 M M 6.9 14 180 M M 1 18 150
5 83 67 75 5 0 10 0.05 M M 5.7 18 90 M M 2 1 27 90
6 83 70 77 7 0 12 T M M 8.3 18 80 M M 4 25 90
7 83 69 76 7 0 11 0.01 M M 8.4 17 70 M M 4 1 21 70
8 79 69 74 5 0 9 0.01 M M 6.8 14 50 M M 6 1 17 30
9 73 66 70 2 0 5 0.18 M M 8.0 18 20 M M 8 13 26 10
10 76 66 71 3 0 6 T M M 7.8 17 360 M M 8 1 23 330
11 73 67 70 2 0 5 0.01 M M 4.9 12 20 M M 10 1 17 20
12 75 61 68 1 0 3 0.00 M M 4.1 14 10 M M 8 1 20 20
13 80 63 72 5 0 7 0.00 M M 3.2 10 40 M M 5 1 20 80
14 84 62 73 6 0 8 0.00 M M 4.7 10 190 M M 1 1 21 320
15 81 62 72 6 0 7 0.00 M M 3.2 10 170 M M 2 12 14 160
16 84 65 75 9 0 10 0.00 M M 9.7 20 220 M M 3 12 25 210
17 71 46 59 -7 6 0 0.00 M M 6.0 17 360 M M 0 23 10
18 74 44 59 -6 6 0 0.00 M M 3.5 12 340 M M 0 17 340
19 74 48 61 -4 4 0 0.00 M M 3.8 12 200 M M 0 14 160
20 79 53 66 2 0 1 0.00 M M 5.8 14 220 M M 0 17 220
21 78 54 66 2 0 1 0.00 M M 9.6 18 210 M M 0 24 210
22 81 66 74 10 0 9 0.00 M M 11.7 21 200 M M 2 26 200
23 77 54 66 3 0 1 0.00 M M 2.5 9 170 M M 0 1 14 350
24 78 51 65 2 0 0 0.00 M M 4.2 12 110 M M 0 1 17 90
25 76 67 72 9 0 7 0.38 M M 6.5 21 210 M M 6 1 26 210
26 73 54 64 2 1 0 T M M 8.8 17 350 M M 2 26 350
27 68 44 56 -6 9 0 0.00 M M 4.6 14 350 M M 0 18 360
28 73 47 60 -2 5 0 0.18 M M 8.5 22 130 M M 4 1 33 130
29 73 58 66 5 0 1 0.01 M M 11.9 29 210 M M 5 1 36 210
30 68 50 59 -2 6 0 0.00 M M 7.4 16 230 M M 2 21 240
31 73 53 63 2 2 0 0.00 M M 5.1 12 280 M M 3 17 280
================================================================================
SM 2392 1832 39 143 0.83 M 200.5 M 96
================================================================================
AV 77.2 59.1 6.5 FASTST M M 3 MAX(MPH)
MISC ----> 29 210 36 210
================================================================================
NOTES:
# LAST OF SEVERAL OCCURRENCES
COLUMN 17 PEAK WIND IN M.P.H.
PRELIMINARY LOCAL CLIMATOLOGICAL DATA (WS FORM: F-6) , PAGE 2
STATION: N.MYRTLE BEACH SOUTH CAROLINA
MONTH: OCTOBER
YEAR: 2021
LATITUDE: 33 49 N
LONGITUDE: 78 43 W
[TEMPERATURE DATA] [PRECIPITATION DATA] SYMBOLS USED IN COLUMN 16
AVERAGE MONTHLY: 68.1 TOTAL FOR MONTH: 0.83 1 = FOG OR MIST
DPTR FM NORMAL: 2.1 DPTR FM NORMAL: -3.37 2 = FOG REDUCING VISIBILITY
HIGHEST: 84 ON 16,14 GRTST 24HR 0.38 ON 25-25 TO 1/4 MILE OR LESS
LOWEST: 44 ON 27,18 3 = THUNDER
SNOW, ICE PELLETS, HAIL 4 = ICE PELLETS
TOTAL MONTH: M 5 = HAIL
GRTST 24HR M ON M 6 = FREEZING RAIN OR DRIZZLE
GRTST DEPTH: M ON M 7 = DUSTSTORM OR SANDSTORM:
VSBY 1/2 MILE OR LESS
8 = SMOKE OR HAZE
[NO. OF DAYS WITH] [WEATHER - DAYS WITH] 9 = BLOWING SNOW
X = TORNADO
MAX 32 OR BELOW: 0 0.01 INCH OR MORE: 8
MAX 90 OR ABOVE: 0 0.10 INCH OR MORE: 3
MIN 32 OR BELOW: 0 0.50 INCH OR MORE: 0
MIN 0 OR BELOW: 0 1.00 INCH OR MORE: 0
[HDD (BASE 65) ]
TOTAL THIS MO. 39 CLEAR (SCALE 0-3) 19
DPTR FM NORMAL -40 PTCLDY (SCALE 4-7) 10
TOTAL FM JUL 1 39 CLOUDY (SCALE 8-10) 2
DPTR FM NORMAL -44
[CDD (BASE 65) ]
TOTAL THIS MO. 143
DPTR FM NORMAL 34 [PRESSURE DATA]
TOTAL FM JAN 1 1983 HIGHEST SLP 30.28 ON 20
DPTR FM NORMAL -3 LOWEST SLP 29.51 ON 29
[REMARKS]
#FINAL-10-21#