000
CXUS52 KJAX 050314
CF6CRG
PRELIMINARY LOCAL CLIMATOLOGICAL DATA (WS FORM: F-6)
STATION: CRAIG EXEC ARPT
MONTH: MARCH
YEAR: 2022
LATITUDE: 30 19 N
LONGITUDE: 81 31 W
TEMPERATURE IN F: :PCPN: SNOW: WIND :SUNSHINE: SKY :PK WND
================================================================================
1 2 3 4 5 6A 6B 7 8 9 10 11 12 13 14 15 16 17 18
12Z AVG MX 2MIN
DY MAX MIN AVG DEP HDD CDD WTR SNW DPTH SPD SPD DIR MIN PSBL S-S WX SPD DR
================================================================================
1 72 50 61 1 4 0 0.00 0.0 0 7.8 17 350 M M 3 23 30
2 79 45 62 2 3 0 0.00 0.0 0 2.6 10 110 M M 0 12 17 110
3 82 46 64 3 1 0 0.00 0.0 0 2.8 13 100 M M 0 17 240
4 81 47 64 3 1 0 0.00 0.0 0 6.5 18 40 M M 3 1 31 40
5 79 59 69 8 0 4 0.00 0.0 0 6.7 20 150 M M 5 12 28 150
6 82 56 69 8 0 4 0.00 0.0 0 8.1 21 160 M M 2 12 30 170
7 86 62 74 13 0 9 0.00 0.0 0 8.9 16 150 M M 2 1 24 220
8 82 64 73 12 0 8 0.23 0.0 0 5.2 14 110 M M 6 13 20 110
9 87 67 77 15 0 12 0.58 0.0 0 9.7 28 290 M M 7 13 40 290
10 71 60 66 4 0 1 1.01 0.0 0 4.4 17 150 M M 6 13 24 320
11 70 59 65 3 0 0 1.13 0.0 0 4.6 15 190 M M 9 123 22 210
12 73 41 57 -5 8 0 0.81 0.0 0 16.9 33 320 M M 4 1 50 300
13 55 34 45 -17 20 0 0.00 0.0 0 9.3 18 340 M M 1 27 20
14 69 45 57 -5 8 0 0.00 0.0 0 9.0 20 50 M M 2 28 50
15 74 53 64 2 1 0 0.70 0.0 0 5.3 21 110 M M 5 1 31 140
16 81 65 73 10 0 8 0.10 0.0 0 10.8 22 220 M M 5 1 31 150
17 81 59 70 7 0 5 0.00 0.0 0 6.2 14 90 M M 0 19 100
18 82 53 68 5 0 3 0.40 0.0 0 4.3 35 340 M M 3 123 50 340
19 87 63 75 12 0 10 0.19 0.0 0 10.2 23 240 M M 2 13 31 230
20 75 52 64 1 1 0 0.04 0.0 0 7.5 20 340 M M 1 26 340
21 74 46 60 -3 5 0 0.00 0.0 0 5.8 17 80 M M 0 30 80
22 79 56 68 4 0 3 0.00 0.0 0 9.2 24 140 M M 3 36 140
23 79 69 74 10 0 9 0.55 0.0 0 9.4 20 180 M M 4 13 30 180
24 71 60 66 2 0 1 1.54 0.0 0 4.7 12 310 M M 10 13 15 310
25 76 55 66 2 0 1 0.05 0.0 0 7.9 22 260 M M 3 1 35 280
26 77 50 64 0 1 0 0.00 0.0 0 9.7 25 300 M M 0 39 300
27 77 53 65 0 0 0 0.00 0.0 0 10.1 20 280 M M 0 33 310
28 81 53 67 2 0 2 0.00 0.0 0 3.6 13 240 M M 0 22 200
29 77 57 67 2 0 2 0.00 0.0 0 4.6 13 40 M M 0 17 50
30 83 62 73 8 0 8 0.00 0.0 0 13.1 29 160 M M 2 12 40 150
31 80 68 74 9 0 9 0.23 0.0 0 13.5 31 210 M M 3 1 46 210
================================================================================
SM 2402 1709 53 99 7.56 0.0 238.4 M 91
================================================================================
AV 77.5 55.1 7.7 FASTST M M 3 MAX(MPH)
MISC ----> 35 340 # 50 300
================================================================================
NOTES:
# LAST OF SEVERAL OCCURRENCES
COLUMN 17 PEAK WIND IN M.P.H.
PRELIMINARY LOCAL CLIMATOLOGICAL DATA (WS FORM: F-6) , PAGE 2
STATION: CRAIG EXEC ARPT
MONTH: MARCH
YEAR: 2022
LATITUDE: 30 19 N
LONGITUDE: 81 31 W
[TEMPERATURE DATA] [PRECIPITATION DATA] SYMBOLS USED IN COLUMN 16
AVERAGE MONTHLY: 66.3 TOTAL FOR MONTH: 7.56 1 = FOG OR MIST
DPTR FM NORMAL: 3.7 DPTR FM NORMAL: 4.53 2 = FOG REDUCING VISIBILITY
HIGHEST: 87 ON 19, 9 GRTST 24HR 2.07 ON 23-24 TO 1/4 MILE OR LESS
LOWEST: 34 ON 13 3 = THUNDER
SNOW, ICE PELLETS, HAIL 4 = ICE PELLETS
TOTAL MONTH: 0.0 INCH 5 = HAIL
GRTST 24HR 0.0 6 = FREEZING RAIN OR DRIZZLE
GRTST DEPTH: 0 7 = DUSTSTORM OR SANDSTORM:
VSBY 1/2 MILE OR LESS
8 = SMOKE OR HAZE
[NO. OF DAYS WITH] [WEATHER - DAYS WITH] 9 = BLOWING SNOW
X = TORNADO
MAX 32 OR BELOW: 0 0.01 INCH OR MORE: 14
MAX 90 OR ABOVE: 0 0.10 INCH OR MORE: 12
MIN 32 OR BELOW: 0 0.50 INCH OR MORE: 7
MIN 0 OR BELOW: 0 1.00 INCH OR MORE: 3
[HDD (BASE 65) ]
TOTAL THIS MO. 53 CLEAR (SCALE 0-3) 21
DPTR FM NORMAL -79 PTCLDY (SCALE 4-7) 8
TOTAL FM JUL 1 766 CLOUDY (SCALE 8-10) 2
DPTR FM NORMAL -308
[CDD (BASE 65) ]
TOTAL THIS MO. 99
DPTR FM NORMAL 40 [PRESSURE DATA]
TOTAL FM JAN 1 184 HIGHEST SLP 30.48 ON 13
DPTR FM NORMAL 85 LOWEST SLP 29.64 ON 12
[REMARKS]
#FINAL-03-22#