000
CXUS54 KFWD 010730
CF6CRS
PRELIMINARY LOCAL CLIMATOLOGICAL DATA (WS FORM: F-6)
STATION: CORSICANA
MONTH: JULY
YEAR: 2021
LATITUDE: 32 1 N
LONGITUDE: 96 24 W
TEMPERATURE IN F: :PCPN: SNOW: WIND :SUNSHINE: SKY :PK WND
================================================================================
1 2 3 4 5 6A 6B 7 8 9 10 11 12 13 14 15 16 17 18
12Z AVG MX 2MIN
DY MAX MIN AVG DEP HDD CDD WTR SNW DPTH SPD SPD DIR MIN PSBL S-S WX SPD DR
================================================================================
1 91 74 83 0 0 18 0.74 M M 4.6 29 250 M M 2 3 36 250
2 90 77 84 1 0 19 0.46 M M 3.5 14 360 M M 3 138 22 350
3 82 73 78 -5 0 13 2.56 M M 4.8 14 90 M M 7 13 19 90
4 85 75 80 -3 0 15 0.00 M M 4.6 12 130 M M 9 16 120
5 89 72 81 -3 0 16 1.29 M M 5.8 29 180 M M 7 123 40 170
6 91 73 82 -2 0 17 0.03 M M 4.3 20 100 M M 1 13 26 110
7 91 72 82 -2 0 17 0.00 M M 4.7 13 160 M M 2 16 160
8 91 74 83 -1 0 18 0.09 M M 6.2 28 140 M M 2 13 36 140
9 86 74 80 -4 0 15 0.07 M M 9.5 22 160 M M 8 1 35 130
10 91 74 83 -1 0 18 0.27 M M 8.5 28 250 M M 5 18 39 250
11 91 69 80 -4 0 15 1.53 M M 9.6 25 210 M M 2 13 34 220
12 85 72 79 -5 0 14 0.31 M M 6.1 22 170 M M 3 13 29 170
13 90 70 80 -4 0 15 0.00 M M 7.0 22 190 M M 2 32 190
14 92 70 81 -3 0 16 0.00 M M 7.9 29 150 M M 1 3 40 170
15 91 74 83 -1 0 18 0.00 M M 9.1 17 150 M M 3 22 200
16 92 76 84 -1 0 19 0.00 M M 10.9 20 190 M M 2 26 200
17 91 76 84 -1 0 19 0.00 M M 9.2 16 160 M M 2 22 200
18 93 75 84 -1 0 19 0.00 M M 7.2 13 160 M M 0 18 170
19 81 73 77 -8 0 12 1.92 M M 7.1 23 250 M M 6 123 32 250
20 87 71 79 -6 0 14 0.39 M M 4.3 18 350 M M 5 128 28 20
21 90 73 82 -3 0 17 0.00 M M 4.7 12 40 M M 2 1 18 30
22 92 73 83 -2 0 18 0.00 M M 5.7 18 170 M M 2 1 26 180
23 94 73 84 -1 0 19 0.05 M M 9.0 21 200 M M 2 1 30 210
24 94 76 85 0 0 20 0.00 M M 8.9 21 220 M M 2 28 220
25 94 75 85 0 0 20 0.00 M M 6.7 13 160 M M 1 1 17 180
26 95 74 85 -1 0 20 0.00 M M 5.8 10 210 M M 0 13 150
27 97 76 87 1 0 22 0.00 M M 4.9 10 170 M M 0 14 170
28 95 77 86 0 0 21 T M M 5.1 16 160 M M 1 3 21 140
29 97 75 86 0 0 21 T M M 3.1 25 100 M M 1 3 37 110
30 97 77 87 1 0 22 0.00 M M 3.3 12 170 M M 0 15 130
31 95 76 86 0 0 21 0.00 M M 5.9 12 150 M M 0 17 150
================================================================================
SM 2820 2289 0 548 9.71 M 198.0 M 83
================================================================================
AV 91.0 73.8 6.4 FASTST M M 3 MAX(MPH)
MISC ----> # 29 250 # 40 170
================================================================================
NOTES:
# LAST OF SEVERAL OCCURRENCES
COLUMN 17 PEAK WIND IN M.P.H.
PRELIMINARY LOCAL CLIMATOLOGICAL DATA (WS FORM: F-6) , PAGE 2
STATION: CORSICANA
MONTH: JULY
YEAR: 2021
LATITUDE: 32 1 N
LONGITUDE: 96 24 W
[TEMPERATURE DATA] [PRECIPITATION DATA] SYMBOLS USED IN COLUMN 16
AVERAGE MONTHLY: 82.4 TOTAL FOR MONTH: 9.71 1 = FOG OR MIST
DPTR FM NORMAL: -2.2 DPTR FM NORMAL: 7.43 2 = FOG REDUCING VISIBILITY
HIGHEST: 97 ON 30,29 GRTST 24HR 3.02 ON 2- 3 TO 1/4 MILE OR LESS
LOWEST: 69 ON 11 3 = THUNDER
SNOW, ICE PELLETS, HAIL 4 = ICE PELLETS
TOTAL MONTH: M 5 = HAIL
GRTST 24HR M ON M 6 = FREEZING RAIN OR DRIZZLE
GRTST DEPTH: M ON M 7 = DUSTSTORM OR SANDSTORM:
VSBY 1/2 MILE OR LESS
8 = SMOKE OR HAZE
[NO. OF DAYS WITH] [WEATHER - DAYS WITH] 9 = BLOWING SNOW
X = TORNADO
MAX 32 OR BELOW: 0 0.01 INCH OR MORE: 13
MAX 90 OR ABOVE: 24 0.10 INCH OR MORE: 9
MIN 32 OR BELOW: 0 0.50 INCH OR MORE: 5
MIN 0 OR BELOW: 0 1.00 INCH OR MORE: 4
[HDD (BASE 65) ]
TOTAL THIS MO. 0 CLEAR (SCALE 0-3) 23
DPTR FM NORMAL 0 PTCLDY (SCALE 4-7) 7
TOTAL FM JUL 1 0 CLOUDY (SCALE 8-10) 1
DPTR FM NORMAL 0
[CDD (BASE 65) ]
TOTAL THIS MO. 548
DPTR FM NORMAL -58 [PRESSURE DATA]
TOTAL FM JAN 1 1398 HIGHEST SLP M ON M
DPTR FM NORMAL -143 LOWEST SLP 29.86 ON 7
[REMARKS]
#FINAL-07-21#