000
CXUS54 KFWD 010731
CF6CRS
PRELIMINARY LOCAL CLIMATOLOGICAL DATA (WS FORM: F-6)
STATION: CORSICANA
MONTH: AUGUST
YEAR: 2020
LATITUDE: 32 1 N
LONGITUDE: 96 24 W
TEMPERATURE IN F: :PCPN: SNOW: WIND :SUNSHINE: SKY :PK WND
================================================================================
1 2 3 4 5 6A 6B 7 8 9 10 11 12 13 14 15 16 17 18
12Z AVG MX 2MIN
DY MAX MIN AVG DEP HDD CDD WTR SNW DPTH SPD SPD DIR MIN PSBL S-S WX SPD DR
================================================================================
1 93 71 82 -3 0 17 0.00 0.0 0 4.6 10 50 M M 1 19 350
2 96 71 84 -1 0 19 0.00 0.0 0 4.3 10 340 M M 0 14 350
3 95 71 83 -2 0 18 0.00 0.0 0 4.6 10 290 M M 0 17 40
4 95 73 84 -1 0 19 0.00 0.0 0 4.7 9 80 M M 0 13 50
5 95 77 86 1 0 21 0.00 0.0 0 7.6 12 120 M M 1 17 130
6 97 76 87 2 0 22 0.00 0.0 0 8.5 16 150 M M 0 25 140
7 98 76 87 2 0 22 0.00 0.0 0 9.5 16 160 M M 0 29 200
8 97 77 87 2 0 22 0.00 0.0 0 9.0 17 150 M M 0 25 130
9 99 77 88 3 0 23 0.00 0.0 0 10.3 17 230 M M 2 24 190
10 99 78 89 4 0 24 0.00 0.0 0 11.3 18 210 M M 1 8 27 210
11 101 79 90 5 0 25 0.00 0.0 0 11.1 18 190 M M 1 29 200
12 102 79 91 6 0 26 0.00 0.0 0 10.4 17 210 M M 0 24 220
13 102 80 91 6 0 26 0.00 0.0 0 10.2 18 150 M M 0 25 140
14 102 80 91 6 0 26 0.00 0.0 0 10.8 18 150 M M 0 25 210
15 105 79 92 7 0 27 0.00 0.0 0 9.2 16 190 M M 0 22 200
16 105 73 89 4 0 24 M 0.0 0 7.9 40 30 M M 0 138 68 40
17 92 72 82 -3 0 17 M 0.0 0 4.7 14 310 M M 1 138 19 310
18 97 73 85 0 0 20 0.00 0.0 0 5.8 14 10 M M 1 8 26 30
19 93 67 80 -4 0 15 0.00 0.0 0 4.6 12 90 M M 0 16 60
20 94 71 83 -1 0 18 0.00 0.0 0 6.8 14 80 M M 0 17 100
21 94 68 81 -3 0 16 0.00 0.0 0 4.9 12 90 M M 0 15 80
22 95 72 84 0 0 19 0.00 0.0 0 5.6 14 120 M M 0 18 120
23 96 72 84 0 0 19 0.00 0.0 0 4.1 13 110 M M 0 23 80
24 96 74 85 1 0 20 0.00 0.0 0 5.1 13 50 M M 0 20 80
25 97 75 86 2 0 21 0.00 0.0 0 6.5 14 50 M M 0 23 70
26 92 74 83 -1 0 18 0.06 0.0 0 7.8 29 180 M M 5 13 39 170
27 96 73 85 2 0 20 0.00 0.0 0 6.4 13 350 M M 1 20 350
28 103 76 90 7 0 25 0.00 0.0 0 10.3 24 150 M M 2 30 150
29 103 77 90 7 0 25 0.00 0.0 0 10.6 17 150 M M 0 22 150
30 100 79 90 7 0 25 T 0.0 0 8.6 18 70 M M 1 29 60
31 101 82 92 10 0 27 0.00 0.0 0 12.4 21 180 M M 3 29 210
================================================================================
SM 3030 2322 0 666 0.06 0.0 238.2 M 20
================================================================================
AV 97.7 74.9 7.7 FASTST M M 1 MAX(MPH)
MISC ----> # 40 30 # 68 40
================================================================================
NOTES:
# LAST OF SEVERAL OCCURRENCES
COLUMN 17 PEAK WIND IN M.P.H.
PRELIMINARY LOCAL CLIMATOLOGICAL DATA (WS FORM: F-6) , PAGE 2
STATION: CORSICANA
MONTH: AUGUST
YEAR: 2020
LATITUDE: 32 1 N
LONGITUDE: 96 24 W
[TEMPERATURE DATA] [PRECIPITATION DATA] SYMBOLS USED IN COLUMN 16
AVERAGE MONTHLY: 86.3 TOTAL FOR MONTH: 0.06 1 = FOG OR MIST
DPTR FM NORMAL: 2.0 DPTR FM NORMAL: -2.05 2 = FOG REDUCING VISIBILITY
HIGHEST: 105 ON 16,15 GRTST 24HR 0.06 ON 26-26 TO 1/4 MILE OR LESS
LOWEST: 67 ON 19 3 = THUNDER
SNOW, ICE PELLETS, HAIL 4 = ICE PELLETS
TOTAL MONTH: 0.0 INCH 5 = HAIL
GRTST 24HR 0.0 6 = FREEZING RAIN OR DRIZZLE
GRTST DEPTH: 0 7 = DUSTSTORM OR SANDSTORM:
VSBY 1/2 MILE OR LESS
8 = SMOKE OR HAZE
[NO. OF DAYS WITH] [WEATHER - DAYS WITH] 9 = BLOWING SNOW
X = TORNADO
MAX 32 OR BELOW: 0 0.01 INCH OR MORE: 1
MAX 90 OR ABOVE: 31 0.10 INCH OR MORE: 0
MIN 32 OR BELOW: 0 0.50 INCH OR MORE: 0
MIN 0 OR BELOW: 0 1.00 INCH OR MORE: 0
[HDD (BASE 65) ]
TOTAL THIS MO. 0 CLEAR (SCALE 0-3) 30
DPTR FM NORMAL 0 PTCLDY (SCALE 4-7) 1
TOTAL FM JUL 1 0 CLOUDY (SCALE 8-10) 0
DPTR FM NORMAL 0
[CDD (BASE 65) ]
TOTAL THIS MO. 666
DPTR FM NORMAL 68 [PRESSURE DATA]
TOTAL FM JAN 1 2327 HIGHEST SLP M ON M
DPTR FM NORMAL 277 LOWEST SLP 29.63 ON 30
[REMARKS]
#FINAL-08-20#