000
CXUS51 KRLX 011143
CF6CRW
PRELIMINARY LOCAL CLIMATOLOGICAL DATA (WS FORM: F-6)
STATION: CHARLESTON WV
MONTH: OCTOBER
YEAR: 2022
LATITUDE: 38 22 N
LONGITUDE: 81 36 W
TEMPERATURE IN F: :PCPN: SNOW: WIND :SUNSHINE: SKY :PK WND
================================================================================
1 2 3 4 5 6A 6B 7 8 9 10 11 12 13 14 15 16 17 18
12Z AVG MX 2MIN
DY MAX MIN AVG DEP HDD CDD WTR SNW DPTH SPD SPD DIR MIN PSBL S-S WX SPD DR
================================================================================
1 53 49 51 -12 14 0 0.91 0.0 0 4.5 12 360 M M 10 1 18 360
2 58 50 54 -8 11 0 0.15 0.0 0 3.4 10 10 M M 10 1 16 10
3 64 45 55 -7 10 0 0.00 0.0 0 2.3 10 10 M M 5 12 14 360
4 66 43 55 -7 10 0 0.00 0.0 0 2.4 12 320 M M 8 12 16 310
5 71 40 56 -5 9 0 0.00 0.0 0 2.0 9 320 M M 2 12 13 290
6 73 41 57 -4 8 0 0.00 0.0 0 1.1 8 210 M M 5 12 11 260
7 69 46 58 -2 7 0 0.00 0.0 0 4.1 17 320 M M 6 1 24 310
8 58 36 47 -13 18 0 0.00 0.0 0 2.1 12 330 M M 5 14 250
9 62 34 48 -12 17 0 0.00 0.0 0 2.1 12 220 M M 2 1 16 220
10 68 34 51 -8 14 0 0.00 0.0 0 1.2 7 220 M M 1 1 10 230
11 73 37 55 -4 10 0 0.00 0.0 0 1.7 12 190 M M 2 1 15 240
12 78 46 62 4 3 0 0.03 0.0 0 4.4 17 190 M M 6 22 190
13 68 41 55 -3 10 0 T 0.0 0 7.3 21 320 M M 6 27 220
14 66 35 51 -7 14 0 0.00 0.0 0 3.6 22 220 M M 1 1 28 240
15 74 39 57 0 8 0 0.00 0.0 0 6.5 22 240 M M 2 30 230
16 69 41 55 -2 10 0 0.13 0.0 0 3.8 13 210 M M 5 12 17 220
17 57 40 49 -8 16 0 0.00 0.0 0 8.5 18 260 M M 8 1 27 260
18 44 36 40 -16 25 0 T 0.0 0 9.5 14 250 M M 10 20 220
19 53 38 46 -10 19 0 T 0.0 0 9.3 18 240 M M 7 25 240
20 59 30 45 -11 20 0 0.00 0.0 0 5.6 24 240 M M 2 32 240
21 67 30 49 -6 16 0 0.00 0.0 0 2.5 12 210 M M 2 15 190
22 76 34 55 0 10 0 0.00 0.0 0 0.6 9 170 M M 1 12 160
23 77 40 59 5 6 0 0.00 0.0 0 1.0 7 90 M M 1 1 10 60
24 78 39 59 5 6 0 0.00 0.0 0 0.8 7 200 M M 2 9 190
25 80 42 61 7 4 0 0.00 0.0 0 3.8 15 140 M M 6 24 130
26 66 48 57 4 8 0 0.09 0.0 0 6.2 18 230 M M 9 1 28 320
27 59 38 49 -4 16 0 0.00 0.0 0 4.2 13 80 M M 6 1 17 20
28 66 33 50 -3 15 0 0.00 0.0 0 2.4 8 90 M M 3 1 11 120
29 70 34 52 0 13 0 0.00 0.0 0 1.4 13 60 M M 0 1 17 60
30 75 40 58 6 7 0 T 0.0 0 2.0 10 170 M M 5 13 180
31 68 55 62 10 3 0 0.55 0.0 0 3.6 13 220 M M 10 18 17 240
================================================================================
SM 2065 1234 357 0 1.86 0.0 113.9 M 148
================================================================================
AV 66.6 39.8 3.7 FASTST M M 5 MAX(MPH)
MISC ----> 24 240 32 240
================================================================================
NOTES:
# LAST OF SEVERAL OCCURRENCES
COLUMN 17 PEAK WIND IN M.P.H.
PRELIMINARY LOCAL CLIMATOLOGICAL DATA (WS FORM: F-6) , PAGE 2
STATION: CHARLESTON WV
MONTH: OCTOBER
YEAR: 2022
LATITUDE: 38 22 N
LONGITUDE: 81 36 W
[TEMPERATURE DATA] [PRECIPITATION DATA] SYMBOLS USED IN COLUMN 16
AVERAGE MONTHLY: 53.2 TOTAL FOR MONTH: 1.86 1 = FOG OR MIST
DPTR FM NORMAL: -3.8 DPTR FM NORMAL: -1.05 2 = FOG REDUCING VISIBILITY
HIGHEST: 80 ON 25 GRTST 24HR 0.95 ON 30- 1 TO 1/4 MILE OR LESS
LOWEST: 30 ON 21,20 3 = THUNDER
SNOW, ICE PELLETS, HAIL 4 = ICE PELLETS
TOTAL MONTH: 0.0 INCH 5 = HAIL
GRTST 24HR 0.0 6 = FREEZING RAIN OR DRIZZLE
GRTST DEPTH: 0 7 = DUSTSTORM OR SANDSTORM:
VSBY 1/2 MILE OR LESS
8 = SMOKE OR HAZE
[NO. OF DAYS WITH] [WEATHER - DAYS WITH] 9 = BLOWING SNOW
X = TORNADO
MAX 32 OR BELOW: 0 0.01 INCH OR MORE: 6
MAX 90 OR ABOVE: 0 0.10 INCH OR MORE: 4
MIN 32 OR BELOW: 2 0.50 INCH OR MORE: 2
MIN 0 OR BELOW: 0 1.00 INCH OR MORE: 0
[HDD (BASE 65) ]
TOTAL THIS MO. 357 CLEAR (SCALE 0-3) 13
DPTR FM NORMAL 86 PTCLDY (SCALE 4-7) 13
TOTAL FM JUL 1 424 CLOUDY (SCALE 8-10) 5
DPTR FM NORMAL 107
[CDD (BASE 65) ]
TOTAL THIS MO. 0
DPTR FM NORMAL -23 [PRESSURE DATA]
TOTAL FM JAN 1 1149 HIGHEST SLP 30.40 ON 28
DPTR FM NORMAL -9 LOWEST SLP 29.70 ON 26
[REMARKS]
#FINAL-10-22#