000
CXUS52 KFFC 011110
CF6CSG
PRELIMINARY LOCAL CLIMATOLOGICAL DATA (WS FORM: F-6)
STATION: COLUMBUS
MONTH: DECEMBER
YEAR: 2023
LATITUDE: 32 31 N
LONGITUDE: 84 56 W
TEMPERATURE IN F: :PCPN: SNOW: WIND :SUNSHINE: SKY :PK WND
================================================================================
1 2 3 4 5 6A 6B 7 8 9 10 11 12 13 14 15 16 17 18
12Z AVG MX 2MIN
DY MAX MIN AVG DEP HDD CDD WTR SNW DPTH SPD SPD DIR MIN PSBL S-S WX SPD DR
================================================================================
1 67 47 57 4 8 0 0.03 M M 4.4 13 170 M M 8 19 180
2 67 62 65 12 0 0 0.07 0.0 M 5.5 14 150 M M 10 1 19 160
3 69 52 61 8 4 0 T 0.0 M 4.2 14 330 M M 5 1 17 310
4 70 45 58 5 7 0 0.00 0.0 M 4.4 21 310 M M 3 2 29 310
5 63 38 51 -1 14 0 0.00 0.0 M 4.7 14 320 M M 0 21 300
6 58 37 48 -4 17 0 0.00 0.0 M 7.4 17 340 M M 0 26 260
7 59 30 45 -7 20 0 0.00 0.0 M 1.3 7 180 M M 0 11 190
8 64 36 50 -2 15 0 0.00 0.0 M 3.3 10 170 M M 5 13 220
9 73 54 64 12 1 0 0.12 0.0 M 3.0 9 200 M M 9 13 13 180
10 66 41 54 3 11 0 1.07 M M 8.0 25 330 M M 8 13 37 330
11 55 34 45 -6 20 0 0.00 0.0 M 6.7 13 340 M M 0 20 330
12 59 29 44 -7 21 0 0.00 0.0 M 2.4 10 90 M M 0 13 110
13 62 35 49 -2 16 0 0.00 0.0 M 5.2 14 90 M M 0 19 80
14 63 42 53 2 12 0 0.00 0.0 M 9.2 18 100 M M 0 28 110
15 62 40 51 0 14 0 0.00 0.0 M 8.5 16 80 M M 0 23 70
16 61 47 54 4 11 0 0.15 M M 10.8 17 90 M M 6 1 22 90
17 60 50 55 5 10 0 0.01 M M 9.6 21 320 M M 10 1 30 330
18 61 41 51 1 14 0 0.00 0.0 M 10.1 21 310 M M 0 31 320
19 51 31 41 -9 24 0 0.00 0.0 M 5.4 16 340 M M 0 22 340
20 55 28 42 -8 23 0 0.00 0.0 M 2.6 13 120 M M 0 18 120
21 57 29 43 -7 22 0 0.00 0.0 M 1.7 7 90 M M 0 11 120
22 63 34 49 -1 16 0 0.00 0.0 M 1.4 9 140 M M 0 14 130
23 71 39 55 6 10 0 0.00 0.0 M 2.1 7 90 M M 1 15 10
24 67 50 59 10 6 0 0.05 M M 8.7 18 120 M M 3 1 24 110
25 67 57 62 13 3 0 0.30 0.0 M 8.6 20 150 M M 10 1 28 140
26 64 53 59 10 6 0 0.06 0.0 M 7.3 14 320 M M 10 1 18 320
27 64 43 54 5 11 0 0.00 0.0 M 4.6 13 290 M M 1 17 300
28 58 38 48 -1 17 0 0.00 0.0 M 6.0 16 270 M M 0 22 300
29 49 35 42 -7 23 0 0.00 0.0 M 8.7 18 290 M M 6 25 290
30 52 37 45 -4 20 0 T 0.0 M 6.1 14 340 M M 5 19 330
31 60 28 44 -5 21 0 0.00 0.0 M 2.5 14 250 M M 0 8 21 250
================================================================================
SM 1917 1262 417 0 1.86 0.0 174.4 M 100
================================================================================
AV 61.8 40.7 5.6 FASTST M M 3 MAX(MPH)
MISC ----> 25 330 37 330
================================================================================
NOTES:
# LAST OF SEVERAL OCCURRENCES
COLUMN 17 PEAK WIND IN M.P.H.
PRELIMINARY LOCAL CLIMATOLOGICAL DATA (WS FORM: F-6) , PAGE 2
STATION: COLUMBUS
MONTH: DECEMBER
YEAR: 2023
LATITUDE: 32 31 N
LONGITUDE: 84 56 W
[TEMPERATURE DATA] [PRECIPITATION DATA] SYMBOLS USED IN COLUMN 16
AVERAGE MONTHLY: 51.3 TOTAL FOR MONTH: 1.86 1 = FOG OR MIST
DPTR FM NORMAL: 0.7 DPTR FM NORMAL: -2.93 2 = FOG REDUCING VISIBILITY
HIGHEST: 73 ON 9 GRTST 24HR 1.09 ON 9-10 TO 1/4 MILE OR LESS
LOWEST: 28 ON 31,20 3 = THUNDER
SNOW, ICE PELLETS, HAIL 4 = ICE PELLETS
TOTAL MONTH: 0.0 INCH 5 = HAIL
GRTST 24HR 0.0 6 = FREEZING RAIN OR DRIZZLE
GRTST DEPTH: M ON M 7 = DUSTSTORM OR SANDSTORM:
VSBY 1/2 MILE OR LESS
8 = SMOKE OR HAZE
[NO. OF DAYS WITH] [WEATHER - DAYS WITH] 9 = BLOWING SNOW
X = TORNADO
MAX 32 OR BELOW: 0 0.01 INCH OR MORE: 9
MAX 90 OR ABOVE: 0 0.10 INCH OR MORE: 4
MIN 32 OR BELOW: 6 0.50 INCH OR MORE: 1
MIN 0 OR BELOW: 0 1.00 INCH OR MORE: 1
[HDD (BASE 65) ]
TOTAL THIS MO. 417 CLEAR (SCALE 0-3) 19
DPTR FM NORMAL -34 PTCLDY (SCALE 4-7) 6
TOTAL FM JUL 1 709 CLOUDY (SCALE 8-10) 6
DPTR FM NORMAL -56
[CDD (BASE 65) ]
TOTAL THIS MO. 0
DPTR FM NORMAL -5 [PRESSURE DATA]
TOTAL FM JAN 1 2467 HIGHEST SLP 30.63 ON 14
DPTR FM NORMAL -66 LOWEST SLP 29.74 ON 17
[REMARKS]
#FINAL-12-23#