000
CXUS54 KOUN 010910
CF6CSM
PRELIMINARY LOCAL CLIMATOLOGICAL DATA (WS FORM: F-6)
STATION: CLINTON
MONTH: NOVEMBER
YEAR: 2022
LATITUDE: 35 20 N
LONGITUDE: 99 12 W
TEMPERATURE IN F: :PCPN: SNOW: WIND :SUNSHINE: SKY :PK WND
================================================================================
1 2 3 4 5 6A 6B 7 8 9 10 11 12 13 14 15 16 17 18
12Z AVG MX 2MIN
DY MAX MIN AVG DEP HDD CDD WTR SNW DPTH SPD SPD DIR MIN PSBL S-S WX SPD DR
================================================================================
1 72 45 59 5 6 0 0.00 M M 14.2 26 170 M M 0 30 170
2 69 52 61 7 4 0 0.00 M M 20.0 32 170 M M 1 1 36 170
3 72 57 65 12 0 0 0.00 0.0 0 20.3 31 160 M M 5 1 37 170
4 66 36 51 -2 14 0 0.32 0.0 0 19.0 30 340 M M 8 13 38 320
5 57 33 45 -7 20 0 0.00 M M 13.9 28 190 M M 0 32 200
6 65 40 53 1 12 0 0.00 M M 11.2 20 360 M M 0 23 160
7 65 42 54 2 11 0 0.00 0.0 0 10.1 15 80 M M 4 12 18 120
8 75 61 68 17 0 3 T 0.0 0 18.6 28 170 M M 7 12 34 180
9 75 62 69 18 0 4 0.00 0.0 0 23.2 35 160 M M 8 1 42 170
10 70 47 59 9 6 0 0.00 M M 20.1 33 170 M M 9 40 160
11 47 29 38 -12 27 0 0.00 M M 22.9 37 10 M M 5 45 360
12 50 22 36 -14 29 0 0.00 M M 7.6 13 130 M M 0 15 140
13 51 28 40 -9 25 0 0.00 M M 17.3 30 160 M M 0 37 160
14 39 24 32 -17 33 0 0.47 M M 10.9 23 330 M M 8 12 26 330
15 41 17 29 -19 36 0 0.00 M M 7.9 16 330 M M 0 20 340
16 45 26 36 -12 29 0 0.00 M M 6.1 16 10 M M 0 20 10
17 54 28 41 -7 24 0 0.00 M M 12.7 26 20 M M 1 31 210
18 33 28 31 -16 34 0 0.00 M M 12.7 26 20 M M 9 34 30
19 47 22 35 -12 30 0 0.00 M M 9.3 21 350 M M 1 26 340
20 48 21 35 -12 30 0 0.00 M M 11.1 20 210 M M 0 23 210
21 55 27 41 -5 24 0 0.00 M M 10.7 16 210 M M 0 18 210
22 56 32 44 -2 21 0 0.00 M M 12.2 18 170 M M 0 1 26 170
23 56 37 47 1 18 0 T M M 15.7 24 170 M M 7 12 29 180
24 52 37 45 0 20 0 T M M 14.4 25 10 M M 8 12 32 360
25 48 34 41 -4 24 0 0.01 M M 12.7 21 10 M M 3 24 20
26 43 39 41 -3 24 0 0.90 M M 10.9 20 340 M M 10 1 23 340
27 48 33 41 -3 24 0 0.00 M M 13.4 21 360 M M 2 26 330
28 59 31 45 1 20 0 0.00 M M 16.5 25 190 M M 0 30 200
29 53 27 40 -3 25 0 0.00 M M 19.8 31 360 M M 1 36 10
30 41 20 31 -12 34 0 0.00 M M 8.0 17 350 M M 0 21 350
================================================================================
SM 1652 1037 604 7 1.70 0.0 423.4 M 97
================================================================================
AV 55.1 34.6 14.1 FASTST M M 3 MAX(MPH)
MISC ----> 37 10 45 360
================================================================================
NOTES:
# LAST OF SEVERAL OCCURRENCES
COLUMN 17 PEAK WIND IN M.P.H.
PRELIMINARY LOCAL CLIMATOLOGICAL DATA (WS FORM: F-6) , PAGE 2
STATION: CLINTON
MONTH: NOVEMBER
YEAR: 2022
LATITUDE: 35 20 N
LONGITUDE: 99 12 W
[TEMPERATURE DATA] [PRECIPITATION DATA] SYMBOLS USED IN COLUMN 16
AVERAGE MONTHLY: 44.8 TOTAL FOR MONTH: 1.70 1 = FOG OR MIST
DPTR FM NORMAL: -3.5 DPTR FM NORMAL: 0.79 2 = FOG REDUCING VISIBILITY
HIGHEST: 75 ON 9, 8 GRTST 24HR 0.91 ON 25-26 TO 1/4 MILE OR LESS
LOWEST: 17 ON 15 3 = THUNDER
SNOW, ICE PELLETS, HAIL 4 = ICE PELLETS
TOTAL MONTH: 0.0 INCH 5 = HAIL
GRTST 24HR 0.0 6 = FREEZING RAIN OR DRIZZLE
GRTST DEPTH: 0 7 = DUSTSTORM OR SANDSTORM:
VSBY 1/2 MILE OR LESS
8 = SMOKE OR HAZE
[NO. OF DAYS WITH] [WEATHER - DAYS WITH] 9 = BLOWING SNOW
X = TORNADO
MAX 32 OR BELOW: 0 0.01 INCH OR MORE: 4
MAX 90 OR ABOVE: 0 0.10 INCH OR MORE: 3
MIN 32 OR BELOW: 15 0.50 INCH OR MORE: 1
MIN 0 OR BELOW: 0 1.00 INCH OR MORE: 0
[HDD (BASE 65) ]
TOTAL THIS MO. 604 CLEAR (SCALE 0-3) 18
DPTR FM NORMAL 101 PTCLDY (SCALE 4-7) 9
TOTAL FM JUL 1 759 CLOUDY (SCALE 8-10) 3
DPTR FM NORMAL 47
[CDD (BASE 65) ]
TOTAL THIS MO. 7
DPTR FM NORMAL 4 [PRESSURE DATA]
TOTAL FM JAN 1 2506 HIGHEST SLP 30.56 ON 16
DPTR FM NORMAL 526 LOWEST SLP 29.51 ON 29
[REMARKS]
#FINAL-11-22#