000
CXUS54 KOUN 010910
CF6CSM
PRELIMINARY LOCAL CLIMATOLOGICAL DATA (WS FORM: F-6)
STATION: CLINTON
MONTH: FEBRUARY
YEAR: 2022
LATITUDE: 35 20 N
LONGITUDE: 99 12 W
TEMPERATURE IN F: :PCPN: SNOW: WIND :SUNSHINE: SKY :PK WND
================================================================================
1 2 3 4 5 6A 6B 7 8 9 10 11 12 13 14 15 16 17 18
12Z AVG MX 2MIN
DY MAX MIN AVG DEP HDD CDD WTR SNW DPTH SPD SPD DIR MIN PSBL S-S WX SPD DR
================================================================================
1 58 32 45 6 20 0 0.00 0.0 M 19.1 35 10 M M 6 12 41 10
2 33 14 24 -15 41 0 M M M 26.1 33 20 M M 10 1689 40 20
3 16 10 13 -27 52 0 M M M 24.1 32 360 M M 10 128 39 350
4 35 6 21 -19 44 0 T M M 11.3 20 330 M M 1 1 23 330
5 42 16 29 -11 36 0 0.00 M M 16.6 30 170 M M 0 34 190
6 54 23 39 -1 26 0 0.00 M M 14.1 28 10 M M 0 32 30
7 57 26 42 2 23 0 0.00 M M 9.8 18 290 M M 0 24 290
8 66 28 47 7 18 0 0.00 M M 12.2 26 360 M M 0 31 360
9 67 33 50 10 15 0 0.00 M M 9.2 22 250 M M 0 31 240
10 62 38 50 10 15 0 0.00 M M 9.2 18 320 M M 1 22 300
11 61 37 49 8 16 0 0.00 M M 17.3 37 30 M M 0 42 30
12 44 24 34 -7 31 0 0.00 M M 14.7 36 20 M M 3 45 10
13 58 22 40 -1 25 0 0.00 M M 10.4 17 190 M M 0 21 360
14 68 33 51 10 14 0 0.00 M M 11.8 22 160 M M 0 27 160
15 70 39 55 14 10 0 0.00 M M 25.3 38 170 M M 0 47 170
16 76 38 57 15 8 0 0.31 M M 21.5 35 310 M M 1 13 40 190
17 38 23 31 -11 34 0 0.40 M M 21.9 41 360 M M 7 12369 52 360
18 50 22 36 -6 29 0 0.00 M M 12.1 25 200 M M 0 29 190
19 59 28 44 2 21 0 0.00 M M 13.3 28 180 M M 0 32 180
20 70 37 54 11 11 0 0.00 M M 19.4 31 200 M M 0 38 210
21 74 44 59 16 6 0 0.00 M M 17.9 30 340 M M 1 36 340
22 50 13 32 -11 33 0 0.00 M M 22.8 33 340 M M 0 42 340
23 19 9 14 -29 51 0 T M M 19.7 31 10 M M 8 359 38 10
24 27 15 21 -23 44 0 T M M 8.5 18 40 M M 7 168 20 30
25 30 12 21 -23 44 0 0.00 M M 7.7 15 70 M M 0 18 40
26 43 14 29 -15 36 0 0.00 M M 6.1 13 40 M M 1 19 360
27 58 21 40 -5 25 0 0.00 M M 9.5 15 310 M M 0 17 340
28 65 30 48 3 17 0 0.00 M M 12.6 20 200 M M 0 25 220
================================================================================
SM 1450 687 745 0 0.71 0.0 424.2 M 56
================================================================================
AV 51.8 24.5 15.2 FASTST M M 2 MAX(MPH)
MISC ----> 41 360 52 360
================================================================================
NOTES:
# LAST OF SEVERAL OCCURRENCES
COLUMN 17 PEAK WIND IN M.P.H.
PRELIMINARY LOCAL CLIMATOLOGICAL DATA (WS FORM: F-6) , PAGE 2
STATION: CLINTON
MONTH: FEBRUARY
YEAR: 2022
LATITUDE: 35 20 N
LONGITUDE: 99 12 W
[TEMPERATURE DATA] [PRECIPITATION DATA] SYMBOLS USED IN COLUMN 16
AVERAGE MONTHLY: 38.2 TOTAL FOR MONTH: 0.71 1 = FOG OR MIST
DPTR FM NORMAL: -3.4 DPTR FM NORMAL: -0.07 2 = FOG REDUCING VISIBILITY
HIGHEST: 76 ON 16 GRTST 24HR 0.71 ON 16-17 TO 1/4 MILE OR LESS
LOWEST: 6 ON 4 3 = THUNDER
SNOW, ICE PELLETS, HAIL 4 = ICE PELLETS
TOTAL MONTH: 0.0 INCH 5 = HAIL
GRTST 24HR 0.0 6 = FREEZING RAIN OR DRIZZLE
GRTST DEPTH: M ON M 7 = DUSTSTORM OR SANDSTORM:
VSBY 1/2 MILE OR LESS
8 = SMOKE OR HAZE
[NO. OF DAYS WITH] [WEATHER - DAYS WITH] 9 = BLOWING SNOW
X = TORNADO
MAX 32 OR BELOW: 4 0.01 INCH OR MORE: 2
MAX 90 OR ABOVE: 0 0.10 INCH OR MORE: 2
MIN 32 OR BELOW: 20 0.50 INCH OR MORE: 0
MIN 0 OR BELOW: 0 1.00 INCH OR MORE: 0
[HDD (BASE 65) ]
TOTAL THIS MO. 745 CLEAR (SCALE 0-3) 22
DPTR FM NORMAL 89 PTCLDY (SCALE 4-7) 4
TOTAL FM JUL 1 2588 CLOUDY (SCALE 8-10) 2
DPTR FM NORMAL -399
[CDD (BASE 65) ]
TOTAL THIS MO. 0
DPTR FM NORMAL 0 [PRESSURE DATA]
TOTAL FM JAN 1 0 HIGHEST SLP 30.67 ON 4
DPTR FM NORMAL 0 LOWEST SLP 29.55 ON 21
[REMARKS]
#FINAL-02-22#