000
CXUS55 KOHX 060637
CF6CSV
PRELIMINARY LOCAL CLIMATOLOGICAL DATA (WS FORM: F-6)
STATION: CROSSVILLE
MONTH: JANUARY
YEAR: 2022
LATITUDE: 35 57 N
LONGITUDE: 85 5 W
TEMPERATURE IN F: :PCPN: SNOW: WIND :SUNSHINE: SKY :PK WND
================================================================================
1 2 3 4 5 6A 6B 7 8 9 10 11 12 13 14 15 16 17 18
12Z AVG MX 2MIN
DY MAX MIN AVG DEP HDD CDD WTR SNW DPTH SPD SPD DIR MIN PSBL S-S WX SPD DR
================================================================================
1 72 55 64 28 1 0 1.87 M M 7.8 22 310 M M 9 138 35 300
2 56 31 44 8 21 0 0.44 M M 7.7 17 20 M M 10 1 26 360
3 31 22 27 -9 38 0 0.04 M M 8.9 23 320 M M 9 12 41 340
4 43 20 32 -4 33 0 0.00 M M 7.5 18 190 M M 0 1 40 160
5 49 32 41 5 24 0 0.00 M M 6.6 17 190 M M 2 1 36 200
6 35 14 25 -11 40 0 0.17 M M 6.7 16 330 M M 7 128 22 330
7 25 10 18 -17 47 0 T M M 5.7 15 300 M M 4 1 23 290
8 44 17 31 -4 34 0 0.00 M M 8.7 21 180 M M 2 37 170
9 50 30 40 5 25 0 0.98 M M 9.4 22 30 M M 8 1 39 150
10 38 21 30 -5 35 0 0.00 M M 7.0 15 290 M M 0 21 290
11 42 20 31 -4 34 0 0.00 M M 3.7 9 270 M M 0 13 360
12 50 25 38 3 27 0 0.00 M M 4.6 15 260 M M 0 22 270
13 48 34 41 6 24 0 0.00 M M 7.5 18 290 M M 2 27 270
14 47 27 37 2 28 0 0.00 M M 3.5 9 20 M M 2 18 13 30
15 40 31 36 1 29 0 0.01 M M 6.3 13 80 M M 9 1 19 80
16 36 26 31 -4 34 0 0.83 M M 11.4 22 280 M M 10 12 33 280
17 28 23 26 -9 39 0 T M M 10.9 23 290 M M 10 18 35 300
18 40 25 33 -2 32 0 0.00 M M 3.7 13 180 M M 5 1 24 160
19 50 40 45 10 20 0 0.65 M M 6.7 15 340 M M 8 18 23 200
20 42 19 31 -4 34 0 0.09 M M 11.1 16 20 M M 10 1 26 10
21 23 17 20 -15 45 0 0.00 M M 8.3 14 40 M M 10 18 40
22 36 11 24 -11 41 0 0.00 M M 3.7 12 300 M M 1 15 260
23 42 19 31 -4 34 0 0.00 M M 5.6 20 260 M M 2 27 270
24 53 23 38 3 27 0 0.00 M M 3.6 13 220 M M 5 21 250
25 41 23 32 -3 33 0 0.00 M M M M M M M M 8 M M
26 34 19 27 -8 38 0 0.00 M M 5.6 13 30 M M 0 8 19 340
27 49 15 32 -4 33 0 0.00 M M 1.7 10 270 M M 4 17 230
28 36 19 28 -8 37 0 0.02 M M 8.3 20 330 M M 10 128 31 330
29 25 10 18 -18 47 0 T M M 6.7 17 310 M M 4 18 26 330
30 47 19 33 -3 32 0 0.00 M M 5.6 17 280 M M 0 26 250
31 48 23 36 0 29 0 0.00 M M 3.0 10 290 M M 1 8 14 280
================================================================================
SM 1300 720 995 0 5.10 M 197.5 M 144
================================================================================
AV 41.9 23.2 6.6 FASTST M M 5 MAX(MPH)
MISC ----> # 23 320 41 340
================================================================================
NOTES:
# LAST OF SEVERAL OCCURRENCES
COLUMN 17 PEAK WIND IN M.P.H.
PRELIMINARY LOCAL CLIMATOLOGICAL DATA (WS FORM: F-6) , PAGE 2
STATION: CROSSVILLE
MONTH: JANUARY
YEAR: 2022
LATITUDE: 35 57 N
LONGITUDE: 85 5 W
[TEMPERATURE DATA] [PRECIPITATION DATA] SYMBOLS USED IN COLUMN 16
AVERAGE MONTHLY: 32.6 TOTAL FOR MONTH: 5.10 1 = FOG OR MIST
DPTR FM NORMAL: -2.7 DPTR FM NORMAL: 0.15 2 = FOG REDUCING VISIBILITY
HIGHEST: 72 ON 1 GRTST 24HR 1.87 ON 1- 1 TO 1/4 MILE OR LESS
LOWEST: 10 ON 29, 7 3 = THUNDER
SNOW, ICE PELLETS, HAIL 4 = ICE PELLETS
TOTAL MONTH: M 5 = HAIL
GRTST 24HR M ON M 6 = FREEZING RAIN OR DRIZZLE
GRTST DEPTH: M ON M 7 = DUSTSTORM OR SANDSTORM:
VSBY 1/2 MILE OR LESS
8 = SMOKE OR HAZE
[NO. OF DAYS WITH] [WEATHER - DAYS WITH] 9 = BLOWING SNOW
X = TORNADO
MAX 32 OR BELOW: 5 0.01 INCH OR MORE: 10
MAX 90 OR ABOVE: 0 0.10 INCH OR MORE: 6
MIN 32 OR BELOW: 28 0.50 INCH OR MORE: 4
MIN 0 OR BELOW: 0 1.00 INCH OR MORE: 1
[HDD (BASE 65) ]
TOTAL THIS MO. 995 CLEAR (SCALE 0-3) 13
DPTR FM NORMAL 76 PTCLDY (SCALE 4-7) 7
TOTAL FM JUL 1 2354 CLOUDY (SCALE 8-10) 11
DPTR FM NORMAL -287
[CDD (BASE 65) ]
TOTAL THIS MO. 0
DPTR FM NORMAL 0 [PRESSURE DATA]
TOTAL FM JAN 1 0 HIGHEST SLP 30.55 ON 11
DPTR FM NORMAL 0 LOWEST SLP 29.49 ON 16
[REMARKS]
#FINAL-01-22#