000
CXUS55 KOHX 011353
CF6CSV
PRELIMINARY LOCAL CLIMATOLOGICAL DATA (WS FORM: F-6)
STATION: CROSSVILLE
MONTH: NOVEMBER
YEAR: 2023
LATITUDE: 35 57 N
LONGITUDE: 85 5 W
TEMPERATURE IN F: :PCPN: SNOW: WIND :SUNSHINE: SKY :PK WND
================================================================================
1 2 3 4 5 6A 6B 7 8 9 10 11 12 13 14 15 16 17 18
12Z AVG MX 2MIN
DY MAX MIN AVG DEP HDD CDD WTR SNW DPTH SPD SPD DIR MIN PSBL S-S WX SPD DR
================================================================================
1 45 24 35 -15 30 0 0.00 M M 4.4 14 20 M M 0 20 60
2 53 22 38 -12 27 0 0.00 M M 2.3 12 190 M M 1 12 19 200
3 61 30 46 -4 19 0 0.00 M M 3.3 M M M M 0 M M
4 67 36 52 2 13 0 0.00 M M 3.1 14 260 M M 0 19 280
5 71 41 56 7 9 0 0.00 M M 3.4 14 330 M M 0 19 290
6 72 38 55 6 10 0 0.00 M M 4.0 16 260 M M 0 24 270
7 74 47 61 13 4 0 0.00 M M 3.5 16 260 M M 1 24 270
8 76 48 62 14 3 0 0.00 M M 5.3 15 220 M M 0 27 230
9 70 54 62 14 3 0 0.10 M M 6.6 13 340 M M 8 1 18 240
10 56 44 50 2 15 0 0.22 M M 8.5 16 50 M M 6 1 23 50
11 61 42 52 5 13 0 0.00 M M 5.9 15 50 M M 0 20 50
12 65 36 51 4 14 0 0.00 M M 2.3 9 280 M M 2 14 30
13 68 35 52 6 13 0 0.00 M M 1.7 9 10 M M 0 13 360
14 64 40 52 6 13 0 0.00 M M 4.4 13 70 M M 0 21 120
15 65 48 57 11 8 0 0.00 M M 2.7 14 100 M M 6 20 110
16 69 53 61 15 4 0 0.00 M M 3.4 14 140 M M 5 21 100
17 68 53 61 16 4 0 0.06 M M 5.7 14 160 M M 9 1 22 200
18 56 37 47 2 18 0 0.00 M M 6.3 14 30 M M 5 1 19 10
19 64 29 47 2 18 0 0.00 M M 3.8 10 40 M M 0 15 30
20 61 39 50 6 15 0 T M M 6.9 22 140 M M 6 42 140
21 58 42 50 6 15 0 1.42 M M 8.8 20 170 M M 10 1 37 190
22 42 31 37 -7 28 0 T M M 5.7 14 330 M M 9 1 20 340
23 53 31 42 -2 23 0 0.00 M M 1.3 7 340 M M 4 12 9 350
24 54 34 44 1 21 0 0.00 M M 6.5 15 30 M M 0 1 20 50
25 56 32 44 1 21 0 0.00 M M 4.5 12 200 M M 0 1 19 180
26 48 37 43 0 22 0 0.06 M M 8.8 21 270 M M 7 1 32 290
27 39 26 33 -10 32 0 0.00 M M 8.3 17 290 M M 5 27 300
28 37 18 28 -14 37 0 0.00 M M 6.6 16 330 M M 0 25 340
29 51 17 34 -8 31 0 0.00 M M 4.7 20 270 M M 0 28 260
30 56 32 44 2 21 0 T M M 5.7 14 190 M M 1 23 210
================================================================================
SM 1780 1096 504 0 1.86 M 148.4 M 85
================================================================================
AV 59.3 36.5 4.9 FASTST M M 3 MAX(MPH)
MISC ----> 22 140 42 140
================================================================================
NOTES:
# LAST OF SEVERAL OCCURRENCES
COLUMN 17 PEAK WIND IN M.P.H.
PRELIMINARY LOCAL CLIMATOLOGICAL DATA (WS FORM: F-6) , PAGE 2
STATION: CROSSVILLE
MONTH: NOVEMBER
YEAR: 2023
LATITUDE: 35 57 N
LONGITUDE: 85 5 W
[TEMPERATURE DATA] [PRECIPITATION DATA] SYMBOLS USED IN COLUMN 16
AVERAGE MONTHLY: 47.9 TOTAL FOR MONTH: 1.86 1 = FOG OR MIST
DPTR FM NORMAL: 1.9 DPTR FM NORMAL: -2.88 2 = FOG REDUCING VISIBILITY
HIGHEST: 76 ON 8 GRTST 24HR 1.42 ON 21-21 TO 1/4 MILE OR LESS
LOWEST: 17 ON 29 3 = THUNDER
SNOW, ICE PELLETS, HAIL 4 = ICE PELLETS
TOTAL MONTH: M 5 = HAIL
GRTST 24HR M ON M 6 = FREEZING RAIN OR DRIZZLE
GRTST DEPTH: M ON M 7 = DUSTSTORM OR SANDSTORM:
VSBY 1/2 MILE OR LESS
8 = SMOKE OR HAZE
[NO. OF DAYS WITH] [WEATHER - DAYS WITH] 9 = BLOWING SNOW
X = TORNADO
MAX 32 OR BELOW: 0 0.01 INCH OR MORE: 5
MAX 90 OR ABOVE: 0 0.10 INCH OR MORE: 3
MIN 32 OR BELOW: 11 0.50 INCH OR MORE: 1
MIN 0 OR BELOW: 0 1.00 INCH OR MORE: 1
[HDD (BASE 65) ]
TOTAL THIS MO. 504 CLEAR (SCALE 0-3) 18
DPTR FM NORMAL -68 PTCLDY (SCALE 4-7) 9
TOTAL FM JUL 1 773 CLOUDY (SCALE 8-10) 3
DPTR FM NORMAL -135
[CDD (BASE 65) ]
TOTAL THIS MO. 0
DPTR FM NORMAL -1 [PRESSURE DATA]
TOTAL FM JAN 1 759 HIGHEST SLP 30.50 ON 2
DPTR FM NORMAL -132 LOWEST SLP 29.81 ON 21
[REMARKS]
#FINAL-11-23#