000
CXUS56 KTFX 220802
CF6CTB
PRELIMINARY LOCAL CLIMATOLOGICAL DATA (WS FORM: F-6)
STATION: CUT BANK MT
MONTH: JANUARY
YEAR: 2023
LATITUDE: 48 37 N
LONGITUDE: 112 23 W
TEMPERATURE IN F: :PCPN: SNOW: WIND :SUNSHINE: SKY :PK WND
================================================================================
1 2 3 4 5 6A 6B 7 8 9 10 11 12 13 14 15 16 17 18
12Z AVG MX 2MIN
DY MAX MIN AVG DEP HDD CDD WTR SNW DPTH SPD SPD DIR MIN PSBL S-S WX SPD DR
================================================================================
1 38 20 29 8 36 0 0.00 M 0 12.6 21 260 M M 3 27 260
2 29 13 21 0 44 0 0.00 M 0 4.3 12 150 M M 0 14 140
3 34 4 19 -2 46 0 0.00 M 0 11.1 32 240 M M 2 12 39 240
4 35 14 25 4 40 0 0.00 M 0 18.5 32 260 M M 0 41 250
5 23 7 15 -6 50 0 0.00 M 0 2.7 8 140 M M 3 9 140
6 45 15 30 9 35 0 0.00 M 0 14.3 37 250 M M 2 47 250
7 49 25 37 16 28 0 0.00 M 0 10.7 28 250 M M 0 36 250
8 45 20 33 12 32 0 0.00 M 0 8.7 22 250 M M 1 29 260
9 42 29 36 14 29 0 0.00 M 0 13.2 28 240 M M 2 37 250
10 44 17 31 9 34 0 0.00 M 0 11.4 29 260 M M 1 37 270
11 34 12 23 1 42 0 0.00 M 0 5.4 13 250 M M 0 14 250
12 45 20 33 11 32 0 0.00 M 0 11.2 32 240 M M 1 40 240
13 55 39 47 25 18 0 0.00 M 0 13.2 26 240 M M 0 36 240
14 48 28 38 16 27 0 0.00 M 0 13.6 28 250 M M 2 34 250
15 41 24 33 11 32 0 0.00 M 0 3.6 8 120 M M 8 12 10 50
16 32 24 28 6 37 0 0.00 M 0 3.7 9 150 M M 10 12 11 180
17 43 26 35 13 30 0 0.00 M 0 9.0 17 260 M M 7 12 23 250
18 41 26 34 12 31 0 0.00 M 0 19.9 30 250 M M 0 38 250
19 42 27 35 13 30 0 0.00 M 0 13.7 30 330 M M 6 36 330
20 37 25 31 9 34 0 0.00 M 0 19.2 26 260 M M 0 36 250
21 48 28 38 16 27 0 0.00 M 0 18.7 37 250 M M 3 48 250
22 34 24 29 7 36 0 0.01 M 0 17.3 38 250 M M 9 1 50 250
23 32 14 23 1 42 0 0.00 M T 23.1 40 270 M M 2 52 270
24 40 19 30 8 35 0 0.00 M T 19.4 35 250 M M 4 47 260
25 39 23 31 9 34 0 T M 0 16.3 30 250 M M 8 1 38 250
26 52 33 43 21 22 0 0.00 M 0 25.0 43 260 M M 5 55 280
27 38 11 25 3 40 0 0.08 M 0 12.7 24 20 M M 10 12 30 20
28 11 -11 0 -22 65 0 0.01 M T 10.7 24 360 M M 8 18 29 360
29 6 -11 -2 -24 67 0 T M 1 9.9 21 350 M M 4 18 27 350
30 16 5 11 -11 54 0 0.01 M 1 20.4 36 250 M M 7 18 44 250
31 26 14 20 -2 45 0 0.00 M 1 32.3 44 250 M M 2 57 250
================================================================================
SM 1144 564 1154 0 0.11 M 425.8 M 110
================================================================================
AV 36.9 18.2 13.7 FASTST M M 4 MAX(MPH)
MISC ----> 44 250 57 250
================================================================================
NOTES:
# LAST OF SEVERAL OCCURRENCES
COLUMN 17 PEAK WIND IN M.P.H.
PRELIMINARY LOCAL CLIMATOLOGICAL DATA (WS FORM: F-6) , PAGE 2
STATION: CUT BANK MT
MONTH: JANUARY
YEAR: 2023
LATITUDE: 48 37 N
LONGITUDE: 112 23 W
[TEMPERATURE DATA] [PRECIPITATION DATA] SYMBOLS USED IN COLUMN 16
AVERAGE MONTHLY: 27.5 TOTAL FOR MONTH: 0.11 1 = FOG OR MIST
DPTR FM NORMAL: 5.7 DPTR FM NORMAL: -0.11 2 = FOG REDUCING VISIBILITY
HIGHEST: 55 ON 13 GRTST 24HR 0.20 ON 27-28 TO 1/4 MILE OR LESS
LOWEST: -11 ON 29,28 3 = THUNDER
SNOW, ICE PELLETS, HAIL 4 = ICE PELLETS
TOTAL MONTH: M 5 = HAIL
GRTST 24HR M ON M 6 = FREEZING RAIN OR DRIZZLE
GRTST DEPTH: 1 ON 31,30 7 = DUSTSTORM OR SANDSTORM:
VSBY 1/2 MILE OR LESS
8 = SMOKE OR HAZE
[NO. OF DAYS WITH] [WEATHER - DAYS WITH] 9 = BLOWING SNOW
X = TORNADO
MAX 32 OR BELOW: 8 0.01 INCH OR MORE: 4
MAX 90 OR ABOVE: 0 0.10 INCH OR MORE: 0
MIN 32 OR BELOW: 29 0.50 INCH OR MORE: 0
MIN 0 OR BELOW: 2 1.00 INCH OR MORE: 0
[HDD (BASE 65) ]
TOTAL THIS MO. 1154 CLEAR (SCALE 0-3) 19
DPTR FM NORMAL -185 PTCLDY (SCALE 4-7) 9
TOTAL FM JUL 1 4840 CLOUDY (SCALE 8-10) 3
DPTR FM NORMAL -63
[CDD (BASE 65) ]
TOTAL THIS MO. 0
DPTR FM NORMAL 0 [PRESSURE DATA]
TOTAL FM JAN 1 0 HIGHEST SLP 30.69 ON 29
DPTR FM NORMAL 0 LOWEST SLP 29.48 ON 15
[REMARKS]
#FINAL-01-23#