000
CXUS52 KTAE 010800
CF6CTY
PRELIMINARY LOCAL CLIMATOLOGICAL DATA (WS FORM: F-6)
STATION: CROSS CITY
MONTH: APRIL
YEAR: 2023
LATITUDE: 29 37 N
LONGITUDE: 83 6 W
TEMPERATURE IN F: :PCPN: SNOW: WIND :SUNSHINE: SKY :PK WND
================================================================================
1 2 3 4 5 6A 6B 7 8 9 10 11 12 13 14 15 16 17 18
12Z AVG MX 2MIN
DY MAX MIN AVG DEP HDD CDD WTR SNW DPTH SPD SPD DIR MIN PSBL S-S WX SPD DR
================================================================================
1 81 59 70 5 0 5 0.00 0.0 0 9.4 17 230 M M 7 24 230
2 86 61 74 9 0 9 0.00 0.0 0 5.3 10 260 M M 2 12 M M
3 84 57 71 6 0 6 0.00 0.0 0 3.3 12 200 M M 0 17 210
4 86 61 74 9 0 9 0.00 0.0 0 2.3 7 230 M M 5 1 17 80
5 90 63 77 11 0 12 0.00 0.0 0 4.6 10 260 M M 3 1 16 170
6 88 64 76 10 0 11 0.00 0.0 0 4.8 12 230 M M 2 M M
7 86 64 75 9 0 10 0.00 0.0 0 5.5 13 230 M M 3 17 250
8 81 64 73 7 0 8 0.03 M M 5.0 13 190 M M 6 1 M M
9 68 50 59 -7 6 0 0.11 0.0 0 11.8 17 40 M M 10 1 24 50
10 72 57 65 -1 0 0 0.00 0.0 0 11.9 20 40 M M 10 27 40
11 75 57 66 -1 0 1 0.00 0.0 0 10.3 15 40 M M 6 22 40
12 77 59 68 1 0 3 0.00 M M 8.9 15 110 M M 4 24 110
13 81 63 72 5 0 7 0.12 M M 7.4 20 190 M M 5 27 190
14 82 57 70 3 0 5 0.00 0.0 0 5.0 14 210 M M 4 28 30 210
15 86 54 70 3 0 5 0.14 0.0 0 4.8 25 260 M M 3 35 260
16 82 61 72 4 0 7 0.00 0.0 0 6.9 15 230 M M 4 20 250
17 77 48 63 -5 2 0 0.00 0.0 0 8.6 15 320 M M 2 23 10
18 82 39 61 -7 4 0 0.00 0.0 0 3.5 13 30 M M 0 18 70
19 84 46 65 -3 0 0 0.00 0.0 0 3.8 12 40 M M 0 M M
20 86 48 67 -1 0 2 0.00 0.0 M 5.6 14 80 M M 1 20 130
21 84 52 68 -1 0 3 0.00 0.0 M 4.4 14 240 M M 1 22 180
22 84 55 70 1 0 5 0.00 0.0 M 4.9 12 290 M M 3 21 230
23 86 55 71 2 0 6 0.00 0.0 0 6.4 14 50 M M 0 21 60
24 73 59 66 -3 0 1 0.10 0.0 M 5.4 21 30 M M 6 M M
25 84 59 72 2 0 7 0.00 0.0 0 5.3 10 100 M M 6 8 17 70
26 88 61 75 5 0 10 0.09 0.0 0 5.6 9 100 M M 3 17 160
27 88 63 76 6 0 11 0.82 0.0 0 7.1 31 310 M M 2 3 40 310
28 82 64 73 3 0 8 0.00 0.0 0 6.7 16 260 M M 5 18 24 250
29 82 66 74 4 0 9 0.83 M M 6.7 14 210 M M 3 18 25 210
30 75 68 72 1 0 7 0.01 0.0 0 14.1 20 260 M M 5 30 270
================================================================================
SM 2460 1734 12 167 2.25 0.0 195.3 M 111
================================================================================
AV 82.0 57.8 6.5 FASTST M M 4 MAX(MPH)
MISC ----> 31 310 40 310
================================================================================
NOTES:
# LAST OF SEVERAL OCCURRENCES
COLUMN 17 PEAK WIND IN M.P.H.
PRELIMINARY LOCAL CLIMATOLOGICAL DATA (WS FORM: F-6) , PAGE 2
STATION: CROSS CITY
MONTH: APRIL
YEAR: 2023
LATITUDE: 29 37 N
LONGITUDE: 83 6 W
[TEMPERATURE DATA] [PRECIPITATION DATA] SYMBOLS USED IN COLUMN 16
AVERAGE MONTHLY: 69.9 TOTAL FOR MONTH: 2.25 1 = FOG OR MIST
DPTR FM NORMAL: 2.4 DPTR FM NORMAL: -0.65 2 = FOG REDUCING VISIBILITY
HIGHEST: 90 ON 5 GRTST 24HR 0.83 ON 29-29 TO 1/4 MILE OR LESS
LOWEST: 39 ON 18 3 = THUNDER
SNOW, ICE PELLETS, HAIL 4 = ICE PELLETS
TOTAL MONTH: 0.0 INCH 5 = HAIL
GRTST 24HR 0.0 6 = FREEZING RAIN OR DRIZZLE
GRTST DEPTH: 0 7 = DUSTSTORM OR SANDSTORM:
VSBY 1/2 MILE OR LESS
8 = SMOKE OR HAZE
[NO. OF DAYS WITH] [WEATHER - DAYS WITH] 9 = BLOWING SNOW
X = TORNADO
MAX 32 OR BELOW: 0 0.01 INCH OR MORE: 9
MAX 90 OR ABOVE: 1 0.10 INCH OR MORE: 5
MIN 32 OR BELOW: 0 0.50 INCH OR MORE: 2
MIN 0 OR BELOW: 0 1.00 INCH OR MORE: 0
[HDD (BASE 65) ]
TOTAL THIS MO. 12 CLEAR (SCALE 0-3) 15
DPTR FM NORMAL -30 PTCLDY (SCALE 4-7) 13
TOTAL FM JUL 1 810 CLOUDY (SCALE 8-10) 2
DPTR FM NORMAL -443
[CDD (BASE 65) ]
TOTAL THIS MO. 167
DPTR FM NORMAL 48 [PRESSURE DATA]
TOTAL FM JAN 1 383 HIGHEST SLP M ON M
DPTR FM NORMAL 173 LOWEST SLP M ON M
[REMARKS]
#FINAL-04-23#