000
CXUS52 KTAE 010800
CF6CTY
PRELIMINARY LOCAL CLIMATOLOGICAL DATA (WS FORM: F-6)
STATION: CROSS CITY
MONTH: JULY
YEAR: 2022
LATITUDE: 29 37 N
LONGITUDE: 83 6 W
TEMPERATURE IN F: :PCPN: SNOW: WIND :SUNSHINE: SKY :PK WND
================================================================================
1 2 3 4 5 6A 6B 7 8 9 10 11 12 13 14 15 16 17 18
12Z AVG MX 2MIN
DY MAX MIN AVG DEP HDD CDD WTR SNW DPTH SPD SPD DIR MIN PSBL S-S WX SPD DR
================================================================================
1 92 73 83 2 0 18 0.05 0.0 0 2.3 9 350 M M 2 3 16 350
2 87 73 80 -1 0 15 0.25 0.0 0 2.0 8 170 M M 1 38 M M
3 88 75 82 1 0 17 0.08 0.0 0 3.5 9 290 M M 2 3 M M
4 93 73 83 2 0 18 0.00 0.0 0 2.4 8 230 M M 2 3 21 260
5 91 74 83 2 0 18 0.16 0.0 0 2.9 10 250 M M 3 13 23 200
6 93 74 84 3 0 19 0.00 0.0 0 2.8 16 230 M M 1 3 25 230
7 93 74 84 3 0 19 0.00 0.0 0 3.4 12 260 M M 2 M M
8 90 75 83 2 0 18 0.36 0.0 0 3.0 8 340 M M 4 1 M M
9 92 75 84 3 0 19 0.00 0.0 0 4.8 13 260 M M 1 18 240
10 86 75 81 0 0 16 1.02 0.0 M 3.2 12 300 M M 3 13 24 220
11 89 75 82 1 0 17 0.95 0.0 M 2.4 9 10 M M 5 13 17 320
12 90 73 82 1 0 17 0.01 0.0 M 6.0 17 200 M M 4 28 190
13 93 73 83 2 0 18 0.02 0.0 0 4.7 13 280 M M 2 3 18 230
14 92 70 81 0 0 16 0.05 0.0 0 3.6 12 180 M M 3 3 22 120
15 92 69 81 0 0 16 0.11 0.0 0 5.0 9 170 M M 2 8 M M
16 90 71 81 0 0 16 0.52 0.0 0 3.2 8 120 M M 2 13 22 110
17 88 71 80 -1 0 15 0.00 0.0 0 3.2 7 100 M M 4 18 M M
18 88 74 81 0 0 16 0.34 0.0 0 4.7 10 230 M M 4 1 M M
19 91 74 83 2 0 18 0.09 0.0 M 3.5 13 220 M M 3 3 M M
20 83 73 78 -3 0 13 0.69 0.0 M 3.6 14 260 M M 3 13 18 260
21 92 72 82 1 0 17 0.13 M M 3.4 12 250 M M 1 3 M M
22 94 72 83 2 0 18 0.17 0.0 M 2.6 8 360 M M 2 13 33 220
23 94 71 83 2 0 18 0.00 M M 2.0 10 190 M M 1 38 M M
24 92 71 82 0 0 17 0.05 0.0 M 2.9 8 190 M M 2 138 18 70
25 93 71 82 0 0 17 0.04 0.0 M 4.2 16 130 M M 2 29 130
26 95 71 83 1 0 18 1.16 0.0 0 3.6 13 250 M M 2 13 25 310
27 91 70 81 -1 0 16 0.22 0.0 0 4.4 8 190 M M 2 M M
28 91 74 83 1 0 18 0.00 0.0 0 4.5 12 240 M M 2 18 190
29 93 73 83 1 0 18 0.00 0.0 M 3.9 10 260 M M 2 17 190
30 93 72 83 1 0 18 0.00 0.0 M 2.1 9 270 M M 1 1 M M
31 94 73 84 2 0 19 0.00 0.0 0 3.5 9 260 M M 1 M M
================================================================================
SM 2823 2254 0 533 6.47 0.0 107.2 M 71
================================================================================
AV 91.1 72.7 3.5 FASTST M M 2 MAX(MPH)
MISC ----> 17 200 33 220
================================================================================
NOTES:
# LAST OF SEVERAL OCCURRENCES
COLUMN 17 PEAK WIND IN M.P.H.
PRELIMINARY LOCAL CLIMATOLOGICAL DATA (WS FORM: F-6) , PAGE 2
STATION: CROSS CITY
MONTH: JULY
YEAR: 2022
LATITUDE: 29 37 N
LONGITUDE: 83 6 W
[TEMPERATURE DATA] [PRECIPITATION DATA] SYMBOLS USED IN COLUMN 16
AVERAGE MONTHLY: 81.9 TOTAL FOR MONTH: 6.47 1 = FOG OR MIST
DPTR FM NORMAL: 0.6 DPTR FM NORMAL: -1.30 2 = FOG REDUCING VISIBILITY
HIGHEST: 95 ON 26 GRTST 24HR 1.16 ON 26-26 TO 1/4 MILE OR LESS
LOWEST: 69 ON 15 3 = THUNDER
SNOW, ICE PELLETS, HAIL 4 = ICE PELLETS
TOTAL MONTH: 0.0 INCH 5 = HAIL
GRTST 24HR 0.0 6 = FREEZING RAIN OR DRIZZLE
GRTST DEPTH: 0 7 = DUSTSTORM OR SANDSTORM:
VSBY 1/2 MILE OR LESS
8 = SMOKE OR HAZE
[NO. OF DAYS WITH] [WEATHER - DAYS WITH] 9 = BLOWING SNOW
X = TORNADO
MAX 32 OR BELOW: 0 0.01 INCH OR MORE: 21
MAX 90 OR ABOVE: 24 0.10 INCH OR MORE: 13
MIN 32 OR BELOW: 0 0.50 INCH OR MORE: 5
MIN 0 OR BELOW: 0 1.00 INCH OR MORE: 2
[HDD (BASE 65) ]
TOTAL THIS MO. 0 CLEAR (SCALE 0-3) 23
DPTR FM NORMAL 0 PTCLDY (SCALE 4-7) 8
TOTAL FM JUL 1 0 CLOUDY (SCALE 8-10) 0
DPTR FM NORMAL 0
[CDD (BASE 65) ]
TOTAL THIS MO. 533
DPTR FM NORMAL 28 [PRESSURE DATA]
TOTAL FM JAN 1 1727 HIGHEST SLP M ON M
DPTR FM NORMAL 257 LOWEST SLP M ON M
[REMARKS]
#FINAL-07-22#