000
CXUS53 KUNR 011030
CF6CUT
PRELIMINARY LOCAL CLIMATOLOGICAL DATA (WS FORM: F-6)
STATION: CUSTER COUNTY AIRPORT SD
MONTH: DECEMBER
YEAR: 2022
LATITUDE: 43 43 N
LONGITUDE: 103 37 W
TEMPERATURE IN F: :PCPN: SNOW: WIND :SUNSHINE: SKY :PK WND
================================================================================
1 2 3 4 5 6A 6B 7 8 9 10 11 12 13 14 15 16 17 18
12Z AVG MX 2MIN
DY MAX MIN AVG DEP HDD CDD WTR SNW DPTH SPD SPD DIR MIN PSBL S-S WX SPD DR
================================================================================
1 47 32 40 13 25 0 0.00 M M 15.9 23 250 M M 0 42 240
2 42 7 25 -2 40 0 0.01 M M 9.5 21 250 M M 3 39 230
3 34 10 22 -5 43 0 0.00 M M 9.8 20 260 M M 0 31 250
4 44 23 34 8 31 0 0.00 M M 5.6 24 250 M M 2 42 260
5 30 14 22 -4 43 0 0.02 M M 4.7 13 270 M M 5 1 20 260
6 35 11 23 -3 42 0 0.00 M M 6.1 18 270 M M 0 24 270
7 39 16 28 2 37 0 0.00 M M 5.6 15 240 M M 0 23 230
8 37 16 27 1 38 0 0.00 M M 3.4 9 260 M M 4 14 240
9 36 18 27 2 38 0 0.00 M M 10.3 21 240 M M 1 37 220
10 38 19 29 4 36 0 0.00 M M 6.1 18 240 M M 0 27 240
11 51 31 41 16 24 0 0.00 M M 9.2 17 250 M M 0 29 240
12 44 20 32 7 33 0 0.00 M M 8.0 16 50 M M 4 1 23 10
13 20 12 16 -9 49 0 0.14 M M 12.1 23 10 M M 9 18 40 330
14 21 12 17 -8 48 0 T M M 9.8 23 330 M M 10 8 41 320
15 15 10 13 -12 52 0 0.00 M M 12.0 25 320 M M 6 45 300
16 20 10 15 -10 50 0 0.00 M M 12.7 23 300 M M 2 42 300
17 28 7 18 -7 47 0 0.00 M M 7.8 18 290 M M 5 30 300
18 28 3 16 -9 49 0 0.00 M M 3.7 13 240 M M 0 17 250
19 25 0 13 -12 52 0 0.00 M M 3.5 10 170 M M 0 15 180
20 24 -5 10 -15 55 0 0.00 M M 5.3 10 210 M M 0 17 210
21 24 -31 -3 -28 68 0 0.14 M M 5.3 24 270 M M 4 18 35 260
22 -7 -33 -20 -45 85 0 T M M 7.9 20 320 M M 0 8 35 320
23 12 -13 0 -25 65 0 0.00 M M 6.0 15 340 M M 2 28 320
24 37 4 21 -4 44 0 0.00 M M 6.2 17 300 M M 6 34 330
25 43 24 34 9 31 0 T M M 13.1 25 350 M M 2 48 330
26 41 19 30 5 35 0 0.00 M M 9.8 22 340 M M 0 41 350
27 47 38 43 18 22 0 0.00 M M 13.4 25 260 M M 0 42 270
28 44 29 37 12 28 0 0.00 M M 8.9 28 270 M M 1 41 280
29 36 18 27 2 38 0 0.00 M M 5.3 15 270 M M 6 20 280
30 34 13 24 -1 41 0 0.00 M M 8.1 21 270 M M 2 30 290
31 35 17 26 1 39 0 T M M 2.4 8 270 M M 3 8 10 270
================================================================================
SM 1004 351 1328 0 0.31 M 247.5 M 77
================================================================================
AV 32.4 11.3 8.0 FASTST M M 2 MAX(MPH)
MISC ----> 28 270 48 330
================================================================================
NOTES:
# LAST OF SEVERAL OCCURRENCES
COLUMN 17 PEAK WIND IN M.P.H.
PRELIMINARY LOCAL CLIMATOLOGICAL DATA (WS FORM: F-6) , PAGE 2
STATION: CUSTER COUNTY AIRPORT SD
MONTH: DECEMBER
YEAR: 2022
LATITUDE: 43 43 N
LONGITUDE: 103 37 W
[TEMPERATURE DATA] [PRECIPITATION DATA] SYMBOLS USED IN COLUMN 16
AVERAGE MONTHLY: 21.9 TOTAL FOR MONTH: 0.31 1 = FOG OR MIST
DPTR FM NORMAL: -3.3 DPTR FM NORMAL: -0.17 2 = FOG REDUCING VISIBILITY
HIGHEST: 51 ON 11 GRTST 24HR 0.14 ON 13-13 TO 1/4 MILE OR LESS
LOWEST: -33 ON 22 3 = THUNDER
SNOW, ICE PELLETS, HAIL 4 = ICE PELLETS
TOTAL MONTH: M 5 = HAIL
GRTST 24HR M ON M 6 = FREEZING RAIN OR DRIZZLE
GRTST DEPTH: M ON M 7 = DUSTSTORM OR SANDSTORM:
VSBY 1/2 MILE OR LESS
8 = SMOKE OR HAZE
[NO. OF DAYS WITH] [WEATHER - DAYS WITH] 9 = BLOWING SNOW
X = TORNADO
MAX 32 OR BELOW: 12 0.01 INCH OR MORE: 4
MAX 90 OR ABOVE: 0 0.10 INCH OR MORE: 2
MIN 32 OR BELOW: 30 0.50 INCH OR MORE: 0
MIN 0 OR BELOW: 5 1.00 INCH OR MORE: 0
[HDD (BASE 65) ]
TOTAL THIS MO. 1328 CLEAR (SCALE 0-3) 20
DPTR FM NORMAL 94 PTCLDY (SCALE 4-7) 9
TOTAL FM JUL 1 3243 CLOUDY (SCALE 8-10) 2
DPTR FM NORMAL -63
[CDD (BASE 65) ]
TOTAL THIS MO. 0
DPTR FM NORMAL 0 [PRESSURE DATA]
TOTAL FM JAN 1 314 HIGHEST SLP 30.62 ON 23
DPTR FM NORMAL 105 LOWEST SLP 29.24 ON 28
[REMARKS]
#FINAL-12-22#