000
CXUS53 KUNR 010930
CF6CUT
PRELIMINARY LOCAL CLIMATOLOGICAL DATA (WS FORM: F-6)
STATION: CUSTER COUNTY AIRPORT SD
MONTH: MAY
YEAR: 2022
LATITUDE: 43 43 N
LONGITUDE: 103 37 W
TEMPERATURE IN F: :PCPN: SNOW: WIND :SUNSHINE: SKY :PK WND
================================================================================
1 2 3 4 5 6A 6B 7 8 9 10 11 12 13 14 15 16 17 18
12Z AVG MX 2MIN
DY MAX MIN AVG DEP HDD CDD WTR SNW DPTH SPD SPD DIR MIN PSBL S-S WX SPD DR
================================================================================
1 50 29 40 -3 25 0 0.00 M M 7.8 16 100 M M 4 22 110
2 43 29 36 -8 29 0 0.02 M M 6.2 14 110 M M 8 1 19 110
3 50 25 38 -6 27 0 0.00 M M 6.7 20 110 M M 1 34 120
4 48 37 43 -1 22 0 0.08 M M 2.7 10 110 M M 10 1 14 50
5 59 34 47 2 18 0 0.00 M M 3.5 10 110 M M 5 12 16 100
6 71 42 57 12 8 0 0.00 M M 5.7 20 270 M M 2 31 280
7 70 42 56 11 9 0 0.00 M M 7.0 25 270 M M 3 44 250
8 59 33 46 0 19 0 0.47 M M 5.3 17 200 M M 5 1 32 190
9 53 38 46 0 19 0 0.22 M M 13.9 41 270 M M 6 12 57 250
10 59 35 47 1 18 0 0.00 M M 6.6 17 120 M M 4 28 120
11 72 49 61 14 4 0 0.00 M M 7.3 29 300 M M 4 3 43 300
12 57 36 47 0 18 0 0.28 M M 13.8 33 270 M M 10 138 59 260
13 58 38 48 0 17 0 0.05 M M 13.5 31 270 M M 2 3 51 270
14 60 31 46 -2 19 0 0.12 M M 5.5 17 280 M M 2 3 31 270
15 62 38 50 2 15 0 0.02 M M 7.4 18 290 M M 1 27 280
16 75 36 56 7 9 0 0.15 M M 5.8 21 240 M M 1 138 35 240
17 69 46 58 9 7 0 0.00 M M 4.7 14 70 M M 3 3 20 60
18 69 42 56 7 9 0 0.00 M M 6.2 16 270 M M 2 22 280
19 64 34 49 -1 16 0 T M M 8.1 28 270 M M 4 8 42 260
20 41 27 34 -16 31 0 T M M 11.4 26 290 M M 5 8 44 310
21 43 25 34 -16 31 0 0.01 M M 7.7 25 280 M M 6 1 40 280
22 53 22 38 -13 27 0 0.00 M M 6.7 18 100 M M 2 35 110
23 47 33 40 -11 25 0 0.03 M M 3.2 10 210 M M 7 123 17 190
24 52 29 41 -10 24 0 0.00 M M 5.4 14 80 M M 4 19 60
25 60 32 46 -6 19 0 0.00 M M 4.1 14 90 M M 3 18 100
26 74 38 56 4 9 0 0.00 M M 6.3 20 270 M M 1 27 250
27 81 41 61 9 4 0 0.00 M M 7.1 26 270 M M 0 41 290
28 72 46 59 6 6 0 0.01 M M 7.3 18 250 M M 2 3 32 260
29 65 45 55 2 10 0 1.12 M M 5.4 20 240 M M 4 13 28 230
30 49 44 47 -6 18 0 0.50 M M 6.7 17 50 M M 10 1 27 50
31 49 34 42 -12 23 0 T M M 6.3 15 360 M M 8 22 360
================================================================================
SM 1834 1110 535 0 3.08 M 215.3 M 129
================================================================================
AV 59.2 35.8 6.9 FASTST M M 4 MAX(MPH)
MISC ----> 41 270 59 260
================================================================================
NOTES:
# LAST OF SEVERAL OCCURRENCES
COLUMN 17 PEAK WIND IN M.P.H.
PRELIMINARY LOCAL CLIMATOLOGICAL DATA (WS FORM: F-6) , PAGE 2
STATION: CUSTER COUNTY AIRPORT SD
MONTH: MAY
YEAR: 2022
LATITUDE: 43 43 N
LONGITUDE: 103 37 W
[TEMPERATURE DATA] [PRECIPITATION DATA] SYMBOLS USED IN COLUMN 16
AVERAGE MONTHLY: 47.5 TOTAL FOR MONTH: 3.08 1 = FOG OR MIST
DPTR FM NORMAL: -1.1 DPTR FM NORMAL: 0.11 2 = FOG REDUCING VISIBILITY
HIGHEST: 81 ON 27 GRTST 24HR 1.54 ON 29-30 TO 1/4 MILE OR LESS
LOWEST: 22 ON 22 3 = THUNDER
SNOW, ICE PELLETS, HAIL 4 = ICE PELLETS
TOTAL MONTH: M 5 = HAIL
GRTST 24HR M ON M 6 = FREEZING RAIN OR DRIZZLE
GRTST DEPTH: M ON M 7 = DUSTSTORM OR SANDSTORM:
VSBY 1/2 MILE OR LESS
8 = SMOKE OR HAZE
[NO. OF DAYS WITH] [WEATHER - DAYS WITH] 9 = BLOWING SNOW
X = TORNADO
MAX 32 OR BELOW: 0 0.01 INCH OR MORE: 14
MAX 90 OR ABOVE: 0 0.10 INCH OR MORE: 7
MIN 32 OR BELOW: 9 0.50 INCH OR MORE: 2
MIN 0 OR BELOW: 0 1.00 INCH OR MORE: 1
[HDD (BASE 65) ]
TOTAL THIS MO. 535 CLEAR (SCALE 0-3) 11
DPTR FM NORMAL 24 PTCLDY (SCALE 4-7) 15
TOTAL FM JUL 1 7606 CLOUDY (SCALE 8-10) 5
DPTR FM NORMAL -336
[CDD (BASE 65) ]
TOTAL THIS MO. 0
DPTR FM NORMAL -1 [PRESSURE DATA]
TOTAL FM JAN 1 0 HIGHEST SLP 30.40 ON 22
DPTR FM NORMAL -1 LOWEST SLP 29.29 ON 9
[REMARKS]
#FINAL-05-22#