000
CXUS54 KHGX 011510
CF6CXO
PRELIMINARY LOCAL CLIMATOLOGICAL DATA (WS FORM: F-6)
STATION: CONROE
MONTH: JANUARY
YEAR: 2024
LATITUDE: 30 21 N
LONGITUDE: 95 25 W
TEMPERATURE IN F: :PCPN: SNOW: WIND :SUNSHINE: SKY :PK WND
================================================================================
1 2 3 4 5 6A 6B 7 8 9 10 11 12 13 14 15 16 17 18
12Z AVG MX 2MIN
DY MAX MIN AVG DEP HDD CDD WTR SNW DPTH SPD SPD DIR MIN PSBL S-S WX SPD DR
================================================================================
1 57 40 49 -2 16 0 0.00 0.0 0 4.7 12 20 M M 5 1 18 20
2 55 38 47 -3 18 0 0.20 0.0 0 6.3 21 320 M M 7 1 32 290
3 57 35 46 -4 19 0 0.02 0.0 0 5.3 14 70 M M 5 1 24 100
4 62 32 47 -3 18 0 T 0.0 0 6.2 16 130 M M 2 1 24 100
5 57 37 47 -3 18 0 1.21 0.0 0 6.0 17 340 M M 6 1 25 350
6 60 32 46 -4 19 0 0.00 0.0 0 2.1 10 270 M M 3 12 18 260
7 63 31 47 -3 18 0 0.00 0.0 0 5.7 15 150 M M 2 1 22 170
8 73 48 61 11 4 0 0.39 0.0 0 9.4 28 320 M M 10 13 45 320
9 54 29 42 -8 23 0 0.00 0.0 0 12.0 29 280 M M 1 41 280
10 67 26 47 -3 18 0 0.00 0.0 0 5.8 24 210 M M 0 34 210
11 77 42 60 10 5 0 0.00 0.0 0 9.2 23 180 M M 7 12 35 200
12 70 28 49 -1 16 0 0.03 0.0 0 11.9 30 300 M M 3 1 48 320
13 63 25 44 -6 21 0 0.00 0.0 0 4.9 18 190 M M 0 26 190
14 46 27 37 -13 28 0 0.00 0.0 0 9.1 16 350 M M 9 22 350
15 27 23 25 -25 40 0 T T 0 10.4 20 360 M M 10 16 30 10
16 33 16 25 -26 40 0 0.00 0.0 0 9.8 18 330 M M 1 29 350
17 46 14 30 -21 35 0 0.00 0.0 0 6.0 15 160 M M 3 1 22 150
18 69 38 54 3 11 0 0.00 0.0 0 4.0 14 200 M M 7 12 19 200
19 53 32 43 -8 22 0 0.00 0.0 0 8.1 17 10 M M 0 27 350
20 46 27 37 -14 28 0 0.00 0.0 0 5.4 13 10 M M 1 8 20 60
21 41 33 37 -14 28 0 T 0.0 0 7.6 13 90 M M 10 1 19 80
22 62 38 50 -1 15 0 1.71 0.0 0 5.7 15 150 M M 10 1 22 90
23 67 62 65 14 0 0 1.30 0.0 0 7.5 15 140 M M 10 13 22 150
24 63 59 61 10 4 0 1.90 0.0 0 4.8 21 340 M M 10 13 31 350
25 64 52 58 7 7 0 0.55 0.0 0 6.0 15 320 M M 4 12 21 330
26 65 50 58 7 7 0 0.26 0.0 0 5.5 13 60 M M 10 12 18 70
27 58 42 50 -1 15 0 T 0.0 0 8.7 21 320 M M 8 1 30 330
28 63 36 50 -2 15 0 0.00 0.0 0 5.8 16 330 M M 2 1 23 340
29 69 31 50 -2 15 0 0.00 0.0 0 1.5 9 290 M M 0 13 290
30 74 38 56 4 9 0 0.00 0.0 0 3.2 14 260 M M 0 20 240
31 76 38 57 5 8 0 0.00 0.0 0 1.3 8 160 M M 0 11 290
================================================================================
SM 1837 1099 540 0 7.57 T 199.9 M 146
================================================================================
AV 59.3 35.5 6.4 FASTST M M 5 MAX(MPH)
MISC ----> 30 300 48 320
================================================================================
NOTES:
# LAST OF SEVERAL OCCURRENCES
COLUMN 17 PEAK WIND IN M.P.H.
PRELIMINARY LOCAL CLIMATOLOGICAL DATA (WS FORM: F-6) , PAGE 2
STATION: CONROE
MONTH: JANUARY
YEAR: 2024
LATITUDE: 30 21 N
LONGITUDE: 95 25 W
[TEMPERATURE DATA] [PRECIPITATION DATA] SYMBOLS USED IN COLUMN 16
AVERAGE MONTHLY: 47.4 TOTAL FOR MONTH: 7.57 1 = FOG OR MIST
DPTR FM NORMAL: -3.4 DPTR FM NORMAL: 3.32 2 = FOG REDUCING VISIBILITY
HIGHEST: 77 ON 11 GRTST 24HR 1.90 ON 24-24 TO 1/4 MILE OR LESS
LOWEST: 14 ON 17 3 = THUNDER
SNOW, ICE PELLETS, HAIL 4 = ICE PELLETS
TOTAL MONTH: T 5 = HAIL
GRTST 24HR T ON 15-15 6 = FREEZING RAIN OR DRIZZLE
GRTST DEPTH: 0 7 = DUSTSTORM OR SANDSTORM:
VSBY 1/2 MILE OR LESS
8 = SMOKE OR HAZE
[NO. OF DAYS WITH] [WEATHER - DAYS WITH] 9 = BLOWING SNOW
X = TORNADO
MAX 32 OR BELOW: 1 0.01 INCH OR MORE: 10
MAX 90 OR ABOVE: 0 0.10 INCH OR MORE: 8
MIN 32 OR BELOW: 14 0.50 INCH OR MORE: 5
MIN 0 OR BELOW: 0 1.00 INCH OR MORE: 4
[HDD (BASE 65) ]
TOTAL THIS MO. 540 CLEAR (SCALE 0-3) 15
DPTR FM NORMAL 89 PTCLDY (SCALE 4-7) 8
TOTAL FM JUL 1 1200 CLOUDY (SCALE 8-10) 8
DPTR FM NORMAL 54
[CDD (BASE 65) ]
TOTAL THIS MO. 0
DPTR FM NORMAL -11 [PRESSURE DATA]
TOTAL FM JAN 1 0 HIGHEST SLP 30.58 ON 20
DPTR FM NORMAL -11 LOWEST SLP 29.45 ON 8
[REMARKS]
#FINAL-01-24#