000
CXUS52 KMLB 010625
CF6DAB
PRELIMINARY LOCAL CLIMATOLOGICAL DATA (WS FORM: F-6)
STATION: DAYTONA BEACH
MONTH: MARCH
YEAR: 2021
LATITUDE: 29 10 N
LONGITUDE: 81 3 W
TEMPERATURE IN F: :PCPN: SNOW: WIND :SUNSHINE: SKY :PK WND
================================================================================
1 2 3 4 5 6A 6B 7 8 9 10 11 12 13 14 15 16 17 18
12Z AVG MX 2MIN
DY MAX MIN AVG DEP HDD CDD WTR SNW DPTH SPD SPD DIR MIN PSBL S-S WX SPD DR
================================================================================
1 87 69 78 16 0 13 T 0.0 0 7.8 18 10 M M 6 24 350
2 73 61 67 5 0 2 0.00 0.0 0 8.9 17 10 M M 9 1 24 20
3 73 55 64 1 1 0 0.06 0.0 0 10.2 23 320 M M 9 138 30 320
4 70 49 60 -3 5 0 T 0.0 0 7.5 15 20 M M 4 1 18 10
5 74 47 61 -2 4 0 0.00 0.0 0 5.8 16 30 M M 1 19 30
6 67 55 61 -2 4 0 0.05 0.0 0 13.7 28 20 M M 8 13 34 30
7 64 54 59 -4 6 0 T 0.0 0 16.5 29 10 M M 4 1 35 10
8 67 51 59 -4 6 0 0.00 0.0 0 16.2 23 20 M M 3 29 20
9 72 49 61 -2 4 0 0.00 0.0 0 7.4 16 30 M M 3 20 30
10 74 50 62 -2 3 0 0.00 0.0 0 7.3 18 70 M M 4 1 24 60
11 76 52 64 0 1 0 0.00 0.0 0 5.2 16 70 M M 2 1 24 90
12 77 53 65 1 0 0 0.00 0.0 0 3.8 14 60 M M 2 1 18 60
13 79 53 66 2 0 1 0.00 0.0 0 2.6 10 90 M M 4 18 14 80
14 81 54 68 4 0 3 0.00 0.0 0 3.5 16 70 M M 2 1 20 70
15 80 57 69 5 0 4 0.00 0.0 0 5.0 14 90 M M 4 1 19 70
16 85 60 73 9 0 8 0.00 0.0 0 5.4 15 230 M M 5 21 210
17 84 63 74 9 0 9 0.00 0.0 0 5.8 14 80 M M 2 1 20 70
18 88 63 76 11 0 11 0.00 0.0 0 13.4 25 240 M M 5 1 35 210
19 71 59 65 0 0 0 0.00 0.0 0 12.7 23 260 M M 2 29 260
20 62 53 58 -7 7 0 0.38 0.0 0 15.1 24 360 M M 9 1 32 340
21 60 52 56 -9 9 0 0.03 0.0 0 10.5 20 340 M M 10 1 29 350
22 68 60 64 -1 1 0 T 0.0 0 10.6 23 10 M M 10 18 31 10
23 76 62 69 4 0 4 0.05 0.0 0 5.5 15 30 M M 7 1 17 30
24 79 57 68 2 0 3 0.00 0.0 0 3.6 15 80 M M 5 1 18 80
25 88 60 74 8 0 9 0.00 0.0 0 6.4 15 200 M M 6 12 20 180
26 90 70 80 14 0 15 0.00 0.0 0 6.9 14 230 M M 6 20 240
27 87 67 77 11 0 12 0.00 0.0 0 6.4 13 100 M M 5 20 80
28 89 69 79 13 0 14 0.00 0.0 0 8.9 18 250 M M 6 24 260
29 73 65 69 3 0 4 0.00 0.0 0 8.8 18 20 M M 9 1 24 20
30 82 65 74 8 0 9 0.00 0.0 0 6.1 17 60 M M 7 22 80
31 88 69 79 12 0 14 0.33 0.0 0 6.4 14 320 M M 6 13 19 150
================================================================================
SM 2384 1803 51 135 0.90 0.0 253.9 M 165
================================================================================
AV 76.9 58.2 8.2 FASTST M M 5 MAX(MPH)
MISC ----> 29 10 # 35 10
================================================================================
NOTES:
# LAST OF SEVERAL OCCURRENCES
COLUMN 17 PEAK WIND IN M.P.H.
PRELIMINARY LOCAL CLIMATOLOGICAL DATA (WS FORM: F-6) , PAGE 2
STATION: DAYTONA BEACH
MONTH: MARCH
YEAR: 2021
LATITUDE: 29 10 N
LONGITUDE: 81 3 W
[TEMPERATURE DATA] [PRECIPITATION DATA] SYMBOLS USED IN COLUMN 16
AVERAGE MONTHLY: 67.5 TOTAL FOR MONTH: 0.90 1 = FOG OR MIST
DPTR FM NORMAL: 3.2 DPTR FM NORMAL: -3.34 2 = FOG REDUCING VISIBILITY
HIGHEST: 90 ON 26 GRTST 24HR 0.38 ON 20-20 TO 1/4 MILE OR LESS
LOWEST: 47 ON 5 3 = THUNDER
SNOW, ICE PELLETS, HAIL 4 = ICE PELLETS
TOTAL MONTH: 0.0 INCH 5 = HAIL
GRTST 24HR 0.0 6 = FREEZING RAIN OR DRIZZLE
GRTST DEPTH: 0 7 = DUSTSTORM OR SANDSTORM:
VSBY 1/2 MILE OR LESS
8 = SMOKE OR HAZE
[NO. OF DAYS WITH] [WEATHER - DAYS WITH] 9 = BLOWING SNOW
X = TORNADO
MAX 32 OR BELOW: 0 0.01 INCH OR MORE: 6
MAX 90 OR ABOVE: 1 0.10 INCH OR MORE: 2
MIN 32 OR BELOW: 0 0.50 INCH OR MORE: 0
MIN 0 OR BELOW: 0 1.00 INCH OR MORE: 0
[HDD (BASE 65) ]
TOTAL THIS MO. 51 CLEAR (SCALE 0-3) 8
DPTR FM NORMAL -46 PTCLDY (SCALE 4-7) 17
TOTAL FM JUL 1 615 CLOUDY (SCALE 8-10) 6
DPTR FM NORMAL -163
[CDD (BASE 65) ]
TOTAL THIS MO. 135
DPTR FM NORMAL 58 [PRESSURE DATA]
TOTAL FM JAN 1 256 HIGHEST SLP M ON M
DPTR FM NORMAL 114 LOWEST SLP 29.80 ON 18
[REMARKS]
#FINAL-03-21#