000
CXUS52 KMLB 010636
CF6DAB
PRELIMINARY LOCAL CLIMATOLOGICAL DATA (WS FORM: F-6)
STATION: DAYTONA BEACH
MONTH: MARCH
YEAR: 2020
LATITUDE: 29 10 N
LONGITUDE: 81 3 W
TEMPERATURE IN F: :PCPN: SNOW: WIND :SUNSHINE: SKY :PK WND
================================================================================
1 2 3 4 5 6A 6B 7 8 9 10 11 12 13 14 15 16 17 18
12Z AVG MX 2MIN
DY MAX MIN AVG DEP HDD CDD WTR SNW DPTH SPD SPD DIR MIN PSBL S-S WX SPD DR
================================================================================
1 67 38 53 -9 12 0 0.00 0.0 0 4.2 14 60 M M 2 17 60
2 77 49 63 1 2 0 0.00 0.0 0 6.2 18 170 M M 6 26 170
3 83 60 72 9 0 7 0.00 0.0 0 9.3 22 230 M M 5 29 240
4 86 62 74 11 0 9 0.00 0.0 0 6.5 17 250 M M 5 1 23 230
5 89 67 78 15 0 13 0.01 0.0 0 13.3 28 250 M M 6 1 35 260
6 73 55 64 1 1 0 T 0.0 0 11.4 21 310 M M 7 27 290
7 59 51 55 -8 10 0 0.00 0.0 0 15.8 26 20 M M 2 34 10
8 72 52 62 -1 3 0 0.00 0.0 0 10.4 18 70 M M 7 23 70
9 74 56 65 2 0 0 T 0.0 0 5.5 17 90 M M 6 26 100
10 78 60 69 5 0 4 0.00 0.0 0 4.1 14 150 M M 8 18 20 110
11 80 58 69 5 0 4 0.01 0.0 0 4.3 12 100 M M 5 1 16 260
12 77 60 69 5 0 4 0.00 0.0 0 4.2 13 70 M M 4 17 60
13 82 59 71 7 0 6 0.00 0.0 0 3.6 13 70 M M 4 1 17 50
14 83 60 72 8 0 7 0.00 0.0 0 2.8 13 80 M M 3 1 17 110
15 86 61 74 10 0 9 0.00 0.0 0 2.9 13 80 M M 4 1 18 120
16 79 64 72 8 0 7 0.00 0.0 0 6.2 14 80 M M 7 1 18 60
17 82 63 73 8 0 8 0.00 0.0 0 3.6 13 80 M M 7 1 17 80
18 83 63 73 8 0 8 0.00 0.0 0 5.1 16 90 M M 4 1 21 80
19 82 60 71 6 0 6 0.00 0.0 0 4.7 17 80 M M 2 1 22 90
20 83 61 72 7 0 7 0.00 0.0 0 4.6 15 70 M M 2 1 20 130
21 85 63 74 9 0 9 0.00 0.0 0 4.0 14 60 M M 4 1 18 220
22 85 63 74 9 0 9 0.00 0.0 0 4.6 13 110 M M 4 18 100
23 87 67 77 12 0 12 0.00 0.0 0 7.0 14 210 M M 5 18 240
24 88 63 76 10 0 11 0.00 0.0 0 5.6 18 250 M M 4 1 23 250
25 86 64 75 9 0 10 T 0.0 0 12.1 25 250 M M 4 1 33 250
26 82 66 74 8 0 9 0.00 0.0 0 7.1 14 90 M M 3 1 19 70
27 86 64 75 9 0 10 0.00 0.0 0 4.8 13 90 M M 3 1 17 80
28 89 65 77 11 0 12 0.00 0.0 0 6.5 15 180 M M 2 20 180
29 87 66 77 11 0 12 0.00 0.0 0 6.7 14 70 M M 2 18 190
30 89 66 78 12 0 13 0.00 0.0 0 3.9 14 80 M M 5 1 18 80
31 90 65 78 11 0 13 0.28 0.0 0 12.0 31 250 M M 8 13 38 250
================================================================================
SM 2529 1871 28 219 0.30 0.0 203.0 M 140
================================================================================
AV 81.6 60.4 6.5 FASTST M M 5 MAX(MPH)
MISC ----> 31 250 38 250
================================================================================
NOTES:
# LAST OF SEVERAL OCCURRENCES
COLUMN 17 PEAK WIND IN M.P.H.
PRELIMINARY LOCAL CLIMATOLOGICAL DATA (WS FORM: F-6) , PAGE 2
STATION: DAYTONA BEACH
MONTH: MARCH
YEAR: 2020
LATITUDE: 29 10 N
LONGITUDE: 81 3 W
[TEMPERATURE DATA] [PRECIPITATION DATA] SYMBOLS USED IN COLUMN 16
AVERAGE MONTHLY: 71.0 TOTAL FOR MONTH: 0.30 1 = FOG OR MIST
DPTR FM NORMAL: 6.7 DPTR FM NORMAL: -3.94 2 = FOG REDUCING VISIBILITY
HIGHEST: 90 ON 31 GRTST 24HR 0.28 ON 31-31 TO 1/4 MILE OR LESS
LOWEST: 38 ON 1 3 = THUNDER
SNOW, ICE PELLETS, HAIL 4 = ICE PELLETS
TOTAL MONTH: 0.0 INCH 5 = HAIL
GRTST 24HR 0.0 6 = FREEZING RAIN OR DRIZZLE
GRTST DEPTH: 0 7 = DUSTSTORM OR SANDSTORM:
VSBY 1/2 MILE OR LESS
8 = SMOKE OR HAZE
[NO. OF DAYS WITH] [WEATHER - DAYS WITH] 9 = BLOWING SNOW
X = TORNADO
MAX 32 OR BELOW: 0 0.01 INCH OR MORE: 3
MAX 90 OR ABOVE: 1 0.10 INCH OR MORE: 1
MIN 32 OR BELOW: 0 0.50 INCH OR MORE: 0
MIN 0 OR BELOW: 0 1.00 INCH OR MORE: 0
[HDD (BASE 65) ]
TOTAL THIS MO. 28 CLEAR (SCALE 0-3) 7
DPTR FM NORMAL -69 PTCLDY (SCALE 4-7) 24
TOTAL FM JUL 1 449 CLOUDY (SCALE 8-10) 0
DPTR FM NORMAL -329
[CDD (BASE 65) ]
TOTAL THIS MO. 219
DPTR FM NORMAL 142 [PRESSURE DATA]
TOTAL FM JAN 1 386 HIGHEST SLP M ON M
DPTR FM NORMAL 244 LOWEST SLP 29.66 ON 31
[REMARKS]
#FINAL-03-20#