000
CXUS51 KRNK 010742
CF6DAN
PRELIMINARY LOCAL CLIMATOLOGICAL DATA (WS FORM: F-6)
STATION: DANVILLE VA
MONTH: FEBRUARY
YEAR: 2022
LATITUDE: 36 34 N
LONGITUDE: 79 20 W
TEMPERATURE IN F: :PCPN: SNOW: WIND :SUNSHINE: SKY :PK WND
================================================================================
1 2 3 4 5 6A 6B 7 8 9 10 11 12 13 14 15 16 17 18
12Z AVG MX 2MIN
DY MAX MIN AVG DEP HDD CDD WTR SNW DPTH SPD SPD DIR MIN PSBL S-S WX SPD DR
================================================================================
1 48 25 37 -2 28 0 0.00 0.0 0 3.6 9 50 M M 2 12 50
2 55 21 38 -1 27 0 0.00 0.0 0 0.5 7 110 M M 1 11 80
3 50 41 46 7 19 0 0.61 0.0 0 2.0 7 40 M M 10 12 9 90
4 66 40 53 13 12 0 0.34 0.0 0 8.9 25 260 M M 10 1 35 270
5 40 23 32 -8 33 0 0.00 0.0 0 8.3 20 350 M M 2 26 340
6 41 19 30 -10 35 0 0.00 0.0 0 3.6 10 60 M M 0 14 40
7 36 22 29 -11 36 0 0.17 T 0 3.5 8 20 M M 8 1246 11 60
8 52 28 40 0 25 0 0.00 0.0 0 5.2 15 290 M M 4 12 20 270
9 58 24 41 1 24 0 0.00 0.0 0 4.1 15 240 M M 0 21 270
10 64 28 46 6 19 0 0.00 0.0 0 7.6 24 250 M M 0 31 240
11 69 27 48 7 17 0 0.00 0.0 0 5.4 22 230 M M 0 29 210
12 70 37 54 13 11 0 0.00 0.0 0 6.1 18 240 M M 2 26 240
13 49 27 38 -3 27 0 0.05 T 0 6.2 14 40 M M 5 1 20 350
14 46 22 34 -7 31 0 0.00 0.0 0 2.9 14 10 M M 4 12 17 30
15 49 17 33 -8 32 0 0.00 0.0 0 1.6 10 230 M M 0 14 250
16 63 24 44 2 21 0 0.00 0.0 0 2.9 15 230 M M 3 22 190
17 73 43 58 16 7 0 0.00 0.0 0 7.2 21 200 M M 5 32 200
18 68 30 49 7 16 0 0.46 0.0 0 11.0 26 260 M M 4 1 37 300
19 57 22 40 -2 25 0 0.00 0.0 0 8.0 26 310 M M 0 38 310
20 51 20 36 -6 29 0 0.00 0.0 0 3.6 12 220 M M 0 18 210
21 66 26 46 3 19 0 0.00 0.0 0 4.1 15 230 M M 2 20 230
22 69 53 61 18 4 0 0.18 0.0 0 5.8 14 210 M M 9 1 24 200
23 71 52 62 19 3 0 0.38 0.0 0 5.0 13 250 M M 6 1 16 260
24 57 36 47 4 18 0 0.41 0.0 0 8.0 16 40 M M 8 1 21 60
25 68 35 52 8 13 0 0.00 0.0 0 6.9 16 320 M M 6 1 22 320
26 47 37 42 -2 23 0 T 0.0 0 4.3 12 350 M M 4 14 350
27 46 31 39 -5 26 0 T 0.0 0 4.6 10 230 M M 6 1 14 230
28 58 26 42 -2 23 0 0.00 0.0 0 2.3 9 20 M M 0 1 14 70
================================================================================
SM 1587 836 603 0 2.60 T 143.2 M 101
================================================================================
AV 56.7 29.9 5.1 FASTST M M 4 MAX(MPH)
MISC ----> # 26 260 38 310
================================================================================
NOTES:
# LAST OF SEVERAL OCCURRENCES
COLUMN 17 PEAK WIND IN M.P.H.
PRELIMINARY LOCAL CLIMATOLOGICAL DATA (WS FORM: F-6) , PAGE 2
STATION: DANVILLE VA
MONTH: FEBRUARY
YEAR: 2022
LATITUDE: 36 34 N
LONGITUDE: 79 20 W
[TEMPERATURE DATA] [PRECIPITATION DATA] SYMBOLS USED IN COLUMN 16
AVERAGE MONTHLY: 43.3 TOTAL FOR MONTH: 2.60 1 = FOG OR MIST
DPTR FM NORMAL: 1.8 DPTR FM NORMAL: -0.13 2 = FOG REDUCING VISIBILITY
HIGHEST: 73 ON 17 GRTST 24HR 0.61 ON 3- 3 TO 1/4 MILE OR LESS
LOWEST: 17 ON 15 3 = THUNDER
SNOW, ICE PELLETS, HAIL 4 = ICE PELLETS
TOTAL MONTH: T 5 = HAIL
GRTST 24HR T ON 7- 7 6 = FREEZING RAIN OR DRIZZLE
GRTST DEPTH: 0 7 = DUSTSTORM OR SANDSTORM:
VSBY 1/2 MILE OR LESS
8 = SMOKE OR HAZE
[NO. OF DAYS WITH] [WEATHER - DAYS WITH] 9 = BLOWING SNOW
X = TORNADO
MAX 32 OR BELOW: 0 0.01 INCH OR MORE: 8
MAX 90 OR ABOVE: 0 0.10 INCH OR MORE: 7
MIN 32 OR BELOW: 19 0.50 INCH OR MORE: 1
MIN 0 OR BELOW: 0 1.00 INCH OR MORE: 0
[HDD (BASE 65) ]
TOTAL THIS MO. 603 CLEAR (SCALE 0-3) 14
DPTR FM NORMAL -57 PTCLDY (SCALE 4-7) 9
TOTAL FM JUL 1 2640 CLOUDY (SCALE 8-10) 5
DPTR FM NORMAL -347
[CDD (BASE 65) ]
TOTAL THIS MO. 0
DPTR FM NORMAL -1 [PRESSURE DATA]
TOTAL FM JAN 1 5 HIGHEST SLP M ON M
DPTR FM NORMAL 5 LOWEST SLP 29.59 ON 18
[REMARKS]
#FINAL-02-22#