000
CXUS51 KRNK 011010 CCA
CF6DAN
PRELIMINARY LOCAL CLIMATOLOGICAL DATA (WS FORM: F-6)
STATION: DANVILLE VA
MONTH: DECEMBER
YEAR: 2023
LATITUDE: 36 34 N
LONGITUDE: 79 20 W
TEMPERATURE IN F: :PCPN: SNOW: WIND :SUNSHINE: SKY :PK WND
================================================================================
1 2 3 4 5 6A 6B 7 8 9 10 11 12 13 14 15 16 17 18
12Z AVG MX 2MIN
DY MAX MIN AVG DEP HDD CDD WTR SNW DPTH SPD SPD DIR MIN PSBL S-S WX SPD DR
================================================================================
1 49 30 40 -4 25 0 0.04 0.0 0 1.9 7 240 M M 7 1 10 240
2 61 48 55 11 10 0 0.02 0.0 0 1.0 7 230 M M 10 12 10 220
3 68 46 57 14 8 0 0.06 0.0 0 6.0 16 230 M M 6 12 25 230
4 62 36 49 6 16 0 0.00 0.0 0 4.0 13 250 M M 1 17 270
5 55 30 43 0 22 0 T 0.0 0 2.3 7 190 M M 3 11 110
6 51 28 40 -3 25 0 0.01 0.0 0 6.2 21 320 M M 3 1 32 330
7 54 25 40 -2 25 0 0.00 0.0 0 7.1 17 240 M M 1 24 230
8 65 30 48 6 17 0 0.00 0.0 0 3.3 9 240 M M 0 16 240
9 63 33 48 6 17 0 T 0.0 0 3.7 12 250 M M 5 18 200
10 62 39 51 9 14 0 2.09 0.0 0 4.6 23 330 M M 9 1 39 330
11 47 26 37 -5 28 0 0.32 T 0 6.9 16 320 M M 5 1 24 340
12 49 21 35 -7 30 0 0.00 0.0 0 3.0 10 240 M M 0 1 16 210
13 59 26 43 2 22 0 0.00 0.0 0 4.2 13 360 M M 0 17 340
14 51 24 38 -3 27 0 0.00 0.0 0 1.0 6 270 M M 0 10 90
15 60 23 42 1 23 0 0.00 0.0 0 1.7 6 250 M M 0 8 230
16 55 25 40 -1 25 0 0.00 0.0 0 1.5 8 60 M M 0 12 70
17 52 42 47 6 18 0 1.74 0.0 0 9.4 21 350 M M 9 1 30 10
18 55 34 45 4 20 0 0.00 0.0 0 13.0 29 330 M M 3 40 320
19 44 26 35 -5 30 0 0.00 0.0 0 8.9 17 340 M M 0 27 320
20 49 20 35 -5 30 0 0.00 0.0 0 1.0 7 250 M M 0 11 300
21 54 22 38 -2 27 0 0.00 0.0 0 0.9 6 220 M M 0 7 210
22 56 27 42 2 23 0 0.00 0.0 0 1.8 7 60 M M 3 9 320
23 59 32 46 6 19 0 0.00 0.0 0 1.3 8 230 M M 5 13 210
24 67 32 50 10 15 0 0.00 0.0 0 1.0 8 240 M M 4 12 230
25 60 38 49 9 16 0 T 0.0 0 4.8 10 70 M M 7 16 60
26 55 48 52 12 13 0 0.90 0.0 0 7.4 13 50 M M 10 1 18 70
27 60 48 54 15 11 0 0.38 0.0 0 4.6 14 60 M M 9 12 17 50
28 58 35 47 8 18 0 0.00 0.0 0 3.7 10 240 M M 4 12 15 230
29 51 30 41 2 24 0 0.04 0.0 0 3.9 17 280 M M 6 1 23 300
30 49 25 37 -2 28 0 0.00 0.0 0 5.8 20 250 M M 4 26 270
31 52 24 38 -1 27 0 0.00 0.0 0 3.5 10 230 M M 0 17 250
================================================================================
SM 1732 973 653 0 5.60 T 129.4 M 114
================================================================================
AV 55.9 31.4 4.2 FASTST M M 4 MAX(MPH)
MISC ----> 29 330 40 320
================================================================================
NOTES:
# LAST OF SEVERAL OCCURRENCES
COLUMN 17 PEAK WIND IN M.P.H.
PRELIMINARY LOCAL CLIMATOLOGICAL DATA (WS FORM: F-6) , PAGE 2
STATION: DANVILLE VA
MONTH: DECEMBER
YEAR: 2023
LATITUDE: 36 34 N
LONGITUDE: 79 20 W
[TEMPERATURE DATA] [PRECIPITATION DATA] SYMBOLS USED IN COLUMN 16
AVERAGE MONTHLY: 43.6 TOTAL FOR MONTH: 5.60 1 = FOG OR MIST
DPTR FM NORMAL: 2.6 DPTR FM NORMAL: 2.54 2 = FOG REDUCING VISIBILITY
HIGHEST: 68 ON 3 GRTST 24HR 2.41 ON 10-11 TO 1/4 MILE OR LESS
LOWEST: 20 ON 20 3 = THUNDER
SNOW, ICE PELLETS, HAIL 4 = ICE PELLETS
TOTAL MONTH: T 5 = HAIL
GRTST 24HR T ON 11-11 6 = FREEZING RAIN OR DRIZZLE
GRTST DEPTH: 0 7 = DUSTSTORM OR SANDSTORM:
VSBY 1/2 MILE OR LESS
8 = SMOKE OR HAZE
[NO. OF DAYS WITH] [WEATHER - DAYS WITH] 9 = BLOWING SNOW
X = TORNADO
MAX 32 OR BELOW: 0 0.01 INCH OR MORE: 10
MAX 90 OR ABOVE: 0 0.10 INCH OR MORE: 5
MIN 32 OR BELOW: 20 0.50 INCH OR MORE: 3
MIN 0 OR BELOW: 0 1.00 INCH OR MORE: 2
[HDD (BASE 65) ]
TOTAL THIS MO. 653 CLEAR (SCALE 0-3) 16
DPTR FM NORMAL -90 PTCLDY (SCALE 4-7) 10
TOTAL FM JUL 1 1367 CLOUDY (SCALE 8-10) 5
DPTR FM NORMAL -138
[CDD (BASE 65) ]
TOTAL THIS MO. 0
DPTR FM NORMAL 0 [PRESSURE DATA]
TOTAL FM JAN 1 1238 HIGHEST SLP 30.77 ON 14
DPTR FM NORMAL -145 LOWEST SLP 29.35 ON 18
[REMARKS]
#FINAL-12-23#