000
CXUS53 KDVN 010836
CLMDBQ
CLIMATE REPORT
NATIONAL WEATHER SERVICE QUAD CITIES IA IL
336 AM CDT TUE AUG 01 2023
...................................
...THE DUBUQUE IA CLIMATE SUMMARY FOR THE MONTH OF JULY 2023...
CLIMATE NORMAL PERIOD 1991 TO 2020
CLIMATE RECORD PERIOD 1873 TO 2023
WEATHER OBSERVED NORMAL DEPART LAST YEAR`S
VALUE DATE(S) VALUE FROM VALUE
NORMAL
..............................................................
TEMPERATURE (F)
RECORD
HIGH 110 07/14/1936
LOW 40 07/09/1895
HIGHEST 93 07/26 82 11
LOWEST 51 07/07 62 -11
AVG. MAXIMUM 82.7 81.5 1.2
AVG. MINIMUM 61.0 62.0 -1.0
MEAN 71.9 71.7 0.2
DAYS MAX >= 90 3 2.6 0.4
DAYS MAX <= 32 0 0.0 0.0
DAYS MIN <= 32 0 0.0 0.0
DAYS MIN <= 0 0 0.0 0.0
PRECIPITATION (INCHES)
RECORD
MAXIMUM 16.01 2011
MINIMUM 0.02 1894
TOTALS 4.27 4.80 -0.53
DAILY AVG. 0.14 0.15 -0.01
DAYS >= .01 10 9.7 0.3
DAYS >= .10 4
DAYS >= .50 2
DAYS >= 1.00 2 1.3 0.7
GREATEST
24 HR. TOTAL 2.53 07/28 TO 07/28
SNOWFALL (INCHES)
RECORDS
TOTAL MM MM
TOTALS 0.0 0.0 0.0
SINCE 7/1 0.0 0.0 0.0
SNOWDEPTH AVG. 0
DAYS >= TRACE 0 0.0 0.0
DAYS >= 1.0 0 0.0 0.0
GREATEST
SNOW DEPTH 0
24 HR TOTAL MM
DEGREE DAYS
HEATING TOTAL 2 8 -6
SINCE 7/1 2 0 2
COOLING TOTAL 224 217 7
SINCE 1/1 461 401 60
..............................................................
WIND (MPH)
AVERAGE WIND SPEED 6.5
HIGHEST WIND SPEED/DIRECTION 46/250 DATE 07/28
HIGHEST GUST SPEED/DIRECTION 69/230 DATE 07/28
SKY COVER
POSSIBLE SUNSHINE (PERCENT) MM
AVERAGE SKY COVER 0.24
NUMBER OF DAYS FAIR 23
NUMBER OF DAYS PC 7
NUMBER OF DAYS CLOUDY 1
AVERAGE RH (PERCENT) 72
WEATHER CONDITIONS. NUMBER OF DAYS WITH
THUNDERSTORM 6 HAIL 0
SLEET 0 FOG 17
FOG W/VIS <= 1/4 MILE 1 HAZE 7
- INDICATES NEGATIVE NUMBERS.
R INDICATES RECORD WAS SET OR TIED.
MM INDICATES DATA IS MISSING.
T INDICATES TRACE AMOUNT.
$$