000
CXUS53 KDDC 011506
CF6DDC
PRELIMINARY LOCAL CLIMATOLOGICAL DATA (WS FORM: F-6)
STATION: DODGE CITY KS
MONTH: MAY
YEAR: 2022
LATITUDE: 37 46 N
LONGITUDE: 99 58 W
TEMPERATURE IN F: :PCPN: SNOW: WIND :SUNSHINE: SKY :PK WND
================================================================================
1 2 3 4 5 6A 6B 7 8 9 10 11 12 13 14 15 16 17 18
12Z AVG MX 2MIN
DY MAX MIN AVG DEP HDD CDD WTR SNW DPTH SPD SPD DIR MIN PSBL S-S WX SPD DR
================================================================================
1 75 37 56 -3 9 0 T 0.0 0 12.9 32 140 M M 1 44 130
2 61 37 49 -10 16 0 0.21 0.0 0 20.8 33 360 M M 9 13 47 320
3 59 37 48 -12 17 0 0.00 0.0 0 11.4 20 360 M M 6 18 25 350
4 50 44 47 -13 18 0 0.04 0.0 0 14.3 26 50 M M 9 1 34 40
5 56 41 49 -11 16 0 0.07 0.0 0 10.8 20 360 M M 8 1 26 340
6 83 36 60 -1 5 0 0.00 0.0 0 10.4 20 160 M M 0 1 27 200
7 85 51 68 7 0 3 T 0.0 0 21.6 35 150 M M 2 1 46 140
8 87 59 73 11 0 8 0.00 0.0 0 14.3 31 180 M M 4 18 42 170
9 99 65 82 20 0 17 0.00 0.0 0 16.6 30 210 M M 0 41 210
10 94 49 72 10 0 7 0.00 0.0 0 11.3 46 190 M M 0 8 63 190
11 91 63 77 14 0 12 T 0.0 0 23.0 52 190 M M 1 8 76 190
12 92 62 77 14 0 12 T 0.0 0 20.0 33 170 M M 0 46 350
13 84 47 66 2 0 1 0.00 0.0 0 12.9 29 50 M M 0 40 50
14 91 55 73 9 0 8 0.00 0.0 0 9.3 21 150 M M 2 1238 27 150
15 85 51 68 4 0 3 0.00 0.0 0 12.3 31 20 M M 0 1 41 20
16 85 49 67 2 0 2 0.00 0.0 0 12.4 24 160 M M 0 1 31 160
17 94 61 78 13 0 13 0.00 0.0 0 15.0 37 40 M M 0 8 49 40
18 90 56 73 7 0 8 0.08 0.0 0 11.1 43 280 M M 1 38 60 270
19 95 60 78 12 0 13 0.03 0.0 0 16.5 29 210 M M 1 43 170
20 76 48 62 -4 3 0 0.00 0.0 0 20.8 39 360 M M 0 54 350
21 58 42 50 -17 15 0 0.00 0.0 0 16.3 28 20 M M 6 35 20
22 70 38 54 -13 11 0 0.00 0.0 0 6.8 17 120 M M 4 26 140
23 61 45 53 -15 12 0 0.05 0.0 0 13.7 26 130 M M 7 18 36 140
24 53 48 51 -17 14 0 0.49 0.0 0 17.6 25 350 M M 10 1 35 360
25 53 46 50 -18 15 0 0.31 0.0 0 16.5 29 350 M M 8 1 41 350
26 80 46 63 -6 2 0 0.00 0.0 0 15.0 25 360 M M 0 36 340
27 92 50 71 2 0 6 0.00 0.0 0 16.8 30 170 M M 0 3 41 190
28 98 63 81 11 0 16 T 0.0 0 18.4 32 160 M M 0 3 45 190
29 100 74 87 17 0 22 0.00 0.0 0 24.4 40 170 M M 1 8 59 170
30 91 59 75 5 0 10 0.00 0.0 0 20.5 39 170 M M 0 8 57 170
31 82 58 70 -1 0 5 0.00 0.0 0 15.5 26 40 M M 4 35 40
================================================================================
SM 2470 1577 153 166 1.28 0.0 479.2 M 84
================================================================================
AV 79.7 50.9 15.5 FASTST M M 3 MAX(MPH)
MISC ----> 52 190 76 190
================================================================================
NOTES:
# LAST OF SEVERAL OCCURRENCES
COLUMN 17 PEAK WIND IN M.P.H.
PRELIMINARY LOCAL CLIMATOLOGICAL DATA (WS FORM: F-6) , PAGE 2
STATION: DODGE CITY KS
MONTH: MAY
YEAR: 2022
LATITUDE: 37 46 N
LONGITUDE: 99 58 W
[TEMPERATURE DATA] [PRECIPITATION DATA] SYMBOLS USED IN COLUMN 16
AVERAGE MONTHLY: 65.3 TOTAL FOR MONTH: 1.28 1 = FOG OR MIST
DPTR FM NORMAL: 0.5 DPTR FM NORMAL: -1.71 2 = FOG REDUCING VISIBILITY
HIGHEST: 100 ON 29 GRTST 24HR 0.52 ON 23-24 TO 1/4 MILE OR LESS
LOWEST: 36 ON 6 3 = THUNDER
SNOW, ICE PELLETS, HAIL 4 = ICE PELLETS
TOTAL MONTH: 0.0 INCH 5 = HAIL
GRTST 24HR 0.0 6 = FREEZING RAIN OR DRIZZLE
GRTST DEPTH: 0 7 = DUSTSTORM OR SANDSTORM:
VSBY 1/2 MILE OR LESS
8 = SMOKE OR HAZE
[NO. OF DAYS WITH] [WEATHER - DAYS WITH] 9 = BLOWING SNOW
X = TORNADO
MAX 32 OR BELOW: 0 0.01 INCH OR MORE: 8
MAX 90 OR ABOVE: 12 0.10 INCH OR MORE: 3
MIN 32 OR BELOW: 0 0.50 INCH OR MORE: 0
MIN 0 OR BELOW: 0 1.00 INCH OR MORE: 0
[HDD (BASE 65) ]
TOTAL THIS MO. 153 CLEAR (SCALE 0-3) 20
DPTR FM NORMAL 37 PTCLDY (SCALE 4-7) 6
TOTAL FM JUL 1 4532 CLOUDY (SCALE 8-10) 5
DPTR FM NORMAL -273
[CDD (BASE 65) ]
TOTAL THIS MO. 166
DPTR FM NORMAL 58 [PRESSURE DATA]
TOTAL FM JAN 1 194 HIGHEST SLP 30.42 ON 22
DPTR FM NORMAL 66 LOWEST SLP 29.14 ON 20
[REMARKS]
#FINAL-05-22#