000
CXUS51 KALY 011500
CLADDH
CLIMATE REPORT
NATIONAL WEATHER SERVICE ALBANY NY
1000 AM EST SAT JAN 01 2022
...................................
...THE BENNINGTON VT CLIMATE SUMMARY FOR THE YEAR OF 2021...
CLIMATE NORMAL PERIOD: 1991 TO 2020
CLIMATE RECORD PERIOD: 9999 TO 9999
WEATHER OBSERVED NORMAL DEPART LAST YEAR`S
VALUE DATE(S) VALUE FROM VALUE DATE(S)
NORMAL
................................................................
TEMPERATURE (F)
HIGHEST 91 06/28 92 07/19
06/29
07/27
LOWEST -14 01/30 -9 02/15
12/19
AVG. MAXIMUM 58.5 57.5 1.0 59.4
AVG. MINIMUM 38.2 35.8 2.4 38.1
MEAN 48.4 46.7 1.7 48.7
DAYS MAX >= 90 2 3.3 -1.3 6
DAYS MAX <= 32 47 46.2 0.8 26
DAYS MIN <= 32 141 151.8 -10.8 144
DAYS MIN <= 0 6 11.1 -5.1 7
PRECIPITATION (INCHES)
TOTALS 45.13 38.58 6.55 36.94
DAILY AVG. 0.12 0.10
DAYS >= .01 150
DAYS >= .10 90
DAYS >= .50 32
DAYS >= 1.00 10
GREATEST
24 HR. TOTAL 2.32 07/30 TO 07/30
DEGREE DAYS
HEATING TOTAL 6434 7019 -585 6406
SINCE 7/1 2254 2640 -386 2378
COOLING TOTAL 514 371 143 575
SINCE 1/1 514 371 143 575
................................................................
WIND (MPH)
AVERAGE WIND SPEED 4.6
HIGHEST WIND SPEED/DIRECTION 33/290 DATE 03/01
HIGHEST GUST SPEED/DIRECTION 47/300 DATE 12/11
WEATHER CONDITIONS. NUMBER OF DAYS WITH
THUNDERSTORM 29 MIXED PRECIP 0
HEAVY RAIN 40 RAIN 65
LIGHT RAIN 150 FREEZING RAIN 2
LT FREEZING RAIN 5 HAIL 0
HEAVY SNOW 1 SNOW 7
LIGHT SNOW 66 SLEET 0
FOG 218 FOG W/VIS <= 1/4 MILE 39
HAZE 64
- INDICATES NEGATIVE NUMBERS.
R INDICATES RECORD WAS SET OR TIED.
MM INDICATES DATA IS MISSING.
T INDICATES TRACE AMOUNT.
$$