000
CXUS55 KBOU 012241 CCA
CF6DEN
PRELIMINARY LOCAL CLIMATOLOGICAL DATA (WS FORM: F-6)
STATION: DENVER CO
MONTH: JUNE
YEAR: 2023
LATITUDE: 39 52 N
LONGITUDE: 104 40 W
TEMPERATURE IN F: :PCPN: SNOW: WIND :SUNSHINE: SKY :PK WND
================================================================================
1 2 3 4 5 6A 6B 7 8 9 10 11 12 13 14 15 16 17 18
12Z AVG MX 2MIN
DY MAX MIN AVG DEP HDD CDD WTR SNW DPTH SPD SPD DIR MIN PSBL S-S WX SPD DR
================================================================================
1 71 48 60 -4 5 0 0.05 0.0 0 8.0 21 120 M M 8 13 28 140
2 70 51 61 -3 4 0 0.09 0.0 0 8.7 24 310 M M 7 13 32 310
3 61 52 57 -7 8 0 0.31 0.0 0 4.7 14 30 M M 9 1 18 250
4 59 52 56 -9 9 0 1.36 0.0 0 7.1 18 260 M M 9 13 22 270
5 70 52 61 -4 4 0 0.00 0.0 0 8.9 17 110 M M 7 3 23 130
6 77 51 64 -1 1 0 T 0.0 0 8.1 18 270 M M 5 3 27 270
7 76 50 63 -3 2 0 0.00 0.0 0 8.4 24 200 M M 7 33 170
8 78 54 66 0 0 1 0.22 0.0 0 7.2 38 230 M M 7 3 52 240
9 79 53 66 0 0 1 0.06 0.0 0 9.6 33 230 M M 7 3 43 230
10 75 51 63 -3 2 0 0.00 0.0 0 7.0 21 10 M M 5 3 26 10
11 65 50 58 -9 7 0 0.08 0.0 0 6.8 20 120 M M 8 13 24 120
12 65 51 58 -9 7 0 0.25 0.0 0 9.7 23 250 M M 8 35 30 180
13 66 49 58 -10 7 0 0.07 0.0 0 6.4 17 300 M M 8 23 300
14 77 47 62 -6 3 0 0.00 0.0 0 8.3 21 210 M M 4 3 29 220
15 76 55 66 -2 0 1 0.28 0.0 0 8.8 22 30 M M 8 13 28 20
16 60 51 56 -12 9 0 0.57 0.0 M 7.5 16 40 M M 8 13 20 40
17 72 47 60 -9 5 0 0.00 0.0 0 5.1 24 280 M M 6 1 31 280
18 83 52 68 -1 0 3 0.00 0.0 0 11.5 20 180 M M 4 24 170
19 87 58 73 4 0 8 0.00 0.0 M 13.1 23 200 M M 2 35 190
20 85 59 72 2 0 7 0.00 0.0 M 8.2 17 70 M M 3 22 80
21 83 53 68 -2 0 3 1.85 0.0 0 12.2 33 110 M M 5 1358 44 110
22 75 57 66 -4 0 1 0.16 0.0 0 13.7 29 90 M M 7 138 37 110
23 84 54 69 -2 0 4 0.00 0.0 0 9.4 29 330 M M 3 18 38 330
24 82 50 66 -5 0 1 0.00 0.0 0 10.0 22 80 M M 1 31 80
25 80 50 65 -6 0 0 0.00 0.0 0 8.9 17 110 M M 2 24 100
26 86 53 70 -2 0 5 0.00 0.0 0 10.3 22 110 M M 1 30 150
27 92 59 76 4 0 11 0.00 0.0 0 11.4 26 200 M M 4 37 210
28 83 61 72 0 0 7 0.00 0.0 0 8.4 17 40 M M 4 3 25 100
29 81 57 69 -3 0 4 0.64 0.0 0 13.3 40 80 M M 7 13 51 70
30 70 54 62 -11 3 0 0.11 0.0 0 8.1 36 60 M M 7 13 42 60
================================================================================
SM 2268 1581 76 57 6.10 0.0 268.8 M 171
================================================================================
AV 75.6 52.7 9.0 FASTST M M 6 MAX(MPH)
MISC ----> 40 80 52 240
================================================================================
NOTES:
# LAST OF SEVERAL OCCURRENCES
COLUMN 17 PEAK WIND IN M.P.H.
PRELIMINARY LOCAL CLIMATOLOGICAL DATA (WS FORM: F-6) , PAGE 2
STATION: DENVER CO
MONTH: JUNE
YEAR: 2023
LATITUDE: 39 52 N
LONGITUDE: 104 40 W
[TEMPERATURE DATA] [PRECIPITATION DATA] SYMBOLS USED IN COLUMN 16
AVERAGE MONTHLY: 64.2 TOTAL FOR MONTH: 6.10 1 = FOG OR MIST
DPTR FM NORMAL: -4.0 DPTR FM NORMAL: 4.16 2 = FOG REDUCING VISIBILITY
HIGHEST: 92 ON 27 GRTST 24HR 1.89 ON 21-22 TO 1/4 MILE OR LESS
LOWEST: 47 ON 14,17 3 = THUNDER
SNOW, ICE PELLETS, HAIL 4 = ICE PELLETS
TOTAL MONTH: 0.0 INCH 5 = HAIL
GRTST 24HR 0.0 6 = FREEZING RAIN OR DRIZZLE
GRTST DEPTH: 0 7 = DUSTSTORM OR SANDSTORM:
VSBY 1/2 MILE OR LESS
8 = SMOKE OR HAZE
[NO. OF DAYS WITH] [WEATHER - DAYS WITH] 9 = BLOWING SNOW
X = TORNADO
MAX 32 OR BELOW: 0 0.01 INCH OR MORE: 15
MAX 90 OR ABOVE: 1 0.10 INCH OR MORE: 10
MIN 32 OR BELOW: 0 0.50 INCH OR MORE: 4
MIN 0 OR BELOW: 0 1.00 INCH OR MORE: 2
[HDD (BASE 65) ]
TOTAL THIS MO. 76 CLEAR (SCALE 0-3) 7
DPTR FM NORMAL 24 PTCLDY (SCALE 4-7) 15
TOTAL FM JUL 1 6193 CLOUDY (SCALE 8-10) 8
DPTR FM NORMAL 331
[CDD (BASE 65) ]
TOTAL THIS MO. 57
DPTR FM NORMAL -90 [PRESSURE DATA]
TOTAL FM JAN 1 66 HIGHEST SLP M ON M
DPTR FM NORMAL -108 LOWEST SLP 29.53 ON 27
[REMARKS]
#FINAL-06-23#